45.155.205.84 - - [01/May/2021:13:54:56 -0500] "GET /wp-content/plugins/wp-file-manager/readme.txt HTTP/1.1" 404 571 "http://134.29.175.74:80/wp-content/plugins/wp-file-manager/readme.txt" "Mozilla/5.0 (Windows NT 10.0; Win64; x64) AppleWebKit/537.36 (KHTML, like Gecko) Chrome/78.0.3904.108 Safari/537.36"
45.155.205.84 - - [01/May/2021:13:54:56 -0500] "GET /?XDEBUG_SESSION_START=phpstorm HTTP/1.1" 200 12396 "http://134.29.175.74:80/?XDEBUG_SESSION_START=phpstorm" "Mozilla/5.0 (Windows NT 10.0; Win64; x64) AppleWebKit/537.36 (KHTML, like Gecko) Chrome/78.0.3904.108 Safari/537.36"
45.155.205.84 - - [01/May/2021:13:54:57 -0500] "GET /Autodiscover/Autodiscover.xml HTTP/1.1" 404 571 "http://134.29.175.74:80/Autodiscover/Autodiscover.xml" "Mozilla/5.0 (Windows NT 10.0; Win64; x64) AppleWebKit/537.36 (KHTML, like Gecko) Chrome/78.0.3904.108 Safari/537.36"
45.155.205.84 - - [01/May/2021:13:54:57 -0500] "GET /_ignition/execute-solution HTTP/1.1" 404 571 "http://134.29.175.74:80/_ignition/execute-solution" "Mozilla/5.0 (Windows NT 10.0; Win64; x64) AppleWebKit/537.36 (KHTML, like Gecko) Chrome/78.0.3904.108 Safari/537.36"
45.155.205.84 - - [01/May/2021:13:54:58 -0500] "GET /console/ HTTP/1.1" 404 571 "http://134.29.175.74:80/console/" "Mozilla/5.0 (Windows NT 10.0; Win64; x64) AppleWebKit/537.36 (KHTML, like Gecko) Chrome/78.0.3904.108 Safari/537.36"
45.155.205.84 - - [01/May/2021:13:54:58 -0500] "GET /api/jsonws/invoke HTTP/1.1" 404 571 "http://134.29.175.74:80/api/jsonws/invoke" "Mozilla/5.0 (Windows NT 10.0; Win64; x64) AppleWebKit/537.36 (KHTML, like Gecko) Chrome/78.0.3904.108 Safari/537.36"
45.155.205.84 - - [01/May/2021:13:54:58 -0500] "GET /vendor/phpunit/phpunit/src/Util/PHP/eval-stdin.php HTTP/1.1" 404 36 "http://134.29.175.74:80/vendor/phpunit/phpunit/src/Util/PHP/eval-stdin.php" "Mozilla/5.0 (Windows NT 10.0; Win64; x64) AppleWebKit/537.36 (KHTML, like Gecko) Chrome/78.0.3904.108 Safari/537.36"
45.155.205.84 - - [01/May/2021:13:54:59 -0500] "GET /vendor/phpunit/phpunit/src/Util/PHP/eval-stdin.php HTTP/1.1" 404 36 "http://134.29.175.74:80/vendor/phpunit/phpunit/src/Util/PHP/eval-stdin.php" "Mozilla/5.0 (Windows NT 10.0; Win64; x64) AppleWebKit/537.36 (KHTML, like Gecko) Chrome/78.0.3904.108 Safari/537.36"
207.46.13.66 - - [01/May/2021:13:57:11 -0500] "GET /jeffpolman/cst1701/resources/1701%20for%20students/router%20commands%20briefly%20explained.docx HTTP/1.1" 404 169 "-" "Mozilla/5.0 (compatible; bingbot/2.0; +http://www.bing.com/bingbot.htm)"
207.46.13.98 - - [01/May/2021:13:58:15 -0500] "GET /JimMartinson/CST1025/Resources/ComputerNetworks/auxiliary_files/mininet/wintracker.py HTTP/1.1" 200 5109 "-" "Mozilla/5.0 (compatible; bingbot/2.0; +http://www.bing.com/bingbot.htm)"
66.249.72.42 - - [01/May/2021:14:13:02 -0500] "GET /robots.txt HTTP/1.1" 301 185 "-" "Mozilla/5.0 (compatible; Googlebot/2.1; +http://www.google.com/bot.html)"
66.249.72.166 - - [01/May/2021:14:13:02 -0500] "GET /robots.txt HTTP/1.1" 404 169 "-" "Mozilla/5.0 (compatible; Googlebot/2.1; +http://www.google.com/bot.html)"
66.249.72.44 - - [01/May/2021:14:13:02 -0500] "GET /JeffPolman/CST2514/resources/How%20Parallel%20Ports%20Work.docx HTTP/1.1" 301 185 "-" "Googlebot/2.1 (+http://www.google.com/bot.html)"
31.7.230.86 - - [01/May/2021:14:15:16 -0500] "GET / HTTP/1.1" 301 185 "-" "Mozilla/5.0 (Windows NT 6.1; WOW64) AppleWebKit/537.36 (KHTML, like Gecko) Chrome/51.0.2704.103 Safari/537.36"
207.46.13.112 - - [01/May/2021:14:18:18 -0500] "GET /JeffPolman/CST2514/resources/How%20Laser%20Printers%20Work.docx HTTP/1.1" 301 185 "-" "Mozilla/5.0 (compatible; bingbot/2.0; +http://www.bing.com/bingbot.htm)"
91.220.163.62 - - [01/May/2021:14:19:31 -0500] "\x03\x00\x00/*\xE0\x00\x00\x00\x00\x00Cookie: mstshash=Administr" 400 173 "-" "-"
40.77.167.70 - - [01/May/2021:14:22:15 -0500] "GET /JimMartinson/CST1600/Resources/comp4_unit6d_flash_lecture/ HTTP/1.1" 301 185 "-" "Mozilla/5.0 (compatible; bingbot/2.0; +http://www.bing.com/bingbot.htm)"
207.46.13.149 - - [01/May/2021:14:23:30 -0500] "GET /jeffpolman/CST2702/ HTTP/1.1" 404 169 "-" "Mozilla/5.0 (compatible; bingbot/2.0; +http://www.bing.com/bingbot.htm)"
207.46.13.149 - - [01/May/2021:14:26:50 -0500] "GET /_work/test.html HTTP/1.1" 200 2738 "-" "Mozilla/5.0 (compatible; bingbot/2.0; +http://www.bing.com/bingbot.htm)"
40.77.167.100 - - [01/May/2021:14:30:48 -0500] "GET / HTTP/1.1" 200 12396 "-" "Mozilla/5.0 (compatible; bingbot/2.0; +http://www.bing.com/bingbot.htm)"
66.249.72.172 - - [01/May/2021:14:35:44 -0500] "GET /Tools/FormEcho/?get=URL%20query&ooga=booga HTTP/1.1" 301 185 "-" "Mozilla/5.0 (Linux; Android 6.0.1; Nexus 5X Build/MMB29P) AppleWebKit/537.36 (KHTML, like Gecko) Chrome/89.0.4389.130 Mobile Safari/537.36 (compatible; Googlebot/2.1; +http://www.google.com/bot.html)"
66.249.72.166 - - [01/May/2021:14:35:46 -0500] "GET /Tools/FormEcho/?get=URL%20query&ooga=booga HTTP/1.1" 200 7229 "-" "Mozilla/5.0 (Linux; Android 6.0.1; Nexus 5X Build/MMB29P) AppleWebKit/537.36 (KHTML, like Gecko) Chrome/89.0.4389.130 Mobile Safari/537.36 (compatible; Googlebot/2.1; +http://www.google.com/bot.html)"
207.46.13.61 - - [01/May/2021:14:36:39 -0500] "GET /JimMartinson/CST2276/ HTTP/1.1" 200 9421 "-" "Mozilla/5.0 (compatible; bingbot/2.0; +http://www.bing.com/bingbot.htm)"
207.46.13.98 - - [01/May/2021:14:37:43 -0500] "GET /JimMartinson/CST1510/Resources/Technical%20Reference/IO%20Peripherals%20Content/ HTTP/1.1" 200 570 "-" "Mozilla/5.0 (compatible; bingbot/2.0; +http://www.bing.com/bingbot.htm)"
66.249.72.44 - - [01/May/2021:14:38:18 -0500] "GET /JeffPolman/CST2514/resources/How%20Inkjet%20Printers%20Work.docx HTTP/1.1" 301 185 "-" "Googlebot/2.1 (+http://www.google.com/bot.html)"
66.249.72.174 - - [01/May/2021:14:41:07 -0500] "GET /vmware/ HTTP/1.1" 301 185 "-" "Mozilla/5.0 (Linux; Android 6.0.1; Nexus 5X Build/MMB29P) AppleWebKit/537.36 (KHTML, like Gecko) Chrome/90.0.4430.84 Mobile Safari/537.36 (compatible; Googlebot/2.1; +http://www.google.com/bot.html)"
66.249.72.168 - - [01/May/2021:14:41:07 -0500] "GET /robots.txt HTTP/1.1" 404 169 "-" "Mozilla/5.0 (compatible; Googlebot/2.1; +http://www.google.com/bot.html)"
114.119.145.78 - - [01/May/2021:14:43:55 -0500] "GET /Information/WeatherEmergencies HTTP/1.1" 301 185 "-" "Mozilla/5.0 (Linux; Android 7.0;) AppleWebKit/537.36 (KHTML, like Gecko) Mobile Safari/537.36 (compatible; PetalBot;+https://webmaster.petalsearch.com/site/petalbot)"
40.77.167.88 - - [01/May/2021:14:45:45 -0500] "GET /robots.txt HTTP/1.1" 404 169 "-" "Mozilla/5.0 (compatible; bingbot/2.0; +http://www.bing.com/bingbot.htm)"
40.77.167.98 - - [01/May/2021:14:46:05 -0500] "GET /JimMartinson/CST1025/Resources/Software/Network%20Monitoring%20Tools.URL HTTP/1.1" 499 0 "-" "Mozilla/5.0 (compatible; bingbot/2.0; +http://www.bing.com/bingbot.htm)"
66.249.72.170 - - [01/May/2021:14:50:44 -0500] "GET /JimMartinson/CST1025/Resources/ComputerNetworks/auxiliary_files/tls/tlsserver.c HTTP/1.1" 301 185 "-" "Mozilla/5.0 (Linux; Android 6.0.1; Nexus 5X Build/MMB29P) AppleWebKit/537.36 (KHTML, like Gecko) Chrome/89.0.4389.130 Mobile Safari/537.36 (compatible; Googlebot/2.1; +http://www.google.com/bot.html)"
66.249.72.168 - - [01/May/2021:14:50:45 -0500] "GET /JimMartinson/CST1025/Resources/ComputerNetworks/auxiliary_files/tls/tlsserver.c HTTP/1.1" 200 3436 "-" "Mozilla/5.0 (Linux; Android 6.0.1; Nexus 5X Build/MMB29P) AppleWebKit/537.36 (KHTML, like Gecko) Chrome/89.0.4389.130 Mobile Safari/537.36 (compatible; Googlebot/2.1; +http://www.google.com/bot.html)"
207.46.13.102 - - [01/May/2021:14:55:09 -0500] "GET /JimMartinson/CST1600/Resources/Notes/_notes/ HTTP/1.1" 200 366 "-" "Mozilla/5.0 (compatible; bingbot/2.0; +http://www.bing.com/bingbot.htm)"
185.191.171.24 - - [01/May/2021:14:56:55 -0500] "GET /robots.txt HTTP/1.1" 404 169 "-" "Mozilla/5.0 (compatible; SemrushBot/7~bl; +http://www.semrush.com/bot.html)"
185.191.171.9 - - [01/May/2021:14:57:45 -0500] "GET /JimMartinson/CST1025/Resources/Software/4)%20Network%20Virtualization/1)%20Network%20virtualization%20-%20Wikipedia.URL HTTP/1.1" 499 0 "-" "Mozilla/5.0 (compatible; SemrushBot/7~bl; +http://www.semrush.com/bot.html)"
185.191.171.9 - - [01/May/2021:14:58:36 -0500] "GET /JimMartinson/CST1025/Resources/Software/4)%20Network%20Virtualization/1)%20Network%20virtualization%20-%20Wikipedia.URL HTTP/1.1" 499 0 "-" "Mozilla/5.0 (compatible; SemrushBot/7~bl; +http://www.semrush.com/bot.html)"
185.191.171.34 - - [01/May/2021:14:58:38 -0500] "GET /JimMartinson/CST1025/Resources/Software/4)%20Network%20Virtualization/ HTTP/1.1" 200 732 "-" "Mozilla/5.0 (compatible; SemrushBot/7~bl; +http://www.semrush.com/bot.html)"
27.115.124.70 - - [01/May/2021:14:59:59 -0500] "GET / HTTP/1.1" 301 185 "-" "Mozilla/5.0 (Linux; U; Android 8.1.0; zh-CN; EML-AL00 Build/HUAWEIEML-AL00) AppleWebKit/537.36 (KHTML, like Gecko) Version/4.0 Chrome/57.0.2987.108 baidu.sogo.uc.UCBrowser/11.9.4.974 UWS/2.13.1.48 Mobile Safari/537.36 AliApp(DingTalk/4.5.11) com.alibaba.android.rimet/10487439 Channel/227200 language/zh-CN"
27.115.124.70 - - [01/May/2021:15:00:02 -0500] "GET / HTTP/1.1" 301 185 "http://baidu.com/" "Mozilla/5.0 (Linux; U; Android 8.1.0; zh-CN; EML-AL00 Build/HUAWEIEML-AL00) AppleWebKit/537.36 (KHTML, like Gecko) Version/4.0 Chrome/57.0.2987.108 baidu.sogo.uc.UCBrowser/11.9.4.974 UWS/2.13.1.48 Mobile Safari/537.36 AliApp(DingTalk/4.5.11) com.alibaba.android.rimet/10487439 Channel/227200 language/zh-CN"
27.115.124.70 - - [01/May/2021:15:00:15 -0500] "GET / HTTP/1.1" 200 12396 "http://baidu.com/" "Mozilla/5.0 (Linux; U; Android 8.1.0; zh-CN; EML-AL00 Build/HUAWEIEML-AL00) AppleWebKit/537.36 (KHTML, like Gecko) Version/4.0 Chrome/57.0.2987.108 baidu.sogo.uc.UCBrowser/11.9.4.974 UWS/2.13.1.48 Mobile Safari/537.36 AliApp(DingTalk/4.5.11) com.alibaba.android.rimet/10487439 Channel/227200 language/zh-CN"
27.115.124.70 - - [01/May/2021:15:00:18 -0500] "GET /css/CST.css?datetime=20210501150015 HTTP/1.1" 200 24467 "https://cst.ridgewater.edu/" "Mozilla/5.0 (Linux; U; Android 8.1.0; zh-CN; EML-AL00 Build/HUAWEIEML-AL00) AppleWebKit/537.36 (KHTML, like Gecko) Version/4.0 Chrome/57.0.2987.108 baidu.sogo.uc.UCBrowser/11.9.4.974 UWS/2.13.1.48 Mobile Safari/537.36 AliApp(DingTalk/4.5.11) com.alibaba.android.rimet/10487439 Channel/227200 language/zh-CN"
27.115.124.70 - - [01/May/2021:15:00:20 -0500] "GET /css/debug.css?datetime=20210501150015 HTTP/1.1" 200 17 "https://cst.ridgewater.edu/" "Mozilla/5.0 (Linux; U; Android 8.1.0; zh-CN; EML-AL00 Build/HUAWEIEML-AL00) AppleWebKit/537.36 (KHTML, like Gecko) Version/4.0 Chrome/57.0.2987.108 baidu.sogo.uc.UCBrowser/11.9.4.974 UWS/2.13.1.48 Mobile Safari/537.36 AliApp(DingTalk/4.5.11) com.alibaba.android.rimet/10487439 Channel/227200 language/zh-CN"
27.115.124.6 - - [01/May/2021:15:00:21 -0500] "GET /css/tooltip.css?datetime=20210501150015 HTTP/1.1" 200 2300 "https://cst.ridgewater.edu/" "Mozilla/5.0 (Linux; U; Android 8.1.0; zh-CN; EML-AL00 Build/HUAWEIEML-AL00) AppleWebKit/537.36 (KHTML, like Gecko) Version/4.0 Chrome/57.0.2987.108 baidu.sogo.uc.UCBrowser/11.9.4.974 UWS/2.13.1.48 Mobile Safari/537.36 AliApp(DingTalk/4.5.11) com.alibaba.android.rimet/10487439 Channel/227200 language/zh-CN"
27.115.124.6 - - [01/May/2021:15:00:21 -0500] "GET /js/CST.js?S&datetime=20210501150015 HTTP/1.1" 200 12049 "https://cst.ridgewater.edu/" "Mozilla/5.0 (Linux; U; Android 8.1.0; zh-CN; EML-AL00 Build/HUAWEIEML-AL00) AppleWebKit/537.36 (KHTML, like Gecko) Version/4.0 Chrome/57.0.2987.108 baidu.sogo.uc.UCBrowser/11.9.4.974 UWS/2.13.1.48 Mobile Safari/537.36 AliApp(DingTalk/4.5.11) com.alibaba.android.rimet/10487439 Channel/227200 language/zh-CN"
27.115.124.6 - - [01/May/2021:15:00:21 -0500] "GET /js/div.js?i&datetime=20210501150015 HTTP/1.1" 200 7433 "https://cst.ridgewater.edu/" "Mozilla/5.0 (Linux; U; Android 8.1.0; zh-CN; EML-AL00 Build/HUAWEIEML-AL00) AppleWebKit/537.36 (KHTML, like Gecko) Version/4.0 Chrome/57.0.2987.108 baidu.sogo.uc.UCBrowser/11.9.4.974 UWS/2.13.1.48 Mobile Safari/537.36 AliApp(DingTalk/4.5.11) com.alibaba.android.rimet/10487439 Channel/227200 language/zh-CN"
27.115.124.101 - - [01/May/2021:15:00:21 -0500] "GET /js/CollapsibleLists.js?o&datetime=20210501150015 HTTP/1.1" 200 1018 "https://cst.ridgewater.edu/" "Mozilla/5.0 (Linux; U; Android 8.1.0; zh-CN; EML-AL00 Build/HUAWEIEML-AL00) AppleWebKit/537.36 (KHTML, like Gecko) Version/4.0 Chrome/57.0.2987.108 baidu.sogo.uc.UCBrowser/11.9.4.974 UWS/2.13.1.48 Mobile Safari/537.36 AliApp(DingTalk/4.5.11) com.alibaba.android.rimet/10487439 Channel/227200 language/zh-CN"
27.115.124.101 - - [01/May/2021:15:00:21 -0500] "GET /js/debug.js?e&datetime=20210501150015 HTTP/1.1" 200 10964 "https://cst.ridgewater.edu/" "Mozilla/5.0 (Linux; U; Android 8.1.0; zh-CN; EML-AL00 Build/HUAWEIEML-AL00) AppleWebKit/537.36 (KHTML, like Gecko) Version/4.0 Chrome/57.0.2987.108 baidu.sogo.uc.UCBrowser/11.9.4.974 UWS/2.13.1.48 Mobile Safari/537.36 AliApp(DingTalk/4.5.11) com.alibaba.android.rimet/10487439 Channel/227200 language/zh-CN"
27.115.124.70 - - [01/May/2021:15:00:23 -0500] "GET /js/tooltip.js?o&datetime=20210501150015 HTTP/1.1" 200 13888 "https://cst.ridgewater.edu/" "Mozilla/5.0 (Linux; U; Android 8.1.0; zh-CN; EML-AL00 Build/HUAWEIEML-AL00) AppleWebKit/537.36 (KHTML, like Gecko) Version/4.0 Chrome/57.0.2987.108 baidu.sogo.uc.UCBrowser/11.9.4.974 UWS/2.13.1.48 Mobile Safari/537.36 AliApp(DingTalk/4.5.11) com.alibaba.android.rimet/10487439 Channel/227200 language/zh-CN"
27.115.124.70 - - [01/May/2021:15:00:24 -0500] "GET /images/CSTlogoBlue115.gif HTTP/1.1" 200 8725 "https://cst.ridgewater.edu/" "Mozilla/5.0 (Linux; U; Android 8.1.0; zh-CN; EML-AL00 Build/HUAWEIEML-AL00) AppleWebKit/537.36 (KHTML, like Gecko) Version/4.0 Chrome/57.0.2987.108 baidu.sogo.uc.UCBrowser/11.9.4.974 UWS/2.13.1.48 Mobile Safari/537.36 AliApp(DingTalk/4.5.11) com.alibaba.android.rimet/10487439 Channel/227200 language/zh-CN"
27.115.124.101 - - [01/May/2021:15:00:25 -0500] "GET /images/urc.png HTTP/1.1" 200 230 "https://cst.ridgewater.edu/css/CST.css?datetime=20210501150015" "Mozilla/5.0 (Linux; U; Android 8.1.0; zh-CN; EML-AL00 Build/HUAWEIEML-AL00) AppleWebKit/537.36 (KHTML, like Gecko) Version/4.0 Chrome/57.0.2987.108 baidu.sogo.uc.UCBrowser/11.9.4.974 UWS/2.13.1.48 Mobile Safari/537.36 AliApp(DingTalk/4.5.11) com.alibaba.android.rimet/10487439 Channel/227200 language/zh-CN"
27.115.124.70 - - [01/May/2021:15:00:26 -0500] "GET /images/CSTlogoGreen115.gif HTTP/1.1" 200 8172 "https://cst.ridgewater.edu/" "Mozilla/5.0 (Linux; U; Android 8.1.0; zh-CN; EML-AL00 Build/HUAWEIEML-AL00) AppleWebKit/537.36 (KHTML, like Gecko) Version/4.0 Chrome/57.0.2987.108 baidu.sogo.uc.UCBrowser/11.9.4.974 UWS/2.13.1.48 Mobile Safari/537.36 AliApp(DingTalk/4.5.11) com.alibaba.android.rimet/10487439 Channel/227200 language/zh-CN"
66.249.72.168 - - [01/May/2021:15:01:40 -0500] "GET /JimMartinson/CST1600/Resources/Database-Design-2nd-Edition-Normilization.txt HTTP/1.1" 200 672 "-" "Mozilla/5.0 (Linux; Android 6.0.1; Nexus 5X Build/MMB29P) AppleWebKit/537.36 (KHTML, like Gecko) Chrome/90.0.4430.84 Mobile Safari/537.36 (compatible; Googlebot/2.1; +http://www.google.com/bot.html)"
66.249.72.174 - - [01/May/2021:15:03:53 -0500] "GET /Tech/Old/Software/Email/GroupWise/cls_enu.pdf HTTP/1.1" 301 185 "-" "Googlebot/2.1 (+http://www.google.com/bot.html)"
185.191.171.16 - - [01/May/2021:15:05:43 -0500] "GET /JimMartinson/CST1025/Resources/Links/NetworkingBasics/Learn%20Networking%20Basics%20Commotion%20Wireless.URL HTTP/1.1" 499 0 "-" "Mozilla/5.0 (compatible; SemrushBot/7~bl; +http://www.semrush.com/bot.html)"
66.249.72.172 - - [01/May/2021:15:05:44 -0500] "GET /JimMartinson/CST1510/Vendor%20List/Vendor_List_DVD.pdf HTTP/1.1" 301 185 "-" "Mozilla/5.0 (Linux; Android 6.0.1; Nexus 5X Build/MMB29P) AppleWebKit/537.36 (KHTML, like Gecko) Chrome/89.0.4389.130 Mobile Safari/537.36 (compatible; Googlebot/2.1; +http://www.google.com/bot.html)"
66.249.72.170 - - [01/May/2021:15:05:45 -0500] "GET /JimMartinson/CST1510/Vendor%20List/Vendor_List_DVD.pdf HTTP/1.1" 200 2903405 "-" "Mozilla/5.0 (Linux; Android 6.0.1; Nexus 5X Build/MMB29P) AppleWebKit/537.36 (KHTML, like Gecko) Chrome/89.0.4389.130 Mobile Safari/537.36 (compatible; Googlebot/2.1; +http://www.google.com/bot.html)"
185.191.171.16 - - [01/May/2021:15:06:34 -0500] "GET /JimMartinson/CST1025/Resources/Links/NetworkingBasics/Learn%20Networking%20Basics%20Commotion%20Wireless.URL HTTP/1.1" 499 0 "-" "Mozilla/5.0 (compatible; SemrushBot/7~bl; +http://www.semrush.com/bot.html)"
207.46.13.98 - - [01/May/2021:15:07:16 -0500] "GET /JimMartinson/CST1025/Resources/ComputerNetworks/auxiliary_files/mininet/loadbalancepox.py HTTP/1.1" 200 7720 "-" "Mozilla/5.0 (compatible; bingbot/2.0; +http://www.bing.com/bingbot.htm)"
207.46.13.61 - - [01/May/2021:15:09:11 -0500] "GET /JimMartinson/CST1025/?Assignments HTTP/1.1" 200 7157 "-" "Mozilla/5.0 (compatible; bingbot/2.0; +http://www.bing.com/bingbot.htm)"
40.77.167.100 - - [01/May/2021:15:09:52 -0500] "GET /JimMartinson/CST1025/Resources/Software/Network%20Monitoring%20Tools.html HTTP/1.1" 200 348856 "-" "Mozilla/5.0 (compatible; bingbot/2.0; +http://www.bing.com/bingbot.htm)"
173.27.15.14 - - [01/May/2021:15:12:44 -0500] "GET / HTTP/1.1" 200 12395 "-" "Mozilla/5.0 (iPhone; CPU iPhone OS 14_4_1 like Mac OS X) AppleWebKit/605.1.15 (KHTML, like Gecko) Version/14.0.3 Mobile/15E148 Safari/604.1"
45.155.205.165 - - [01/May/2021:15:16:04 -0500] "\x16\x03\x01\x02\x00\x01\x00\x01\xFC\x03\x03" 400 173 "-" "-"
66.249.72.168 - - [01/May/2021:15:20:44 -0500] "GET /JimMartinson/MMDT1021/Resources/HTML_links/ HTTP/1.1" 200 1311 "-" "Mozilla/5.0 (Linux; Android 6.0.1; Nexus 5X Build/MMB29P) AppleWebKit/537.36 (KHTML, like Gecko) Chrome/89.0.4389.130 Mobile Safari/537.36 (compatible; Googlebot/2.1; +http://www.google.com/bot.html)"
207.46.13.61 - - [01/May/2021:15:22:47 -0500] "GET /JimMartinson/CST1510/Resources/Technical%20Reference/Display%20Technology%20Content/ HTTP/1.1" 200 699 "-" "Mozilla/5.0 (compatible; bingbot/2.0; +http://www.bing.com/bingbot.htm)"
66.249.72.170 - - [01/May/2021:15:32:11 -0500] "GET /Credentials/1997-98/PCHelpdeskTechnicianCertificate.98.pdf HTTP/1.1" 200 49595 "-" "Googlebot/2.1 (+http://www.google.com/bot.html)"
66.249.72.168 - - [01/May/2021:15:35:45 -0500] "GET /JimMartinson/CST1600/Resources/Notes/2021-04-06.txt HTTP/1.1" 200 1463 "-" "Mozilla/5.0 (Linux; Android 6.0.1; Nexus 5X Build/MMB29P) AppleWebKit/537.36 (KHTML, like Gecko) Chrome/89.0.4389.130 Mobile Safari/537.36 (compatible; Googlebot/2.1; +http://www.google.com/bot.html)"
207.46.13.102 - - [01/May/2021:15:38:38 -0500] "GET /Credentials/index.cfm?Credential_ID=1454 HTTP/1.1" 301 185 "-" "Mozilla/5.0 (compatible; bingbot/2.0; +http://www.bing.com/bingbot.htm)"
3.143.210.128 - - [01/May/2021:15:42:31 -0500] "GET / HTTP/1.1" 301 185 "-" "Mozilla/5.0 (Windows NT 10.0; Win64; x64) AppleWebKit/537.36 (KHTML, like Gecko; compatible; BW/1.1; bit.ly/2W6Px8S) Chrome/84.0.4147.105 Safari/537.36"
3.143.210.128 - - [01/May/2021:15:42:32 -0500] "GET / HTTP/1.1" 200 12396 "-" "Mozilla/5.0 (Windows NT 10.0; Win64; x64) AppleWebKit/537.36 (KHTML, like Gecko; compatible; BW/1.1; bit.ly/2W6Px8S) Chrome/84.0.4147.105 Safari/537.36"
3.143.210.128 - - [01/May/2021:15:42:32 -0500] "GET /robots.txt HTTP/1.1" 301 185 "-" "Mozilla/5.0 (Windows NT 10.0; Win64; x64) AppleWebKit/537.36 (KHTML, like Gecko; compatible; BW/1.1; bit.ly/2W6Px8S) Chrome/84.0.4147.105 Safari/537.36"
3.143.210.128 - - [01/May/2021:15:42:32 -0500] "GET /robots.txt HTTP/1.1" 404 571 "-" "Mozilla/5.0 (Windows NT 10.0; Win64; x64) AppleWebKit/537.36 (KHTML, like Gecko; compatible; BW/1.1; bit.ly/2W6Px8S) Chrome/84.0.4147.105 Safari/537.36"
3.143.210.128 - - [01/May/2021:15:42:33 -0500] "" 400 0 "-" "-"
173.25.15.208 - - [01/May/2021:15:44:04 -0500] "GET /JimMartinson/ HTTP/1.1" 200 11812 "https://cst.ridgewater.edu/" "Mozilla/5.0 (Windows NT 10.0; Win64; x64) AppleWebKit/537.36 (KHTML, like Gecko) Chrome/90.0.4430.85 Safari/537.36"
40.77.167.70 - - [01/May/2021:15:44:44 -0500] "GET / HTTP/1.1" 301 185 "-" "Mozilla/5.0 (compatible; bingbot/2.0; +http://www.bing.com/bingbot.htm)"
40.77.167.70 - - [01/May/2021:15:44:44 -0500] "GET /jeffpolman/CST2840/resources/Wireless%20LAN%20Book/instructor's%20manual/ch12.doc HTTP/1.1" 301 185 "-" "Mozilla/5.0 (compatible; bingbot/2.0; +http://www.bing.com/bingbot.htm)"
35.186.188.225 - - [01/May/2021:15:47:24 -0500] "GET /jeffpolman/CST1701/resources/plugableUSBserialDriverFeb2014/PL2303%20Windows%20Driver%20User%20Manual%20v1.9.0.pdf HTTP/1.1" 301 185 "-" "Go-http-client/1.1"
35.186.188.225 - - [01/May/2021:15:47:24 -0500] "GET /jeffpolman/CST1701/resources/plugableUSBserialDriverFeb2014/PL2303%20Windows%20Driver%20User%20Manual%20v1.9.0.pdf HTTP/1.1" 404 169 "http://cst.ridgewater.edu/jeffpolman/CST1701/resources/plugableUSBserialDriverFeb2014/PL2303%20Windows%20Driver%20User%20Manual%20v1.9.0.pdf" "Go-http-client/1.1"
40.77.167.98 - - [01/May/2021:15:47:40 -0500] "GET /AdobeConnect/ HTTP/1.1" 200 7978 "-" "Mozilla/5.0 (compatible; bingbot/2.0; +http://www.bing.com/bingbot.htm)"
172.105.81.81 - - [01/May/2021:15:50:33 -0500] "=\xC1d\xDB\x84}\xF0P\xA3y(\x85wq\x1A\xA8\xC8\xEF\xB5}\x85/\xB9\xB4\xA8E\x1D\x85h\xCA\xD7\x93\xA7\x03R\xCB\x1A\x15\x80\xD4B;%\x0B&\x89A\x96\x9B\x9B\xD3" 400 173 "-" "-"
66.249.72.170 - - [01/May/2021:15:50:45 -0500] "GET /JeffPolman/ HTTP/1.1" 301 185 "-" "Mozilla/5.0 (compatible; Googlebot/2.1; +http://www.google.com/bot.html)"
66.249.72.170 - - [01/May/2021:15:50:46 -0500] "GET /JeffPolman/ HTTP/1.1" 200 5944 "-" "Mozilla/5.0 (compatible; Googlebot/2.1; +http://www.google.com/bot.html)"
66.249.72.166 - - [01/May/2021:15:50:52 -0500] "GET /css/CST.css?datetime=20210501155046 HTTP/1.1" 200 24467 "https://cst.ridgewater.edu/JeffPolman/" "Mozilla/5.0 AppleWebKit/537.36 (KHTML, like Gecko; compatible; Googlebot/2.1; +http://www.google.com/bot.html) Chrome/89.0.4389.130 Safari/537.36"
142.93.14.168 - - [01/May/2021:15:58:18 -0500] "=\xC1d\xDB\x84}\xF0P\xA3y(\x85wq\x1A\xA8\xC8\xEF\xB5}\x85/\xB9\xB4\xA8E\x1D\x85h\xCA\xD7\x93\xA7\x03R\xCB\x1A\x15\x80\xD4B;%\x0B&\x89A\x96\x9B\x9B\xD3" 400 173 "-" "-"
207.46.13.66 - - [01/May/2021:15:58:42 -0500] "GET /vmware/VMware-Remote-Console-9.0.0-4288332.x86_64.bundle HTTP/1.1" 301 185 "-" "Mozilla/5.0 (compatible; bingbot/2.0; +http://www.bing.com/bingbot.htm)"
52.53.219.225 - - [01/May/2021:16:14:30 -0500] "OPTIONS / HTTP/1.1" 301 185 "-" "Mozilla/5.0 (Macintosh; Intel Mac OS X 10_11_5) AppleWebKit/537.36 (KHTML, like Gecko) Chrome/50.0.2661.102 Safari/537.36"
207.46.13.112 - - [01/May/2021:16:15:20 -0500] "GET /Credentials/index.cfm?Credential_ID=1002 HTTP/1.1" 301 185 "-" "Mozilla/5.0 (compatible; bingbot/2.0; +http://www.bing.com/bingbot.htm)"
66.249.72.166 - - [01/May/2021:16:20:45 -0500] "GET /JimMartinson/CST1611/Resources/ HTTP/1.1" 200 611 "-" "Mozilla/5.0 (Linux; Android 6.0.1; Nexus 5X Build/MMB29P) AppleWebKit/537.36 (KHTML, like Gecko) Chrome/89.0.4389.130 Mobile Safari/537.36 (compatible; Googlebot/2.1; +http://www.google.com/bot.html)"
74.120.14.40 - - [01/May/2021:16:36:06 -0500] "GET / HTTP/1.1" 301 185 "-" "-"
74.120.14.40 - - [01/May/2021:16:36:06 -0500] "GET / HTTP/1.1" 301 185 "-" "Mozilla/5.0 (compatible; CensysInspect/1.1; +https://about.censys.io/)"
74.120.14.40 - - [01/May/2021:16:36:07 -0500] "GET / HTTP/1.1" 200 12395 "-" "Mozilla/5.0 (compatible; CensysInspect/1.1; +https://about.censys.io/)"
66.249.72.170 - - [01/May/2021:16:41:46 -0500] "GET / HTTP/1.1" 301 185 "-" "Mozilla/5.0 (Linux; Android 6.0.1; Nexus 5X Build/MMB29P) AppleWebKit/537.36 (KHTML, like Gecko) Chrome/90.0.4430.84 Mobile Safari/537.36 (compatible; Googlebot/2.1; +http://www.google.com/bot.html)"
66.249.72.166 - - [01/May/2021:16:41:48 -0500] "GET / HTTP/1.1" 200 12396 "-" "Mozilla/5.0 (Linux; Android 6.0.1; Nexus 5X Build/MMB29P) AppleWebKit/537.36 (KHTML, like Gecko) Chrome/90.0.4430.84 Mobile Safari/537.36 (compatible; Googlebot/2.1; +http://www.google.com/bot.html)"
66.249.72.168 - - [01/May/2021:16:41:49 -0500] "GET /js/div.js?i&datetime=20210420223752 HTTP/1.1" 200 7433 "https://cst.ridgewater.edu/" "Mozilla/5.0 (Linux; Android 6.0.1; Nexus 5X Build/MMB29P) AppleWebKit/537.36 (KHTML, like Gecko) Chrome/89.0.4389.130 Mobile Safari/537.36 (compatible; Googlebot/2.1; +http://www.google.com/bot.html)"
66.249.72.168 - - [01/May/2021:16:41:50 -0500] "GET /css/debug.css?datetime=20210420223752 HTTP/1.1" 200 17 "https://cst.ridgewater.edu/" "Mozilla/5.0 (Linux; Android 6.0.1; Nexus 5X Build/MMB29P) AppleWebKit/537.36 (KHTML, like Gecko) Chrome/89.0.4389.130 Mobile Safari/537.36 (compatible; Googlebot/2.1; +http://www.google.com/bot.html)"
207.46.13.66 - - [01/May/2021:16:52:27 -0500] "GET /SamEspana/CST1602/CST1602-InstructionalGuide.html HTTP/1.1" 404 169 "-" "Mozilla/5.0 (compatible; bingbot/2.0; +http://www.bing.com/bingbot.htm)"
40.77.167.98 - - [01/May/2021:16:54:14 -0500] "GET /JeffPolman/CST2514/resources/Service%20manuals/HP/LASERJET%204,%204,%204M,%204M,%205,%205M,%205N%20Service%20Manual.pdf HTTP/1.1" 404 169 "-" "Mozilla/5.0 (compatible; bingbot/2.0; +http://www.bing.com/bingbot.htm)"
40.77.167.70 - - [01/May/2021:16:56:20 -0500] "GET /JimMartinson/CST1025/Resources/ComputerNetworks/auxiliary_files/mininet/rip.py HTTP/1.1" 200 11690 "-" "Mozilla/5.0 (compatible; bingbot/2.0; +http://www.bing.com/bingbot.htm)"
40.77.167.98 - - [01/May/2021:17:00:48 -0500] "GET /vmware/VMware-Remote-Console-10.0.3-9300449.x86_64.bundle HTTP/1.1" 404 169 "-" "Mozilla/5.0 (compatible; bingbot/2.0; +http://www.bing.com/bingbot.htm)"
66.249.72.170 - - [01/May/2021:17:01:26 -0500] "GET /JimMartinson/CST1025/Resources/Software/Pennacchi_The_Killer_Toolset.pdf HTTP/1.1" 200 6204477 "-" "Mozilla/5.0 (Linux; Android 6.0.1; Nexus 5X Build/MMB29P) AppleWebKit/537.36 (KHTML, like Gecko) Chrome/90.0.4430.84 Mobile Safari/537.36 (compatible; Googlebot/2.1; +http://www.google.com/bot.html)"
185.191.171.41 - - [01/May/2021:17:05:11 -0500] "GET /robots.txt HTTP/1.1" 404 169 "-" "Mozilla/5.0 (compatible; SemrushBot/7~bl; +http://www.semrush.com/bot.html)"
185.191.171.9 - - [01/May/2021:17:05:11 -0500] "GET /JimMartinson/CST1025/Resources/Hardware/1)%20NICs/ HTTP/1.1" 200 845 "-" "Mozilla/5.0 (compatible; SemrushBot/7~bl; +http://www.semrush.com/bot.html)"
207.46.13.98 - - [01/May/2021:17:05:46 -0500] "GET /Credentials/index.cfm?Credential_ID=946 HTTP/1.1" 301 185 "-" "Mozilla/5.0 (compatible; bingbot/2.0; +http://www.bing.com/bingbot.htm)"
114.119.153.220 - - [01/May/2021:17:07:20 -0500] "GET /Information/WeatherEmergencies HTTP/1.1" 301 185 "-" "Mozilla/5.0 (Linux; Android 7.0;) AppleWebKit/537.36 (KHTML, like Gecko) Mobile Safari/537.36 (compatible; PetalBot;+https://webmaster.petalsearch.com/site/petalbot)"
114.119.153.220 - - [01/May/2021:17:07:21 -0500] "GET /Information/WeatherEmergencies/ HTTP/1.1" 200 8008 "-" "Mozilla/5.0 (Linux; Android 7.0;) AppleWebKit/537.36 (KHTML, like Gecko) Mobile Safari/537.36 (compatible; PetalBot;+https://webmaster.petalsearch.com/site/petalbot)"
45.141.87.5 - - [01/May/2021:17:10:10 -0500] "GET /owa/auth/x.js HTTP/1.1" 404 169 "-" "Mozilla/5.0 (Windows NT 10.0; rv:68.0) Gecko/20100101 Firefox/68.0"
40.77.167.98 - - [01/May/2021:17:11:29 -0500] "GET /JimMartinson/CST1026/Resources/tracert_-h_120%20216.81.59.173.txt HTTP/1.1" 200 4178 "-" "Mozilla/5.0 (compatible; bingbot/2.0; +http://www.bing.com/bingbot.htm)"
66.249.72.168 - - [01/May/2021:17:11:37 -0500] "GET /JimMartinson/CST1025/Resources/ComputerNetworks.pdf HTTP/1.1" 200 6817074 "-" "Mozilla/5.0 (Linux; Android 6.0.1; Nexus 5X Build/MMB29P) AppleWebKit/537.36 (KHTML, like Gecko) Chrome/90.0.4430.84 Mobile Safari/537.36 (compatible; Googlebot/2.1; +http://www.google.com/bot.html)"
185.191.171.33 - - [01/May/2021:17:12:45 -0500] "GET /JimMartinson/MMDT1021/Resources/CSS_Links/CSS%20layouts%20Max%20Design.URL HTTP/1.1" 499 0 "-" "Mozilla/5.0 (compatible; SemrushBot/7~bl; +http://www.semrush.com/bot.html)"
185.191.171.33 - - [01/May/2021:17:13:36 -0500] "GET /JimMartinson/MMDT1021/Resources/CSS_Links/CSS%20layouts%20Max%20Design.URL HTTP/1.1" 499 0 "-" "Mozilla/5.0 (compatible; SemrushBot/7~bl; +http://www.semrush.com/bot.html)"
216.244.66.230 - - [01/May/2021:17:13:41 -0500] "GET /robots.txt HTTP/1.1" 301 185 "-" "Mozilla/5.0 (compatible; DotBot/1.2; +https://opensiteexplorer.org/dotbot; help@moz.com)"
216.244.66.230 - - [01/May/2021:17:13:42 -0500] "GET /robots.txt HTTP/1.1" 404 169 "-" "Mozilla/5.0 (compatible; DotBot/1.2; +https://opensiteexplorer.org/dotbot; help@moz.com)"
89.248.170.22 - - [01/May/2021:17:14:49 -0500] "GET / HTTP/1.1" 200 12396 "-" "Mozilla/5.0 (X11; Ubuntu; Linux x86_64; rv:76.0) Gecko/20100101 Firefox/76.0"
205.185.122.102 - - [01/May/2021:17:15:38 -0500] "GET /config/getuser?index=0 HTTP/1.1" 301 185 "-" "Mozilla/5.0 (X11; Ubuntu; Linux x86_64; rv:76.0) Gecko/20100101 Firefox/76.0"
35.185.209.18 - - [01/May/2021:17:15:50 -0500] "GET /jeffpolman/CST1701/resources/1701%20for%20students/presentations/Exploration_Routing_Chapter_5.ppt HTTP/1.1" 301 185 "-" "Go-http-client/1.1"
35.185.209.18 - - [01/May/2021:17:15:50 -0500] "GET /jeffpolman/CST1701/resources/1701%20for%20students/presentations/Exploration_Routing_Chapter_5.ppt HTTP/1.1" 404 169 "http://cst.ridgewater.edu/jeffpolman/CST1701/resources/1701%20for%20students/presentations/Exploration_Routing_Chapter_5.ppt" "Go-http-client/1.1"
216.244.66.230 - - [01/May/2021:17:20:32 -0500] "GET /jeffpolman/CST2845/resources/NVX3000.manager.phone.guide.pdf HTTP/1.1" 404 169 "-" "Mozilla/5.0 (compatible; DotBot/1.2; +https://opensiteexplorer.org/dotbot; help@moz.com)"
34.125.106.50 - - [01/May/2021:17:21:49 -0500] "GET /jeffpolman/CST2702/resources/PowerPoints/Exploration_LAN_Switching_Chapter3.ppt HTTP/1.1" 301 185 "-" "Go-http-client/1.1"
34.125.106.50 - - [01/May/2021:17:21:50 -0500] "GET /jeffpolman/CST2702/resources/PowerPoints/Exploration_LAN_Switching_Chapter3.ppt HTTP/1.1" 404 169 "http://www.cst.ridgewater.edu/jeffpolman/CST2702/resources/PowerPoints/Exploration_LAN_Switching_Chapter3.ppt" "Go-http-client/1.1"
88.80.21.205 - - [01/May/2021:17:23:43 -0500] "GET / HTTP/1.0" 301 185 "-" "Mozilla/5.0 (Windows NT 6.1; Win64; x64) AppleWebKit/537.36 (KHTML, like Gecko) Chrome/66.0.3343.4 Safari/537.36"
88.80.21.205 - - [01/May/2021:17:23:44 -0500] "GET / HTTP/1.0" 200 12368 "http://cst.ridgewater.edu/" "Mozilla/5.0 (Windows NT 6.1; Win64; x64) AppleWebKit/537.36 (KHTML, like Gecko) Chrome/66.0.3343.4 Safari/537.36"
192.227.241.91 - - [01/May/2021:17:23:47 -0500] "GET /Information/WeatherEmergencies/ HTTP/1.0" 200 7989 "http://cst.ridgewater.edu/" "Mozilla/5.0 (Windows NT 6.1; Win64; x64) AppleWebKit/537.36 (KHTML, like Gecko) Chrome/66.0.3343.4 Safari/537.36"
85.208.98.21 - - [01/May/2021:17:23:50 -0500] "GET / HTTP/1.1" 200 12395 "-" "SEMrushBot"
40.77.167.100 - - [01/May/2021:17:29:05 -0500] "GET / HTTP/1.1" 200 12396 "-" "Mozilla/5.0 (compatible; bingbot/2.0; +http://www.bing.com/bingbot.htm)"
192.241.216.210 - - [01/May/2021:17:32:32 -0500] "GET /actuator/health HTTP/1.1" 404 169 "-" "Mozilla/5.0 zgrab/0.x"
114.119.150.67 - - [01/May/2021:17:33:28 -0500] "GET /robots.txt HTTP/1.1" 301 185 "-" "Mozilla/5.0 (compatible;PetalBot;+https://webmaster.petalsearch.com/site/petalbot)"
114.119.150.67 - - [01/May/2021:17:33:29 -0500] "GET /robots.txt HTTP/1.1" 404 169 "-" "Mozilla/5.0 (compatible;PetalBot;+https://webmaster.petalsearch.com/site/petalbot)"
207.46.13.98 - - [01/May/2021:17:36:38 -0500] "GET /JimMartinson/CST2505/InstructionalGuide.php HTTP/1.1" 301 185 "-" "Mozilla/5.0 (compatible; bingbot/2.0; +http://www.bing.com/bingbot.htm)"
40.77.167.98 - - [01/May/2021:17:37:18 -0500] "GET /JimMartinson/CST1025/Resources/ComputerNetworks/auxiliary_files/mininet/competition.py HTTP/1.1" 200 3685 "-" "Mozilla/5.0 (compatible; bingbot/2.0; +http://www.bing.com/bingbot.htm)"
66.249.72.170 - - [01/May/2021:17:40:59 -0500] "GET /JimMartinson/CST1025/Resources/ComputerNetworks/_images/manchester_color.svg HTTP/1.1" 301 185 "-" "Googlebot-Image/1.0"
66.249.72.170 - - [01/May/2021:17:41:00 -0500] "GET /JimMartinson/CST1025/Resources/ComputerNetworks/_images/manchester_color.svg HTTP/1.1" 200 41503 "-" "Googlebot-Image/1.0"
207.46.13.149 - - [01/May/2021:17:44:57 -0500] "GET /JimMartinson/CST1025/Resources/ComputerNetworks/auxiliary_files/mininet/multitrunkpox.py HTTP/1.1" 200 26732 "-" "Mozilla/5.0 (compatible; bingbot/2.0; +http://www.bing.com/bingbot.htm)"
5.102.173.71 - - [01/May/2021:17:47:34 -0500] "GET /robots.txt HTTP/1.1" 301 185 "-" "Mozilla/5.0 (compatible; MojeekBot/0.10; +https://www.mojeek.com/bot.html)"
5.102.173.71 - - [01/May/2021:17:47:34 -0500] "GET / HTTP/1.1" 301 185 "-" "Mozilla/5.0 (compatible; MojeekBot/0.10; +https://www.mojeek.com/bot.html)"
104.198.141.65 - - [01/May/2021:17:49:06 -0500] "GET /jeffpolman/CST2840/resources/Wireless%20LAN%20Book/Answers%20to%20exercises/EndofChapterSolutions/Ch06%20.doc HTTP/1.1" 301 185 "-" "Go-http-client/1.1"
104.198.141.65 - - [01/May/2021:17:49:06 -0500] "GET /jeffpolman/CST2840/resources/Wireless%20LAN%20Book/Answers%20to%20exercises/EndofChapterSolutions/Ch06%20.doc HTTP/1.1" 404 169 "http://www.cst.ridgewater.edu/jeffpolman/CST2840/resources/Wireless%20LAN%20Book/Answers%20to%20exercises/EndofChapterSolutions/Ch06%20.doc" "Go-http-client/1.1"
40.77.167.100 - - [01/May/2021:17:55:47 -0500] "GET /JimMartinson/CST1025/ HTTP/1.1" 200 9851 "-" "Mozilla/5.0 (compatible; bingbot/2.0; +http://www.bing.com/bingbot.htm)"
40.77.167.100 - - [01/May/2021:17:55:48 -0500] "GET /JimMartinson/MMDT1021/?Assignments HTTP/1.1" 200 7161 "-" "Mozilla/5.0 (compatible; bingbot/2.0; +http://www.bing.com/bingbot.htm)"
40.77.167.98 - - [01/May/2021:17:55:53 -0500] "GET /AllenBenusa/ HTTP/1.1" 200 5961 "-" "Mozilla/5.0 (compatible; bingbot/2.0; +http://www.bing.com/bingbot.htm)"
185.191.171.14 - - [01/May/2021:17:57:03 -0500] "GET /vmware/downloads/vmrc/VMware-Remote-Console-10.0.6-14247266.dmg HTTP/1.1" 301 185 "-" "Mozilla/5.0 (compatible; SemrushBot/7~bl; +http://www.semrush.com/bot.html)"
185.191.171.6 - - [01/May/2021:17:57:04 -0500] "GET /vmware/downloads/vmrc/VMware-Remote-Console-10.0.6-14247266.dmg HTTP/1.1" 404 169 "-" "Mozilla/5.0 (compatible; SemrushBot/7~bl; +http://www.semrush.com/bot.html)"
114.119.139.148 - - [01/May/2021:18:00:01 -0500] "GET /JeffPolman/CST2514/resources/Service%20manuals/HP/8500/85008550series-b-2009-cxdx.pdf HTTP/1.1" 301 185 "-" "Mozilla/5.0 (Linux; Android 7.0;) AppleWebKit/537.36 (KHTML, like Gecko) Mobile Safari/537.36 (compatible; PetalBot;+https://webmaster.petalsearch.com/site/petalbot)"
114.119.139.148 - - [01/May/2021:18:00:03 -0500] "GET /JeffPolman/CST2514/resources/Service%20manuals/HP/8500/85008550series-b-2009-cxdx.pdf HTTP/1.1" 404 169 "-" "Mozilla/5.0 (Linux; Android 7.0;) AppleWebKit/537.36 (KHTML, like Gecko) Mobile Safari/537.36 (compatible; PetalBot;+https://webmaster.petalsearch.com/site/petalbot)"
114.119.136.139 - - [01/May/2021:18:03:37 -0500] "GET /JimMartinson/CST1025/Resources/Links/Introduction%20to%20Computer%20Networking.URL HTTP/1.1" 200 5 "-" "Mozilla/5.0 (Linux; Android 7.0;) AppleWebKit/537.36 (KHTML, like Gecko) Mobile Safari/537.36 (compatible; PetalBot;+https://webmaster.petalsearch.com/site/petalbot)"
207.46.13.102 - - [01/May/2021:18:06:29 -0500] "GET /CSTclub/docs/cst-club-notes.docx HTTP/1.1" 304 0 "-" "Mozilla/5.0 (compatible; bingbot/2.0; +http://www.bing.com/bingbot.htm)"
40.77.167.70 - - [01/May/2021:18:06:47 -0500] "GET /JimMartinson/CST1025/Resources/ComputerNetworks/auxiliary_files/mininet/randomtelnet.py HTTP/1.1" 200 1741 "-" "Mozilla/5.0 (compatible; bingbot/2.0; +http://www.bing.com/bingbot.htm)"
207.46.13.98 - - [01/May/2021:18:08:09 -0500] "GET /JimMartinson/CST1025/Resources/ComputerNetworks/auxiliary_files/mininet/loadbalancepox.py HTTP/1.1" 200 7720 "-" "Mozilla/5.0 (compatible; bingbot/2.0; +http://www.bing.com/bingbot.htm)"
66.102.7.45 - - [01/May/2021:18:08:44 -0500] "GET / HTTP/1.1" 301 185 "-" "Mozilla/5.0 (X11; Linux x86_64) AppleWebKit/537.36 (KHTML, like Gecko) Chrome/49.0.2623.75 Safari/537.36 Google Favicon"
66.102.7.39 - - [01/May/2021:18:08:44 -0500] "GET / HTTP/1.1" 200 12394 "-" "Mozilla/5.0 (X11; Linux x86_64) AppleWebKit/537.36 (KHTML, like Gecko) Chrome/49.0.2623.75 Safari/537.36 Google Favicon"
66.102.7.41 - - [01/May/2021:18:08:44 -0500] "GET /favicon.ico HTTP/1.1" 200 2238 "-" "Mozilla/5.0 (X11; Linux x86_64) AppleWebKit/537.36 (KHTML, like Gecko) Chrome/49.0.2623.75 Safari/537.36 Google Favicon"
141.98.10.223 - - [01/May/2021:18:23:05 -0500] "GET / HTTP/1.1" 301 185 "-" "-"
37.211.3.128 - - [01/May/2021:18:23:08 -0500] "GET /wp-login.php HTTP/1.1" 404 36 "-" "Mozilla/4.0 (compatible; MSIE 6.0; Windows NT 5.0)"
66.249.72.170 - - [01/May/2021:18:25:54 -0500] "GET /js/encode.js?n&datetime=20210501143545 HTTP/1.1" 200 2957 "https://cst.ridgewater.edu/Tools/FormEcho/?get=URL%20query&ooga=booga" "Mozilla/5.0 (Linux; Android 6.0.1; Nexus 5X Build/MMB29P) AppleWebKit/537.36 (KHTML, like Gecko) Chrome/89.0.4389.130 Mobile Safari/537.36 (compatible; Googlebot/2.1; +http://www.google.com/bot.html)"
207.46.13.66 - - [01/May/2021:18:30:50 -0500] "GET /JimMartinson/CST1611/Schedule/ HTTP/1.1" 200 7100 "-" "Mozilla/5.0 (compatible; bingbot/2.0; +http://www.bing.com/bingbot.htm)"
207.46.13.102 - - [01/May/2021:18:31:09 -0500] "GET /JimMartinson/CST1600/ HTTP/1.1" 200 9875 "-" "Mozilla/5.0 (compatible; bingbot/2.0; +http://www.bing.com/bingbot.htm)"
69.71.46.118 - - [01/May/2021:18:34:03 -0500] "GET /JimMartinson/ HTTP/1.1" 200 11811 "-" "Mozilla/5.0 (Windows NT 10.0; Win64; x64) AppleWebKit/537.36 (KHTML, like Gecko) Chrome/90.0.4430.93 Safari/537.36"
69.71.46.118 - - [01/May/2021:18:34:03 -0500] "GET /css/CST.css?datetime=20210501183403 HTTP/1.1" 200 24467 "https://cst.ridgewater.edu/JimMartinson/" "Mozilla/5.0 (Windows NT 10.0; Win64; x64) AppleWebKit/537.36 (KHTML, like Gecko) Chrome/90.0.4430.93 Safari/537.36"
69.71.46.118 - - [01/May/2021:18:34:03 -0500] "GET /css/debug.css?datetime=20210501183403 HTTP/1.1" 200 17 "https://cst.ridgewater.edu/JimMartinson/" "Mozilla/5.0 (Windows NT 10.0; Win64; x64) AppleWebKit/537.36 (KHTML, like Gecko) Chrome/90.0.4430.93 Safari/537.36"
69.71.46.118 - - [01/May/2021:18:34:03 -0500] "GET /css/tooltip.css?datetime=20210501183403 HTTP/1.1" 200 2300 "https://cst.ridgewater.edu/JimMartinson/" "Mozilla/5.0 (Windows NT 10.0; Win64; x64) AppleWebKit/537.36 (KHTML, like Gecko) Chrome/90.0.4430.93 Safari/537.36"
69.71.46.118 - - [01/May/2021:18:34:03 -0500] "GET /js/CST.js?S&datetime=20210501183403 HTTP/1.1" 200 12049 "https://cst.ridgewater.edu/JimMartinson/" "Mozilla/5.0 (Windows NT 10.0; Win64; x64) AppleWebKit/537.36 (KHTML, like Gecko) Chrome/90.0.4430.93 Safari/537.36"
69.71.46.118 - - [01/May/2021:18:34:03 -0500] "GET /js/div.js?i&datetime=20210501183403 HTTP/1.1" 200 7433 "https://cst.ridgewater.edu/JimMartinson/" "Mozilla/5.0 (Windows NT 10.0; Win64; x64) AppleWebKit/537.36 (KHTML, like Gecko) Chrome/90.0.4430.93 Safari/537.36"
69.71.46.118 - - [01/May/2021:18:34:03 -0500] "GET /js/CollapsibleLists.js?o&datetime=20210501183403 HTTP/1.1" 200 1018 "https://cst.ridgewater.edu/JimMartinson/" "Mozilla/5.0 (Windows NT 10.0; Win64; x64) AppleWebKit/537.36 (KHTML, like Gecko) Chrome/90.0.4430.93 Safari/537.36"
69.71.46.118 - - [01/May/2021:18:34:03 -0500] "GET /js/debug.js?e&datetime=20210501183403 HTTP/1.1" 200 10964 "https://cst.ridgewater.edu/JimMartinson/" "Mozilla/5.0 (Windows NT 10.0; Win64; x64) AppleWebKit/537.36 (KHTML, like Gecko) Chrome/90.0.4430.93 Safari/537.36"
69.71.46.118 - - [01/May/2021:18:34:03 -0500] "GET /js/tooltip.js?o&datetime=20210501183403 HTTP/1.1" 200 13888 "https://cst.ridgewater.edu/JimMartinson/" "Mozilla/5.0 (Windows NT 10.0; Win64; x64) AppleWebKit/537.36 (KHTML, like Gecko) Chrome/90.0.4430.93 Safari/537.36"
69.71.46.118 - - [01/May/2021:18:34:05 -0500] "GET /JimMartinson/CST1600/ HTTP/1.1" 200 9874 "https://cst.ridgewater.edu/JimMartinson/" "Mozilla/5.0 (Windows NT 10.0; Win64; x64) AppleWebKit/537.36 (KHTML, like Gecko) Chrome/90.0.4430.93 Safari/537.36"
69.71.46.118 - - [01/May/2021:18:34:05 -0500] "GET /css/CST.css?datetime=20210501183405 HTTP/1.1" 200 24467 "https://cst.ridgewater.edu/JimMartinson/CST1600/" "Mozilla/5.0 (Windows NT 10.0; Win64; x64) AppleWebKit/537.36 (KHTML, like Gecko) Chrome/90.0.4430.93 Safari/537.36"
69.71.46.118 - - [01/May/2021:18:34:05 -0500] "GET /js/openCenteredWindow.js?p&datetime=20210501183405 HTTP/1.1" 200 3771 "https://cst.ridgewater.edu/JimMartinson/CST1600/" "Mozilla/5.0 (Windows NT 10.0; Win64; x64) AppleWebKit/537.36 (KHTML, like Gecko) Chrome/90.0.4430.93 Safari/537.36"
69.71.46.118 - - [01/May/2021:18:34:05 -0500] "GET /js/CollapsibleLists.js?o&datetime=20210501183405 HTTP/1.1" 200 1018 "https://cst.ridgewater.edu/JimMartinson/CST1600/" "Mozilla/5.0 (Windows NT 10.0; Win64; x64) AppleWebKit/537.36 (KHTML, like Gecko) Chrome/90.0.4430.93 Safari/537.36"
69.71.46.118 - - [01/May/2021:18:34:05 -0500] "GET /css/printing.css?datetime=20210501183405 HTTP/1.1" 200 5910 "https://cst.ridgewater.edu/JimMartinson/CST1600/" "Mozilla/5.0 (Windows NT 10.0; Win64; x64) AppleWebKit/537.36 (KHTML, like Gecko) Chrome/90.0.4430.93 Safari/537.36"
69.71.46.118 - - [01/May/2021:18:34:05 -0500] "GET /js/div.js?i&datetime=20210501183405 HTTP/1.1" 200 7433 "https://cst.ridgewater.edu/JimMartinson/CST1600/" "Mozilla/5.0 (Windows NT 10.0; Win64; x64) AppleWebKit/537.36 (KHTML, like Gecko) Chrome/90.0.4430.93 Safari/537.36"
69.71.46.118 - - [01/May/2021:18:34:05 -0500] "GET /js/CST.js?S&datetime=20210501183405 HTTP/1.1" 200 12049 "https://cst.ridgewater.edu/JimMartinson/CST1600/" "Mozilla/5.0 (Windows NT 10.0; Win64; x64) AppleWebKit/537.36 (KHTML, like Gecko) Chrome/90.0.4430.93 Safari/537.36"
69.71.46.118 - - [01/May/2021:18:34:08 -0500] "GET /JimMartinson/CST1600/?Assignments HTTP/1.1" 200 7157 "https://cst.ridgewater.edu/JimMartinson/CST1600/" "Mozilla/5.0 (Windows NT 10.0; Win64; x64) AppleWebKit/537.36 (KHTML, like Gecko) Chrome/90.0.4430.93 Safari/537.36"
69.71.46.118 - - [01/May/2021:18:34:08 -0500] "GET /css/CST.css?datetime=20210501183408 HTTP/1.1" 200 24467 "https://cst.ridgewater.edu/JimMartinson/CST1600/?Assignments" "Mozilla/5.0 (Windows NT 10.0; Win64; x64) AppleWebKit/537.36 (KHTML, like Gecko) Chrome/90.0.4430.93 Safari/537.36"
69.71.46.118 - - [01/May/2021:18:34:08 -0500] "GET /css/debug.css?datetime=20210501183408 HTTP/1.1" 200 17 "https://cst.ridgewater.edu/JimMartinson/CST1600/?Assignments" "Mozilla/5.0 (Windows NT 10.0; Win64; x64) AppleWebKit/537.36 (KHTML, like Gecko) Chrome/90.0.4430.93 Safari/537.36"
69.71.46.118 - - [01/May/2021:18:34:08 -0500] "GET /css/tooltip.css?datetime=20210501183408 HTTP/1.1" 200 2300 "https://cst.ridgewater.edu/JimMartinson/CST1600/?Assignments" "Mozilla/5.0 (Windows NT 10.0; Win64; x64) AppleWebKit/537.36 (KHTML, like Gecko) Chrome/90.0.4430.93 Safari/537.36"
69.71.46.118 - - [01/May/2021:18:34:08 -0500] "GET /js/CST.js?S&datetime=20210501183408 HTTP/1.1" 200 12049 "https://cst.ridgewater.edu/JimMartinson/CST1600/?Assignments" "Mozilla/5.0 (Windows NT 10.0; Win64; x64) AppleWebKit/537.36 (KHTML, like Gecko) Chrome/90.0.4430.93 Safari/537.36"
69.71.46.118 - - [01/May/2021:18:34:08 -0500] "GET /js/div.js?i&datetime=20210501183408 HTTP/1.1" 200 7433 "https://cst.ridgewater.edu/JimMartinson/CST1600/?Assignments" "Mozilla/5.0 (Windows NT 10.0; Win64; x64) AppleWebKit/537.36 (KHTML, like Gecko) Chrome/90.0.4430.93 Safari/537.36"
69.71.46.118 - - [01/May/2021:18:34:08 -0500] "GET /js/CollapsibleLists.js?o&datetime=20210501183408 HTTP/1.1" 200 1018 "https://cst.ridgewater.edu/JimMartinson/CST1600/?Assignments" "Mozilla/5.0 (Windows NT 10.0; Win64; x64) AppleWebKit/537.36 (KHTML, like Gecko) Chrome/90.0.4430.93 Safari/537.36"
69.71.46.118 - - [01/May/2021:18:34:08 -0500] "GET /js/debug.js?e&datetime=20210501183408 HTTP/1.1" 200 10964 "https://cst.ridgewater.edu/JimMartinson/CST1600/?Assignments" "Mozilla/5.0 (Windows NT 10.0; Win64; x64) AppleWebKit/537.36 (KHTML, like Gecko) Chrome/90.0.4430.93 Safari/537.36"
69.71.46.118 - - [01/May/2021:18:34:08 -0500] "GET /js/tooltip.js?o&datetime=20210501183408 HTTP/1.1" 200 13888 "https://cst.ridgewater.edu/JimMartinson/CST1600/?Assignments" "Mozilla/5.0 (Windows NT 10.0; Win64; x64) AppleWebKit/537.36 (KHTML, like Gecko) Chrome/90.0.4430.93 Safari/537.36"
69.71.46.118 - - [01/May/2021:18:34:08 -0500] "GET /js/encode.js?n&datetime=20210501183408 HTTP/1.1" 200 2957 "https://cst.ridgewater.edu/JimMartinson/CST1600/?Assignments" "Mozilla/5.0 (Windows NT 10.0; Win64; x64) AppleWebKit/537.36 (KHTML, like Gecko) Chrome/90.0.4430.93 Safari/537.36"
69.71.46.118 - - [01/May/2021:18:34:10 -0500] "POST /Login/ HTTP/1.1" 200 387 "https://cst.ridgewater.edu/JimMartinson/CST1600/?Assignments" "Mozilla/5.0 (Windows NT 10.0; Win64; x64) AppleWebKit/537.36 (KHTML, like Gecko) Chrome/90.0.4430.93 Safari/537.36"
69.71.46.118 - - [01/May/2021:18:34:10 -0500] "POST /JimMartinson/CST1600/?Assignments HTTP/1.1" 200 30922 "https://cst.ridgewater.edu/Login/" "Mozilla/5.0 (Windows NT 10.0; Win64; x64) AppleWebKit/537.36 (KHTML, like Gecko) Chrome/90.0.4430.93 Safari/537.36"
69.71.46.118 - - [01/May/2021:18:34:10 -0500] "GET /css/CST.css?datetime=20210501183410 HTTP/1.1" 200 24467 "https://cst.ridgewater.edu/JimMartinson/CST1600/?Assignments" "Mozilla/5.0 (Windows NT 10.0; Win64; x64) AppleWebKit/537.36 (KHTML, like Gecko) Chrome/90.0.4430.93 Safari/537.36"
69.71.46.118 - - [01/May/2021:18:34:10 -0500] "GET /css/debug.css?datetime=20210501183410 HTTP/1.1" 200 17 "https://cst.ridgewater.edu/JimMartinson/CST1600/?Assignments" "Mozilla/5.0 (Windows NT 10.0; Win64; x64) AppleWebKit/537.36 (KHTML, like Gecko) Chrome/90.0.4430.93 Safari/537.36"
69.71.46.118 - - [01/May/2021:18:34:10 -0500] "GET /css/tooltip.css?datetime=20210501183410 HTTP/1.1" 200 2300 "https://cst.ridgewater.edu/JimMartinson/CST1600/?Assignments" "Mozilla/5.0 (Windows NT 10.0; Win64; x64) AppleWebKit/537.36 (KHTML, like Gecko) Chrome/90.0.4430.93 Safari/537.36"
69.71.46.118 - - [01/May/2021:18:34:10 -0500] "GET /js/div.js?i&datetime=20210501183410 HTTP/1.1" 200 7433 "https://cst.ridgewater.edu/JimMartinson/CST1600/?Assignments" "Mozilla/5.0 (Windows NT 10.0; Win64; x64) AppleWebKit/537.36 (KHTML, like Gecko) Chrome/90.0.4430.93 Safari/537.36"
69.71.46.118 - - [01/May/2021:18:34:10 -0500] "GET /js/CST.js?S&datetime=20210501183410 HTTP/1.1" 200 12049 "https://cst.ridgewater.edu/JimMartinson/CST1600/?Assignments" "Mozilla/5.0 (Windows NT 10.0; Win64; x64) AppleWebKit/537.36 (KHTML, like Gecko) Chrome/90.0.4430.93 Safari/537.36"
69.71.46.118 - - [01/May/2021:18:34:10 -0500] "GET /js/CollapsibleLists.js?o&datetime=20210501183410 HTTP/1.1" 200 1018 "https://cst.ridgewater.edu/JimMartinson/CST1600/?Assignments" "Mozilla/5.0 (Windows NT 10.0; Win64; x64) AppleWebKit/537.36 (KHTML, like Gecko) Chrome/90.0.4430.93 Safari/537.36"
69.71.46.118 - - [01/May/2021:18:34:10 -0500] "GET /js/debug.js?e&datetime=20210501183410 HTTP/1.1" 200 10964 "https://cst.ridgewater.edu/JimMartinson/CST1600/?Assignments" "Mozilla/5.0 (Windows NT 10.0; Win64; x64) AppleWebKit/537.36 (KHTML, like Gecko) Chrome/90.0.4430.93 Safari/537.36"
69.71.46.118 - - [01/May/2021:18:34:10 -0500] "GET /js/tooltip.js?o&datetime=20210501183410 HTTP/1.1" 200 13888 "https://cst.ridgewater.edu/JimMartinson/CST1600/?Assignments" "Mozilla/5.0 (Windows NT 10.0; Win64; x64) AppleWebKit/537.36 (KHTML, like Gecko) Chrome/90.0.4430.93 Safari/537.36"
69.71.46.118 - - [01/May/2021:18:34:10 -0500] "GET /js/select.js?e&datetime=20210501183410 HTTP/1.1" 200 1790 "https://cst.ridgewater.edu/JimMartinson/CST1600/?Assignments" "Mozilla/5.0 (Windows NT 10.0; Win64; x64) AppleWebKit/537.36 (KHTML, like Gecko) Chrome/90.0.4430.93 Safari/537.36"
69.71.46.118 - - [01/May/2021:18:34:10 -0500] "GET /js/updateHTMLelement.js?p&datetime=20210501183410 HTTP/1.1" 200 6292 "https://cst.ridgewater.edu/JimMartinson/CST1600/?Assignments" "Mozilla/5.0 (Windows NT 10.0; Win64; x64) AppleWebKit/537.36 (KHTML, like Gecko) Chrome/90.0.4430.93 Safari/537.36"
69.71.46.118 - - [01/May/2021:18:34:44 -0500] "GET /JimMartinson/CST1600/Labs/Lab09/ HTTP/1.1" 301 185 "-" "Mozilla/5.0 (Windows NT 10.0; Win64; x64) AppleWebKit/537.36 (KHTML, like Gecko) Chrome/90.0.4430.93 Safari/537.36"
69.71.46.118 - - [01/May/2021:18:34:45 -0500] "GET /JimMartinson/CST1600/Labs/Lab09/ HTTP/1.1" 200 18945 "-" "Mozilla/5.0 (Windows NT 10.0; Win64; x64) AppleWebKit/537.36 (KHTML, like Gecko) Chrome/90.0.4430.93 Safari/537.36"
69.71.46.118 - - [01/May/2021:18:34:45 -0500] "GET /css/CST.css?datetime=20210501183445 HTTP/1.1" 200 24467 "https://cst.ridgewater.edu/JimMartinson/CST1600/Labs/Lab09/" "Mozilla/5.0 (Windows NT 10.0; Win64; x64) AppleWebKit/537.36 (KHTML, like Gecko) Chrome/90.0.4430.93 Safari/537.36"
69.71.46.118 - - [01/May/2021:18:34:45 -0500] "GET /css/debug.css?datetime=20210501183445 HTTP/1.1" 200 17 "https://cst.ridgewater.edu/JimMartinson/CST1600/Labs/Lab09/" "Mozilla/5.0 (Windows NT 10.0; Win64; x64) AppleWebKit/537.36 (KHTML, like Gecko) Chrome/90.0.4430.93 Safari/537.36"
69.71.46.118 - - [01/May/2021:18:34:45 -0500] "GET /css/tooltip.css?datetime=20210501183445 HTTP/1.1" 200 2300 "https://cst.ridgewater.edu/JimMartinson/CST1600/Labs/Lab09/" "Mozilla/5.0 (Windows NT 10.0; Win64; x64) AppleWebKit/537.36 (KHTML, like Gecko) Chrome/90.0.4430.93 Safari/537.36"
69.71.46.118 - - [01/May/2021:18:34:45 -0500] "GET /js/CST.js?S&datetime=20210501183445 HTTP/1.1" 200 12049 "https://cst.ridgewater.edu/JimMartinson/CST1600/Labs/Lab09/" "Mozilla/5.0 (Windows NT 10.0; Win64; x64) AppleWebKit/537.36 (KHTML, like Gecko) Chrome/90.0.4430.93 Safari/537.36"
69.71.46.118 - - [01/May/2021:18:34:45 -0500] "GET /js/div.js?i&datetime=20210501183445 HTTP/1.1" 200 7433 "https://cst.ridgewater.edu/JimMartinson/CST1600/Labs/Lab09/" "Mozilla/5.0 (Windows NT 10.0; Win64; x64) AppleWebKit/537.36 (KHTML, like Gecko) Chrome/90.0.4430.93 Safari/537.36"
