173.22.158.217 - - [01/May/2021:01:16:32 -0500] "GET /JimMartinson/CST1600/Schedule/ HTTP/1.1" 200 64044 "https://cst.ridgewater.edu/JimMartinson/CST1600/?Assignments" "Mozilla/5.0 (Windows NT 10.0; Win64; x64) AppleWebKit/537.36 (KHTML, like Gecko) Chrome/90.0.4430.93 Safari/537.36"
173.22.158.217 - - [01/May/2021:01:16:32 -0500] "GET /css/CST.css?datetime=20210501011631 HTTP/1.1" 200 24467 "https://cst.ridgewater.edu/JimMartinson/CST1600/Schedule/" "Mozilla/5.0 (Windows NT 10.0; Win64; x64) AppleWebKit/537.36 (KHTML, like Gecko) Chrome/90.0.4430.93 Safari/537.36"
173.22.158.217 - - [01/May/2021:01:16:32 -0500] "GET /css/debug.css?datetime=20210501011631 HTTP/1.1" 200 17 "https://cst.ridgewater.edu/JimMartinson/CST1600/Schedule/" "Mozilla/5.0 (Windows NT 10.0; Win64; x64) AppleWebKit/537.36 (KHTML, like Gecko) Chrome/90.0.4430.93 Safari/537.36"
173.22.158.217 - - [01/May/2021:01:16:32 -0500] "GET /css/tooltip.css?datetime=20210501011631 HTTP/1.1" 200 2300 "https://cst.ridgewater.edu/JimMartinson/CST1600/Schedule/" "Mozilla/5.0 (Windows NT 10.0; Win64; x64) AppleWebKit/537.36 (KHTML, like Gecko) Chrome/90.0.4430.93 Safari/537.36"
173.22.158.217 - - [01/May/2021:01:16:32 -0500] "GET /css/schedule.css?datetime=20210501011631 HTTP/1.1" 200 853 "https://cst.ridgewater.edu/JimMartinson/CST1600/Schedule/" "Mozilla/5.0 (Windows NT 10.0; Win64; x64) AppleWebKit/537.36 (KHTML, like Gecko) Chrome/90.0.4430.93 Safari/537.36"
173.22.158.217 - - [01/May/2021:01:16:32 -0500] "GET /js/div.js?i&datetime=20210501011631 HTTP/1.1" 200 7433 "https://cst.ridgewater.edu/JimMartinson/CST1600/Schedule/" "Mozilla/5.0 (Windows NT 10.0; Win64; x64) AppleWebKit/537.36 (KHTML, like Gecko) Chrome/90.0.4430.93 Safari/537.36"
173.22.158.217 - - [01/May/2021:01:16:32 -0500] "GET /js/CST.js?S&datetime=20210501011631 HTTP/1.1" 200 12049 "https://cst.ridgewater.edu/JimMartinson/CST1600/Schedule/" "Mozilla/5.0 (Windows NT 10.0; Win64; x64) AppleWebKit/537.36 (KHTML, like Gecko) Chrome/90.0.4430.93 Safari/537.36"
173.22.158.217 - - [01/May/2021:01:16:32 -0500] "GET /js/CollapsibleLists.js?o&datetime=20210501011631 HTTP/1.1" 200 1018 "https://cst.ridgewater.edu/JimMartinson/CST1600/Schedule/" "Mozilla/5.0 (Windows NT 10.0; Win64; x64) AppleWebKit/537.36 (KHTML, like Gecko) Chrome/90.0.4430.93 Safari/537.36"
173.22.158.217 - - [01/May/2021:01:16:32 -0500] "GET /js/debug.js?e&datetime=20210501011631 HTTP/1.1" 200 10964 "https://cst.ridgewater.edu/JimMartinson/CST1600/Schedule/" "Mozilla/5.0 (Windows NT 10.0; Win64; x64) AppleWebKit/537.36 (KHTML, like Gecko) Chrome/90.0.4430.93 Safari/537.36"
173.22.158.217 - - [01/May/2021:01:16:32 -0500] "GET /js/tooltip.js?o&datetime=20210501011631 HTTP/1.1" 200 13888 "https://cst.ridgewater.edu/JimMartinson/CST1600/Schedule/" "Mozilla/5.0 (Windows NT 10.0; Win64; x64) AppleWebKit/537.36 (KHTML, like Gecko) Chrome/90.0.4430.93 Safari/537.36"
173.22.158.217 - - [01/May/2021:01:16:32 -0500] "GET /js/schedule.js?c&datetime=20210501011631 HTTP/1.1" 200 3986 "https://cst.ridgewater.edu/JimMartinson/CST1600/Schedule/" "Mozilla/5.0 (Windows NT 10.0; Win64; x64) AppleWebKit/537.36 (KHTML, like Gecko) Chrome/90.0.4430.93 Safari/537.36"
173.22.158.217 - - [01/May/2021:01:16:32 -0500] "GET /JimMartinson/StudentID.png HTTP/1.1" 200 20165 "https://cst.ridgewater.edu/JimMartinson/CST1600/Schedule/" "Mozilla/5.0 (Windows NT 10.0; Win64; x64) AppleWebKit/537.36 (KHTML, like Gecko) Chrome/90.0.4430.93 Safari/537.36"
173.22.158.217 - - [01/May/2021:01:16:32 -0500] "GET /images/JimMartinson100.jpg HTTP/1.1" 200 16680 "https://cst.ridgewater.edu/JimMartinson/CST1600/Schedule/" "Mozilla/5.0 (Windows NT 10.0; Win64; x64) AppleWebKit/537.36 (KHTML, like Gecko) Chrome/90.0.4430.93 Safari/537.36"
173.22.158.217 - - [01/May/2021:01:16:32 -0500] "GET /JimMartinson/20215%20JimMartinson%20Class%20Schedule.png HTTP/1.1" 200 50906 "https://cst.ridgewater.edu/JimMartinson/CST1600/Schedule/" "Mozilla/5.0 (Windows NT 10.0; Win64; x64) AppleWebKit/537.36 (KHTML, like Gecko) Chrome/90.0.4430.93 Safari/537.36"
173.22.158.217 - - [01/May/2021:01:21:46 -0500] "GET /JimMartinson/CST1600/Resources/MotherCelkosHeuristics.php HTTP/1.1" 301 185 "-" "Mozilla/5.0 (Windows NT 10.0; Win64; x64) AppleWebKit/537.36 (KHTML, like Gecko) Chrome/90.0.4430.93 Safari/537.36"
173.22.158.217 - - [01/May/2021:01:21:46 -0500] "GET /JimMartinson/CST1600/Resources/MotherCelkosHeuristics.php HTTP/1.1" 200 8566 "-" "Mozilla/5.0 (Windows NT 10.0; Win64; x64) AppleWebKit/537.36 (KHTML, like Gecko) Chrome/90.0.4430.93 Safari/537.36"
173.22.158.217 - - [01/May/2021:01:21:46 -0500] "GET /css/CST.css?datetime=20210501012146 HTTP/1.1" 200 24467 "https://cst.ridgewater.edu/JimMartinson/CST1600/Resources/MotherCelkosHeuristics.php" "Mozilla/5.0 (Windows NT 10.0; Win64; x64) AppleWebKit/537.36 (KHTML, like Gecko) Chrome/90.0.4430.93 Safari/537.36"
173.22.158.217 - - [01/May/2021:01:21:46 -0500] "GET /css/debug.css?datetime=20210501012146 HTTP/1.1" 200 17 "https://cst.ridgewater.edu/JimMartinson/CST1600/Resources/MotherCelkosHeuristics.php" "Mozilla/5.0 (Windows NT 10.0; Win64; x64) AppleWebKit/537.36 (KHTML, like Gecko) Chrome/90.0.4430.93 Safari/537.36"
173.22.158.217 - - [01/May/2021:01:21:46 -0500] "GET /css/tooltip.css?datetime=20210501012146 HTTP/1.1" 200 2300 "https://cst.ridgewater.edu/JimMartinson/CST1600/Resources/MotherCelkosHeuristics.php" "Mozilla/5.0 (Windows NT 10.0; Win64; x64) AppleWebKit/537.36 (KHTML, like Gecko) Chrome/90.0.4430.93 Safari/537.36"
173.22.158.217 - - [01/May/2021:01:21:46 -0500] "GET /js/CST.js?S&datetime=20210501012146 HTTP/1.1" 200 12049 "https://cst.ridgewater.edu/JimMartinson/CST1600/Resources/MotherCelkosHeuristics.php" "Mozilla/5.0 (Windows NT 10.0; Win64; x64) AppleWebKit/537.36 (KHTML, like Gecko) Chrome/90.0.4430.93 Safari/537.36"
173.22.158.217 - - [01/May/2021:01:21:46 -0500] "GET /js/div.js?i&datetime=20210501012146 HTTP/1.1" 200 7433 "https://cst.ridgewater.edu/JimMartinson/CST1600/Resources/MotherCelkosHeuristics.php" "Mozilla/5.0 (Windows NT 10.0; Win64; x64) AppleWebKit/537.36 (KHTML, like Gecko) Chrome/90.0.4430.93 Safari/537.36"
173.22.158.217 - - [01/May/2021:01:21:46 -0500] "GET /js/CollapsibleLists.js?o&datetime=20210501012146 HTTP/1.1" 200 1018 "https://cst.ridgewater.edu/JimMartinson/CST1600/Resources/MotherCelkosHeuristics.php" "Mozilla/5.0 (Windows NT 10.0; Win64; x64) AppleWebKit/537.36 (KHTML, like Gecko) Chrome/90.0.4430.93 Safari/537.36"
173.22.158.217 - - [01/May/2021:01:21:46 -0500] "GET /js/debug.js?e&datetime=20210501012146 HTTP/1.1" 200 10964 "https://cst.ridgewater.edu/JimMartinson/CST1600/Resources/MotherCelkosHeuristics.php" "Mozilla/5.0 (Windows NT 10.0; Win64; x64) AppleWebKit/537.36 (KHTML, like Gecko) Chrome/90.0.4430.93 Safari/537.36"
173.22.158.217 - - [01/May/2021:01:21:46 -0500] "GET /js/tooltip.js?o&datetime=20210501012146 HTTP/1.1" 200 13888 "https://cst.ridgewater.edu/JimMartinson/CST1600/Resources/MotherCelkosHeuristics.php" "Mozilla/5.0 (Windows NT 10.0; Win64; x64) AppleWebKit/537.36 (KHTML, like Gecko) Chrome/90.0.4430.93 Safari/537.36"
173.22.158.217 - - [01/May/2021:01:21:46 -0500] "GET /js/schedule.js?c&datetime=20210501012146 HTTP/1.1" 200 3986 "https://cst.ridgewater.edu/JimMartinson/CST1600/Resources/MotherCelkosHeuristics.php" "Mozilla/5.0 (Windows NT 10.0; Win64; x64) AppleWebKit/537.36 (KHTML, like Gecko) Chrome/90.0.4430.93 Safari/537.36"
173.22.158.217 - - [01/May/2021:01:21:46 -0500] "GET /images/CSTlogoBlue115.gif HTTP/1.1" 200 8725 "https://cst.ridgewater.edu/JimMartinson/CST1600/Resources/MotherCelkosHeuristics.php" "Mozilla/5.0 (Windows NT 10.0; Win64; x64) AppleWebKit/537.36 (KHTML, like Gecko) Chrome/90.0.4430.93 Safari/537.36"
173.22.158.217 - - [01/May/2021:01:21:46 -0500] "GET /images/CSTlogoGreen115.gif HTTP/1.1" 200 8172 "https://cst.ridgewater.edu/JimMartinson/CST1600/Resources/MotherCelkosHeuristics.php" "Mozilla/5.0 (Windows NT 10.0; Win64; x64) AppleWebKit/537.36 (KHTML, like Gecko) Chrome/90.0.4430.93 Safari/537.36"
173.22.158.217 - - [01/May/2021:01:21:46 -0500] "GET /images/urc.png HTTP/1.1" 200 230 "https://cst.ridgewater.edu/css/CST.css?datetime=20210501012146" "Mozilla/5.0 (Windows NT 10.0; Win64; x64) AppleWebKit/537.36 (KHTML, like Gecko) Chrome/90.0.4430.93 Safari/537.36"
2.84.122.222 - - [01/May/2021:01:21:52 -0500] "GET /wp-login.php HTTP/1.1" 404 36 "-" "Mozilla/4.0 (compatible; MSIE 6.0; Windows NT 5.0)"
185.191.171.23 - - [01/May/2021:01:24:16 -0500] "GET /JimMartinson/CST1600/Resources/comp4_unit6c_flash_lecture/_notes/ HTTP/1.1" 200 408 "-" "Mozilla/5.0 (compatible; SemrushBot/7~bl; +http://www.semrush.com/bot.html)"
173.22.158.217 - - [01/May/2021:01:26:53 -0500] "GET /JimMartinson/CST1600/Examples/Normilization/rettigNormalizationPoster.pdf HTTP/1.1" 301 185 "-" "Mozilla/5.0 (Windows NT 10.0; Win64; x64) AppleWebKit/537.36 (KHTML, like Gecko) Chrome/90.0.4430.93 Safari/537.36"
173.22.158.217 - - [01/May/2021:01:26:53 -0500] "GET /JimMartinson/CST1600/Examples/Normilization/rettigNormalizationPoster.pdf HTTP/1.1" 200 2920696 "-" "Mozilla/5.0 (Windows NT 10.0; Win64; x64) AppleWebKit/537.36 (KHTML, like Gecko) Chrome/90.0.4430.93 Safari/537.36"
114.119.135.139 - - [01/May/2021:01:31:22 -0500] "GET /robots.txt HTTP/1.1" 301 185 "-" "Mozilla/5.0 (compatible;PetalBot;+https://webmaster.petalsearch.com/site/petalbot)"
114.119.135.139 - - [01/May/2021:01:31:23 -0500] "GET /robots.txt HTTP/1.1" 404 169 "-" "Mozilla/5.0 (compatible;PetalBot;+https://webmaster.petalsearch.com/site/petalbot)"
180.149.125.175 - - [01/May/2021:01:31:54 -0500] "GET / HTTP/1.1" 200 12398 "-" "Mozilla/5.0 (Windows NT 5.1; Win64; x64) AppleWebKit/537.36 (KHTML, like Gecko) Chrome/60.0.3112.90 Safari/537.36"
40.77.167.100 - - [01/May/2021:01:33:27 -0500] "GET /JimMartinson/MMDT1021/Resources/CheatSheets/HTML5-cheat-sheet.pdf HTTP/1.1" 200 6064590 "-" "Mozilla/5.0 (compatible; bingbot/2.0; +http://www.bing.com/bingbot.htm)"
207.46.13.61 - - [01/May/2021:01:45:20 -0500] "GET /Credentials/index.cfm?Credential_ID=803 HTTP/1.1" 404 169 "-" "Mozilla/5.0 (compatible; bingbot/2.0; +http://www.bing.com/bingbot.htm)"
207.46.13.102 - - [01/May/2021:01:49:14 -0500] "GET /JimMartinson/CST1600/Resources/comp4_unit6c_flash_lecture/data/ HTTP/1.1" 200 756 "-" "Mozilla/5.0 (compatible; bingbot/2.0; +http://www.bing.com/bingbot.htm)"
207.46.13.102 - - [01/May/2021:01:49:15 -0500] "GET /JimMartinson/CST1600/ HTTP/1.1" 200 9875 "-" "Mozilla/5.0 (compatible; bingbot/2.0; +http://www.bing.com/bingbot.htm)"
185.191.171.9 - - [01/May/2021:01:51:35 -0500] "GET /JimMartinson/CST1025/Resources/Hardware/ HTTP/1.1" 200 624 "-" "Mozilla/5.0 (compatible; SemrushBot/7~bl; +http://www.semrush.com/bot.html)"
193.118.53.194 - - [01/May/2021:01:57:51 -0500] "GET / HTTP/1.1" 301 185 "-" "Mozilla/5.0 (Windows NT 10.0; Win64; x64) AppleWebKit/537.36 (KHTML, like Gecko) Chrome/60.0.3112.113 Safari/537.36"
18.144.168.141 - - [01/May/2021:02:02:38 -0500] "HEAD /epa/scripts/win/nsepa_setup.exe HTTP/1.1" 404 0 "-" "Mozilla/5.0 (Macintosh; Intel Mac OS X 10_11_5) AppleWebKit/537.36 (KHTML, like Gecko) Chrome/50.0.2661.102 Safari/537.36"
52.37.96.72 - - [01/May/2021:02:07:17 -0500] "GET /JimMartinson/CST1025/Resources/ComputerNetworks/ipv4.html HTTP/1.1" 200 165548 "-" "Python-urllib/3.6"
207.46.13.66 - - [01/May/2021:02:09:02 -0500] "GET /JimMartinson/CST1602/InstructionalGuide.php HTTP/1.1" 301 185 "-" "Mozilla/5.0 (compatible; bingbot/2.0; +http://www.bing.com/bingbot.htm)"
207.46.13.61 - - [01/May/2021:02:12:33 -0500] "GET /jeffpolman/CST1701/resources/presentations/Exploration_Routing_Chapter_8.ppt HTTP/1.1" 301 185 "-" "Mozilla/5.0 (compatible; bingbot/2.0; +http://www.bing.com/bingbot.htm)"
207.46.13.98 - - [01/May/2021:02:16:08 -0500] "GET /Login/ HTTP/1.1" 301 185 "-" "Mozilla/5.0 (compatible; bingbot/2.0; +http://www.bing.com/bingbot.htm)"
104.237.140.169 - - [01/May/2021:02:17:25 -0500] "GET / HTTP/1.1" 200 12398 "-" "Mozilla/5.0 (Windows NT 10.0; Win64; x64) AppleWebKit/537.36 (KHTML, like Gecko) Chrome/60.0.3112.113 Safari/537.36"
95.216.96.245 - - [01/May/2021:02:20:46 -0500] "GET /JeffPolman/ HTTP/1.1" 200 5943 "https://cst.ridgewater.edu/JeffPolman" "Mozilla/5.0 (compatible; SEOkicks; +https://www.seokicks.de/robot.html)"
95.216.96.245 - - [01/May/2021:02:20:49 -0500] "GET /JimMartinson HTTP/1.1" 301 185 "https://cst.ridgewater.edu/" "Mozilla/5.0 (compatible; SEOkicks; +https://www.seokicks.de/robot.html)"
95.216.96.245 - - [01/May/2021:02:20:51 -0500] "GET /JimMartinson/ HTTP/1.1" 200 11811 "https://cst.ridgewater.edu/JimMartinson" "Mozilla/5.0 (compatible; SEOkicks; +https://www.seokicks.de/robot.html)"
95.216.96.245 - - [01/May/2021:02:20:56 -0500] "GET /CSTclub/index.html HTTP/1.1" 200 3450 "https://cst.ridgewater.edu/CSTclub/" "Mozilla/5.0 (compatible; SEOkicks; +https://www.seokicks.de/robot.html)"
95.216.96.245 - - [01/May/2021:02:20:58 -0500] "GET /CSTclub/cst-club.html HTTP/1.1" 200 3881 "https://cst.ridgewater.edu/CSTclub/" "Mozilla/5.0 (compatible; SEOkicks; +https://www.seokicks.de/robot.html)"
95.216.96.245 - - [01/May/2021:02:21:01 -0500] "GET /CSTclub/docs/willmar-contact-card.vcf HTTP/1.1" 200 325 "https://cst.ridgewater.edu/CSTclub/" "Mozilla/5.0 (compatible; SEOkicks; +https://www.seokicks.de/robot.html)"
95.216.96.245 - - [01/May/2021:02:21:03 -0500] "GET /CSTclub/docs/hutchinson-contact-card.vcf HTTP/1.1" 200 320 "https://cst.ridgewater.edu/CSTclub/" "Mozilla/5.0 (compatible; SEOkicks; +https://www.seokicks.de/robot.html)"
95.216.96.245 - - [01/May/2021:02:21:07 -0500] "GET /JimMartinson/CST1025/ HTTP/1.1" 200 9850 "https://cst.ridgewater.edu/JimMartinson/" "Mozilla/5.0 (compatible; SEOkicks; +https://www.seokicks.de/robot.html)"
95.216.96.245 - - [01/May/2021:02:21:10 -0500] "GET /JimMartinson/CST1026/ HTTP/1.1" 200 9850 "https://cst.ridgewater.edu/JimMartinson/" "Mozilla/5.0 (compatible; SEOkicks; +https://www.seokicks.de/robot.html)"
95.216.96.245 - - [01/May/2021:02:21:13 -0500] "GET /JimMartinson/CST1600/ HTTP/1.1" 200 9874 "https://cst.ridgewater.edu/JimMartinson/" "Mozilla/5.0 (compatible; SEOkicks; +https://www.seokicks.de/robot.html)"
95.216.96.245 - - [01/May/2021:02:21:17 -0500] "GET /JimMartinson/CST1602/ HTTP/1.1" 200 9774 "https://cst.ridgewater.edu/JimMartinson/" "Mozilla/5.0 (compatible; SEOkicks; +https://www.seokicks.de/robot.html)"
40.77.167.98 - - [01/May/2021:02:22:46 -0500] "GET /JimMartinson/CST1611/?Assignments HTTP/1.1" 200 7157 "-" "Mozilla/5.0 (compatible; bingbot/2.0; +http://www.bing.com/bingbot.htm)"
114.119.130.251 - - [01/May/2021:02:29:31 -0500] "GET /vmware/downloads/vmrc/VMware-Remote-Console-10.0.6-14247266.dmg HTTP/1.1" 301 185 "-" "Mozilla/5.0 (Linux; Android 7.0;) AppleWebKit/537.36 (KHTML, like Gecko) Mobile Safari/537.36 (compatible; PetalBot;+https://webmaster.petalsearch.com/site/petalbot)"
114.119.130.251 - - [01/May/2021:02:29:32 -0500] "GET /vmware/downloads/vmrc/VMware-Remote-Console-10.0.6-14247266.dmg HTTP/1.1" 404 169 "-" "Mozilla/5.0 (Linux; Android 7.0;) AppleWebKit/537.36 (KHTML, like Gecko) Mobile Safari/537.36 (compatible; PetalBot;+https://webmaster.petalsearch.com/site/petalbot)"
185.191.171.41 - - [01/May/2021:02:29:51 -0500] "GET /robots.txt HTTP/1.1" 404 169 "-" "Mozilla/5.0 (compatible; SemrushBot/7~bl; +http://www.semrush.com/bot.html)"
185.191.171.17 - - [01/May/2021:02:30:41 -0500] "GET /JimMartinson/CST1025/Resources/Links/NetworkConfiguration/Network%20Configuration.URL HTTP/1.1" 499 0 "-" "Mozilla/5.0 (compatible; SemrushBot/7~bl; +http://www.semrush.com/bot.html)"
40.77.167.100 - - [01/May/2021:02:31:00 -0500] "GET /Credentials/index.cfm?Credential_ID=1371 HTTP/1.1" 301 185 "-" "Mozilla/5.0 (compatible; bingbot/2.0; +http://www.bing.com/bingbot.htm)"
185.191.171.17 - - [01/May/2021:02:31:31 -0500] "GET /JimMartinson/CST1025/Resources/Links/NetworkConfiguration/Network%20Configuration.URL HTTP/1.1" 499 0 "-" "Mozilla/5.0 (compatible; SemrushBot/7~bl; +http://www.semrush.com/bot.html)"
207.46.13.112 - - [01/May/2021:02:33:02 -0500] "GET /JimMartinson/ HTTP/1.1" 200 11812 "-" "Mozilla/5.0 (compatible; bingbot/2.0; +http://www.bing.com/bingbot.htm)"
40.77.191.158 - - [01/May/2021:02:33:03 -0500] "GET /css/CST.css?datetime=20210501023302 HTTP/1.1" 200 24467 "https://cst.ridgewater.edu/JimMartinson/" "Mozilla/5.0 (Windows NT 6.1; WOW64) AppleWebKit/534+ (KHTML, like Gecko) BingPreview/1.0b"
40.77.191.158 - - [01/May/2021:02:33:03 -0500] "GET /css/debug.css?datetime=20210501023302 HTTP/1.1" 200 17 "https://cst.ridgewater.edu/JimMartinson/" "Mozilla/5.0 (Windows NT 6.1; WOW64) AppleWebKit/534+ (KHTML, like Gecko) BingPreview/1.0b"
40.77.191.158 - - [01/May/2021:02:33:03 -0500] "GET /css/tooltip.css?datetime=20210501023302 HTTP/1.1" 200 2300 "https://cst.ridgewater.edu/JimMartinson/" "Mozilla/5.0 (Windows NT 6.1; WOW64) AppleWebKit/534+ (KHTML, like Gecko) BingPreview/1.0b"
40.77.191.158 - - [01/May/2021:02:33:03 -0500] "GET /js/CST.js?S&datetime=20210501023302 HTTP/1.1" 200 12049 "https://cst.ridgewater.edu/JimMartinson/" "Mozilla/5.0 (Windows NT 6.1; WOW64) AppleWebKit/534+ (KHTML, like Gecko) BingPreview/1.0b"
40.77.191.158 - - [01/May/2021:02:33:03 -0500] "GET /js/div.js?i&datetime=20210501023302 HTTP/1.1" 200 7433 "https://cst.ridgewater.edu/JimMartinson/" "Mozilla/5.0 (Windows NT 6.1; WOW64) AppleWebKit/534+ (KHTML, like Gecko) BingPreview/1.0b"
40.77.191.158 - - [01/May/2021:02:33:03 -0500] "GET /js/CollapsibleLists.js?o&datetime=20210501023302 HTTP/1.1" 200 1018 "https://cst.ridgewater.edu/JimMartinson/" "Mozilla/5.0 (Windows NT 6.1; WOW64) AppleWebKit/534+ (KHTML, like Gecko) BingPreview/1.0b"
40.77.191.158 - - [01/May/2021:02:33:03 -0500] "GET /js/debug.js?e&datetime=20210501023302 HTTP/1.1" 200 10964 "https://cst.ridgewater.edu/JimMartinson/" "Mozilla/5.0 (Windows NT 6.1; WOW64) AppleWebKit/534+ (KHTML, like Gecko) BingPreview/1.0b"
40.77.191.158 - - [01/May/2021:02:33:03 -0500] "GET /js/tooltip.js?o&datetime=20210501023302 HTTP/1.1" 200 13888 "https://cst.ridgewater.edu/JimMartinson/" "Mozilla/5.0 (Windows NT 6.1; WOW64) AppleWebKit/534+ (KHTML, like Gecko) BingPreview/1.0b"
40.77.167.100 - - [01/May/2021:02:33:31 -0500] "GET /JimMartinson/CST1025/Resources/Introduction_to_Networking.pdf HTTP/1.1" 304 0 "-" "Mozilla/5.0 (compatible; bingbot/2.0; +http://www.bing.com/bingbot.htm)"
34.77.162.27 - - [01/May/2021:02:35:52 -0500] "GET / HTTP/1.1" 200 12395 "-" "Expanse, a Palo Alto Networks company, searches across the global IPv4 space multiple times per day to identify customers&#39; presences on the Internet. If you would like to be excluded from our scans, please send IP addresses/domains to: scaninfo@paloaltonetworks.com"
207.46.13.98 - - [01/May/2021:02:37:41 -0500] "GET /Credentials/index.cfm?Credential_ID=1959 HTTP/1.1" 301 185 "-" "Mozilla/5.0 (compatible; bingbot/2.0; +http://www.bing.com/bingbot.htm)"
207.46.13.61 - - [01/May/2021:02:37:55 -0500] "GET /Credentials/index.cfm?Credential_ID=1957 HTTP/1.1" 301 185 "-" "Mozilla/5.0 (compatible; bingbot/2.0; +http://www.bing.com/bingbot.htm)"
66.249.72.170 - - [01/May/2021:02:40:14 -0500] "GET /robots.txt HTTP/1.1" 404 169 "-" "Mozilla/5.0 (compatible; Googlebot/2.1; +http://www.google.com/bot.html)"
66.249.72.166 - - [01/May/2021:02:40:14 -0500] "GET /JimMartinson/MMDT2146/Notes/ HTTP/1.1" 200 218 "-" "Mozilla/5.0 (Linux; Android 6.0.1; Nexus 5X Build/MMB29P) AppleWebKit/537.36 (KHTML, like Gecko) Chrome/89.0.4389.130 Mobile Safari/537.36 (compatible; Googlebot/2.1; +http://www.google.com/bot.html)"
114.119.156.27 - - [01/May/2021:02:49:59 -0500] "GET /robots.txt HTTP/1.1" 301 185 "-" "Mozilla/5.0 (compatible;PetalBot;+https://webmaster.petalsearch.com/site/petalbot)"
203.133.176.37 - - [01/May/2021:02:56:48 -0500] "GET /robots.txt HTTP/1.1" 404 169 "-" "Mozilla/5.0 (compatible; Daum/4.1; +http://cs.daum.net/faq/15/4118.html?faqId=28966)"
203.133.176.37 - - [01/May/2021:02:56:49 -0500] "GET / HTTP/1.1" 200 12397 "-" "Mozilla/5.0 (compatible; Daum/4.1; +http://cs.daum.net/faq/15/4118.html?faqId=28966)"
114.119.149.205 - - [01/May/2021:02:57:37 -0500] "GET /robots.txt HTTP/1.1" 404 169 "-" "Mozilla/5.0 (compatible;PetalBot;+https://webmaster.petalsearch.com/site/petalbot)"
66.249.72.42 - - [01/May/2021:02:57:43 -0500] "GET /Credentials/1997-98/PCHelpdeskTechnicianCertificate.98.pdf HTTP/1.1" 301 185 "-" "Googlebot/2.1 (+http://www.google.com/bot.html)"
207.46.13.149 - - [01/May/2021:03:01:04 -0500] "GET /JimMartinson/CST2881/ HTTP/1.1" 200 9820 "-" "Mozilla/5.0 (compatible; bingbot/2.0; +http://www.bing.com/bingbot.htm)"
34.77.162.4 - - [01/May/2021:03:01:41 -0500] "GET / HTTP/1.1" 301 185 "-" "Expanse, a Palo Alto Networks company, searches across the global IPv4 space multiple times per day to identify customers&#39; presences on the Internet. If you would like to be excluded from our scans, please send IP addresses/domains to: scaninfo@paloaltonetworks.com"
66.249.72.40 - - [01/May/2021:03:07:31 -0500] "GET / HTTP/1.1" 301 185 "-" "Mozilla/5.0 (compatible; Googlebot/2.1; +http://www.google.com/bot.html)"
66.249.72.166 - - [01/May/2021:03:07:37 -0500] "GET /js/tooltip.js?o&datetime=20210430223442 HTTP/1.1" 200 13888 "https://cst.ridgewater.edu/" "Mozilla/5.0 AppleWebKit/537.36 (KHTML, like Gecko; compatible; Googlebot/2.1; +http://www.google.com/bot.html) Chrome/89.0.4389.130 Safari/537.36"
66.249.72.172 - - [01/May/2021:03:10:14 -0500] "GET /index.php?331 HTTP/1.1" 301 185 "-" "Mozilla/5.0 (Linux; Android 6.0.1; Nexus 5X Build/MMB29P) AppleWebKit/537.36 (KHTML, like Gecko) Chrome/89.0.4389.130 Mobile Safari/537.36 (compatible; Googlebot/2.1; +http://www.google.com/bot.html)"
66.249.72.168 - - [01/May/2021:03:10:15 -0500] "GET /index.php?331 HTTP/1.1" 200 12396 "-" "Mozilla/5.0 (Linux; Android 6.0.1; Nexus 5X Build/MMB29P) AppleWebKit/537.36 (KHTML, like Gecko) Chrome/89.0.4389.130 Mobile Safari/537.36 (compatible; Googlebot/2.1; +http://www.google.com/bot.html)"
66.249.72.166 - - [01/May/2021:03:10:19 -0500] "GET /css/tooltip.css?datetime=20210501031015 HTTP/1.1" 200 2300 "https://cst.ridgewater.edu/index.php?331" "Mozilla/5.0 (Linux; Android 6.0.1; Nexus 5X Build/MMB29P) AppleWebKit/537.36 (KHTML, like Gecko) Chrome/89.0.4389.130 Mobile Safari/537.36 (compatible; Googlebot/2.1; +http://www.google.com/bot.html)"
185.191.171.20 - - [01/May/2021:03:15:48 -0500] "GET /JimMartinson/CST1025/Resources/Hardware/2)%20wire/ HTTP/1.1" 200 796 "-" "Mozilla/5.0 (compatible; SemrushBot/7~bl; +http://www.semrush.com/bot.html)"
40.77.167.100 - - [01/May/2021:03:19:58 -0500] "GET /JimMartinson/CST1025/ HTTP/1.1" 200 9851 "-" "Mozilla/5.0 (compatible; bingbot/2.0; +http://www.bing.com/bingbot.htm)"
40.77.167.100 - - [01/May/2021:03:19:59 -0500] "GET /JimMartinson/MMDT1021/?Assignments HTTP/1.1" 200 7161 "-" "Mozilla/5.0 (compatible; bingbot/2.0; +http://www.bing.com/bingbot.htm)"
40.77.167.98 - - [01/May/2021:03:20:04 -0500] "GET /AllenBenusa/ HTTP/1.1" 200 5961 "-" "Mozilla/5.0 (compatible; bingbot/2.0; +http://www.bing.com/bingbot.htm)"
40.77.167.100 - - [01/May/2021:03:20:45 -0500] "GET /Credentials/1998-99/_notes/dwsync.xml HTTP/1.1" 200 766 "-" "Mozilla/5.0 (compatible; bingbot/2.0; +http://www.bing.com/bingbot.htm)"
95.163.255.209 - - [01/May/2021:03:25:10 -0500] "GET /robots.txt HTTP/1.0" 404 169 "-" "Mozilla/5.0 (compatible; Linux x86_64; Mail.RU_Bot/2.0; +http://go.mail.ru/help/robots)"
95.163.255.201 - - [01/May/2021:03:25:12 -0500] "GET /vmware/ActivateWindows.txt HTTP/1.1" 200 103 "-" "Mozilla/5.0 (compatible; Linux x86_64; Mail.RU_Bot/2.0; +http://go.mail.ru/help/robots)"
66.249.69.248 - - [01/May/2021:03:27:09 -0500] "GET / HTTP/1.1" 301 185 "-" "Mozilla/5.0 (compatible; Googlebot/2.1; +http://www.google.com/bot.html)"
66.249.72.166 - - [01/May/2021:03:27:11 -0500] "GET /css/CST.css?datetime=20210430223442 HTTP/1.1" 200 24467 "https://cst.ridgewater.edu/" "Mozilla/5.0 AppleWebKit/537.36 (KHTML, like Gecko; compatible; Googlebot/2.1; +http://www.google.com/bot.html) Chrome/89.0.4389.130 Safari/537.36"
66.249.72.166 - - [01/May/2021:03:27:13 -0500] "GET /js/tooltip.js?o&datetime=20210430223442 HTTP/1.1" 200 13888 "https://cst.ridgewater.edu/" "Mozilla/5.0 AppleWebKit/537.36 (KHTML, like Gecko; compatible; Googlebot/2.1; +http://www.google.com/bot.html) Chrome/89.0.4389.130 Safari/537.36"
95.216.96.245 - - [01/May/2021:03:32:23 -0500] "GET /JimMartinson/CST1611/ HTTP/1.1" 200 9872 "https://cst.ridgewater.edu/JimMartinson/" "Mozilla/5.0 (compatible; SEOkicks; +https://www.seokicks.de/robot.html)"
95.216.96.245 - - [01/May/2021:03:32:30 -0500] "GET /JimMartinson/CST2881/ HTTP/1.1" 200 9820 "https://cst.ridgewater.edu/JimMartinson/" "Mozilla/5.0 (compatible; SEOkicks; +https://www.seokicks.de/robot.html)"
95.216.96.245 - - [01/May/2021:03:32:34 -0500] "GET /JimMartinson/CST2950/ HTTP/1.1" 200 9749 "https://cst.ridgewater.edu/JimMartinson/" "Mozilla/5.0 (compatible; SEOkicks; +https://www.seokicks.de/robot.html)"
95.216.96.245 - - [01/May/2021:03:32:39 -0500] "GET /JimMartinson/MMDT1021/ HTTP/1.1" 200 9887 "https://cst.ridgewater.edu/JimMartinson/" "Mozilla/5.0 (compatible; SEOkicks; +https://www.seokicks.de/robot.html)"
95.216.96.245 - - [01/May/2021:03:32:42 -0500] "GET /JimMartinson/MMDT2146/ HTTP/1.1" 200 9896 "https://cst.ridgewater.edu/JimMartinson/" "Mozilla/5.0 (compatible; SEOkicks; +https://www.seokicks.de/robot.html)"
95.216.96.245 - - [01/May/2021:03:32:47 -0500] "GET /JimMartinson/CST1025/Schedule/ HTTP/1.1" 200 7101 "https://cst.ridgewater.edu/JimMartinson/" "Mozilla/5.0 (compatible; SEOkicks; +https://www.seokicks.de/robot.html)"
95.216.96.245 - - [01/May/2021:03:32:49 -0500] "GET /JimMartinson/CST1026/Schedule/ HTTP/1.1" 200 7101 "https://cst.ridgewater.edu/JimMartinson/" "Mozilla/5.0 (compatible; SEOkicks; +https://www.seokicks.de/robot.html)"
95.216.96.245 - - [01/May/2021:03:32:52 -0500] "GET /JimMartinson/CST1600/Schedule/ HTTP/1.1" 200 7101 "https://cst.ridgewater.edu/JimMartinson/" "Mozilla/5.0 (compatible; SEOkicks; +https://www.seokicks.de/robot.html)"
95.216.96.245 - - [01/May/2021:03:32:56 -0500] "GET /JimMartinson/MMDT2146/Schedule/ HTTP/1.1" 200 7104 "https://cst.ridgewater.edu/JimMartinson/" "Mozilla/5.0 (compatible; SEOkicks; +https://www.seokicks.de/robot.html)"
95.216.96.245 - - [01/May/2021:03:32:58 -0500] "GET /JimMartinson/CST1611/Schedule/ HTTP/1.1" 200 7101 "https://cst.ridgewater.edu/JimMartinson/" "Mozilla/5.0 (compatible; SEOkicks; +https://www.seokicks.de/robot.html)"
95.216.96.245 - - [01/May/2021:03:33:01 -0500] "GET /JimMartinson/MMDT1021/Schedule/ HTTP/1.1" 200 7104 "https://cst.ridgewater.edu/JimMartinson/" "Mozilla/5.0 (compatible; SEOkicks; +https://www.seokicks.de/robot.html)"
186.122.16.234 - - [01/May/2021:03:36:33 -0500] "GET /wp-login.php HTTP/1.1" 404 36 "-" "Mozilla/4.0 (compatible; MSIE 6.0; Windows NT 5.0)"
66.249.72.168 - - [01/May/2021:03:40:14 -0500] "GET /JimMartinson/CST1025/Resources/ComputerNetworks/security.html HTTP/1.1" 200 279617 "-" "Mozilla/5.0 (compatible; Googlebot/2.1; +http://www.google.com/bot.html)"
66.249.72.166 - - [01/May/2021:03:40:18 -0500] "GET /JimMartinson/CST1025/Resources/ComputerNetworks/_images/wep_crack_5.svg HTTP/1.1" 200 55982 "https://cst.ridgewater.edu/JimMartinson/CST1025/Resources/ComputerNetworks/security.html" "Mozilla/5.0 AppleWebKit/537.36 (KHTML, like Gecko; compatible; Googlebot/2.1; +http://www.google.com/bot.html) Chrome/89.0.4389.130 Safari/537.36"
185.191.171.25 - - [01/May/2021:03:41:13 -0500] "GET /robots.txt HTTP/1.1" 404 169 "-" "Mozilla/5.0 (compatible; SemrushBot/7~bl; +http://www.semrush.com/bot.html)"
185.191.171.37 - - [01/May/2021:03:41:14 -0500] "GET /JimMartinson/CST1600/Resources/Install/VC_redist.x64.exe HTTP/1.1" 200 147200 "-" "Mozilla/5.0 (compatible; SemrushBot/7~bl; +http://www.semrush.com/bot.html)"
2.61.73.110 - - [01/May/2021:03:43:23 -0500] "GET /wp-login.php HTTP/1.1" 404 36 "-" "Mozilla/4.0 (compatible; MSIE 6.0; Windows NT 5.0)"
138.68.73.41 - - [01/May/2021:03:43:47 -0500] "GET / HTTP/1.1" 301 185 "-" "curl/7.58.0"
34.121.182.57 - - [01/May/2021:03:45:12 -0500] "GET /jeffpolman/CST1701/resources/presentations/VLSMandCIDR.ppt HTTP/1.1" 301 185 "-" "Go-http-client/1.1"
34.121.182.57 - - [01/May/2021:03:45:12 -0500] "GET /jeffpolman/CST1701/resources/presentations/VLSMandCIDR.ppt HTTP/1.1" 404 169 "http://cst.ridgewater.edu/jeffpolman/CST1701/resources/presentations/VLSMandCIDR.ppt" "Go-http-client/1.1"
104.236.45.152 - - [01/May/2021:03:45:51 -0500] "GET /.env HTTP/1.1" 301 185 "-" "Mozilla/5.0 (Macintosh; Intel Mac OS X 10.15; rv:77.0) Gecko/20100101 Firefox/77.0"
104.236.45.152 - - [01/May/2021:03:45:53 -0500] "GET /.env HTTP/1.1" 404 169 "-" "Mozilla/5.0 (Macintosh; Intel Mac OS X 10.15; rv:77.0) Gecko/20100101 Firefox/77.0"
104.236.45.152 - - [01/May/2021:03:45:57 -0500] "GET /wp-content/ HTTP/1.1" 301 185 "-" "Mozilla/5.0 (Macintosh; Intel Mac OS X 10.15; rv:77.0) Gecko/20100101 Firefox/77.0"
104.236.45.152 - - [01/May/2021:03:46:01 -0500] "GET /wp-content/ HTTP/1.1" 404 169 "-" "Mozilla/5.0 (Macintosh; Intel Mac OS X 10.15; rv:77.0) Gecko/20100101 Firefox/77.0"
114.119.136.139 - - [01/May/2021:03:49:11 -0500] "GET /JimMartinson/CST1025/Resources/ComputerNetworks/auxiliary_files/mininet/switchline_rc.py HTTP/1.1" 200 1891 "-" "Mozilla/5.0 (Linux; Android 7.0;) AppleWebKit/537.36 (KHTML, like Gecko) Mobile Safari/537.36 (compatible; PetalBot;+https://webmaster.petalsearch.com/site/petalbot)"
89.248.165.26 - - [01/May/2021:03:52:03 -0500] "\x03\x00\x00\x13\x0E\xE0\x00\x00\x00\x00\x00\x01\x00\x08\x00\x02\x00\x00\x00" 400 173 "-" "-"
62.102.148.69 - - [01/May/2021:03:56:58 -0500] "GET / HTTP/1.1" 301 185 "-" "Mozilla/5.0 (compatible; Baiduspider/2.0; +http://www.baidu.com/search/spider.html)"
23.129.64.230 - - [01/May/2021:03:57:03 -0500] "GET / HTTP/1.1" 200 12396 "http://134.29.175.74/" "Mozilla/5.0 (compatible; Baiduspider/2.0; +http://www.baidu.com/search/spider.html)"
134.175.237.44 - - [01/May/2021:03:57:09 -0500] "GET /invoker/readonly HTTP/1.1" 301 185 "-" "Mozilla/5.0 (Macintosh; Intel Mac OS X 10.14; rv:78.0) Gecko/20100101 Firefox/78.0"
134.175.237.44 - - [01/May/2021:03:57:39 -0500] "POST /_ignition/execute-solution HTTP/1.1" 301 185 "-" "Mozilla/5.0 (Macintosh; Intel Mac OS X 10.14; rv:78.0) Gecko/20100101 Firefox/78.0"
134.175.237.44 - - [01/May/2021:03:58:09 -0500] "POST /vendor/phpunit/phpunit/src/Util/PHP/eval-stdin.php HTTP/1.1" 301 185 "-" "Mozilla/5.0 (Macintosh; Intel Mac OS X 10.14; rv:78.0) Gecko/20100101 Firefox/78.0"
134.175.237.44 - - [01/May/2021:03:58:39 -0500] "GET / HTTP/1.1" 301 185 "-" "Mozilla/5.0 (Macintosh; Intel Mac OS X 10.14; rv:78.0) Gecko/20100101 Firefox/78.0"
134.175.237.44 - - [01/May/2021:03:59:09 -0500] "GET /login HTTP/1.1" 301 185 "-" "Mozilla/5.0 (Macintosh; Intel Mac OS X 10.14; rv:78.0) Gecko/20100101 Firefox/78.0"
134.175.237.44 - 8hYTSUFk [01/May/2021:03:59:39 -0500] "GET /manager/html HTTP/1.1" 301 185 "-" "Mozilla/5.0 (Macintosh; Intel Mac OS X 10.14; rv:78.0) Gecko/20100101 Firefox/78.0"
106.45.11.139 - - [01/May/2021:03:59:41 -0500] "HEAD http://110.242.68.4/ HTTP/1.1" 301 0 "-" "Mozilla/5.0 (Windows NT 6.1; WOW64) AppleWebKit/537.36 (KHTML, like Gecko) Chrome/68.0.3239.132 Safari/537.36"
106.45.11.139 - - [01/May/2021:03:59:41 -0500] "CONNECT cst.ridgewater.edu:443 HTTP/1.1" 400 173 "-" "-"
134.175.237.44 - - [01/May/2021:04:00:09 -0500] "GET /wp-login.php HTTP/1.1" 301 185 "-" "Mozilla/5.0 (Macintosh; Intel Mac OS X 10.14; rv:78.0) Gecko/20100101 Firefox/78.0"
134.175.237.44 - - [01/May/2021:04:00:39 -0500] "GET /?s=/Index/\x5Cthink\x5Capp/invokefunction&function=call_user_func_array&vars[0]=md5&vars[1][]=23Ul19f7 HTTP/1.1" 301 185 "-" "Mozilla/5.0 (Macintosh; Intel Mac OS X 10.14; rv:78.0) Gecko/20100101 Firefox/78.0"
89.191.102.78 - - [01/May/2021:04:01:02 -0500] "GET / HTTP/1.1" 301 185 "-" "Mozilla/5.0 (Windows NT 6.1; WOW64) AppleWebKit/537.36 (KHTML, like Gecko) Chrome/51.0.2704.103 Safari/537.36"
88.5.237.10 - - [01/May/2021:04:02:36 -0500] "GET / HTTP/1.1" 200 12394 "-" "Mozilla/5.0 zgrab/0.x"
207.46.13.112 - - [01/May/2021:04:09:23 -0500] "GET /jeffpolman/CST1701/resources/Lab%20Checkoff%20sheet.doc HTTP/1.1" 404 169 "-" "Mozilla/5.0 (compatible; bingbot/2.0; +http://www.bing.com/bingbot.htm)"
185.191.171.37 - - [01/May/2021:04:09:53 -0500] "GET /JimMartinson/CST1025/Resources/Links/NetworkConfiguration/Using%20PowerShell%20to%20Set%20Static%20and%20DHCP%20IP%20Addresses%20-%20Part%201%20-%20PDQ.com.URL HTTP/1.1" 499 0 "-" "Mozilla/5.0 (compatible; SemrushBot/7~bl; +http://www.semrush.com/bot.html)"
66.249.72.168 - - [01/May/2021:04:10:14 -0500] "GET /CSTclub/docs/declaration-to-be-active-and-club-roster.docx HTTP/1.1" 200 4796230 "-" "Mozilla/5.0 (compatible; Googlebot/2.1; +http://www.google.com/bot.html)"
185.191.171.37 - - [01/May/2021:04:10:43 -0500] "GET /JimMartinson/CST1025/Resources/Links/NetworkConfiguration/Using%20PowerShell%20to%20Set%20Static%20and%20DHCP%20IP%20Addresses%20-%20Part%201%20-%20PDQ.com.URL HTTP/1.1" 499 0 "-" "Mozilla/5.0 (compatible; SemrushBot/7~bl; +http://www.semrush.com/bot.html)"
114.119.154.103 - - [01/May/2021:04:18:14 -0500] "GET /JimMartinson/CST1602/InstructionalGuide.php HTTP/1.1" 301 185 "-" "Mozilla/5.0 (Linux; Android 7.0;) AppleWebKit/537.36 (KHTML, like Gecko) Mobile Safari/537.36 (compatible; PetalBot;+https://webmaster.petalsearch.com/site/petalbot)"
162.62.133.40 - - [01/May/2021:04:18:29 -0500] "GET / HTTP/1.1" 301 185 "-" "-"
207.46.13.66 - - [01/May/2021:04:22:27 -0500] "GET /JimMartinson/CST1611/Schedule/ HTTP/1.1" 200 7100 "-" "Mozilla/5.0 (compatible; bingbot/2.0; +http://www.bing.com/bingbot.htm)"
131.220.6.152 - - [01/May/2021:04:25:16 -0500] "GET / HTTP/1.1" 200 12396 "-" "Mozilla/5.0 (X11; Linux x86_64) AppleWebKit/537.36 (KHTML, like Gecko) Chrome/79.0.3945.79 Safari/537.36"
207.46.13.102 - - [01/May/2021:04:29:21 -0500] "GET /JimMartinson/CST1600/ HTTP/1.1" 200 9875 "-" "Mozilla/5.0 (compatible; bingbot/2.0; +http://www.bing.com/bingbot.htm)"
207.46.13.66 - - [01/May/2021:04:29:29 -0500] "GET /JimMartinson/CST1611/Schedule/ HTTP/1.1" 200 7100 "-" "Mozilla/5.0 (compatible; bingbot/2.0; +http://www.bing.com/bingbot.htm)"
114.119.130.251 - - [01/May/2021:04:29:44 -0500] "GET /JimMartinson/CST1025/Resources/ComputerNetworks/genindex.html HTTP/1.1" 200 137922 "-" "Mozilla/5.0 (Linux; Android 7.0;) AppleWebKit/537.36 (KHTML, like Gecko) Mobile Safari/537.36 (compatible; PetalBot;+https://webmaster.petalsearch.com/site/petalbot)"
95.216.96.245 - - [01/May/2021:04:34:47 -0500] "GET /CSTclub/docs/declaration-to-be-active-and-club-roster.docx HTTP/1.1" 200 81618 "https://cst.ridgewater.edu/CSTclub/cst-club.html" "Mozilla/5.0 (compatible; SEOkicks; +https://www.seokicks.de/robot.html)"
95.216.96.245 - - [01/May/2021:04:34:49 -0500] "GET /CSTclub/docs/cst-club-notes.docx HTTP/1.1" 200 13196 "https://cst.ridgewater.edu/CSTclub/cst-club.html" "Mozilla/5.0 (compatible; SEOkicks; +https://www.seokicks.de/robot.html)"
95.216.96.245 - - [01/May/2021:04:34:52 -0500] "GET /CSTclub/docs/mission-and-goals-14-15.docx HTTP/1.1" 200 81618 "https://cst.ridgewater.edu/CSTclub/cst-club.html" "Mozilla/5.0 (compatible; SEOkicks; +https://www.seokicks.de/robot.html)"
95.216.96.245 - - [01/May/2021:04:34:55 -0500] "GET /JimMartinson/CST1025/?Assignments HTTP/1.1" 200 7158 "https://cst.ridgewater.edu/JimMartinson/CST1025/" "Mozilla/5.0 (compatible; SEOkicks; +https://www.seokicks.de/robot.html)"
95.216.96.245 - - [01/May/2021:04:35:00 -0500] "GET /JimMartinson/CST1025/Resources/ HTTP/1.1" 200 1839 "https://cst.ridgewater.edu/JimMartinson/CST1025/" "Mozilla/5.0 (compatible; SEOkicks; +https://www.seokicks.de/robot.html)"
95.216.96.245 - - [01/May/2021:04:35:06 -0500] "GET /JimMartinson/CST1025/Syllabus.php HTTP/1.1" 200 7110 "https://cst.ridgewater.edu/JimMartinson/CST1025/" "Mozilla/5.0 (compatible; SEOkicks; +https://www.seokicks.de/robot.html)"
95.216.96.245 - - [01/May/2021:04:35:12 -0500] "GET /JimMartinson/CST1026/?Assignments HTTP/1.1" 200 7158 "https://cst.ridgewater.edu/JimMartinson/CST1026/" "Mozilla/5.0 (compatible; SEOkicks; +https://www.seokicks.de/robot.html)"
95.216.96.245 - - [01/May/2021:04:35:17 -0500] "GET /JimMartinson/CST1026/Resources/ HTTP/1.1" 200 1100 "https://cst.ridgewater.edu/JimMartinson/CST1026/" "Mozilla/5.0 (compatible; SEOkicks; +https://www.seokicks.de/robot.html)"
95.216.96.245 - - [01/May/2021:04:35:22 -0500] "GET /JimMartinson/CST1026/Syllabus.php HTTP/1.1" 200 7110 "https://cst.ridgewater.edu/JimMartinson/CST1026/" "Mozilla/5.0 (compatible; SEOkicks; +https://www.seokicks.de/robot.html)"
95.216.96.245 - - [01/May/2021:04:35:28 -0500] "GET /JimMartinson/CST1600/?Assignments HTTP/1.1" 200 7158 "https://cst.ridgewater.edu/JimMartinson/CST1600/" "Mozilla/5.0 (compatible; SEOkicks; +https://www.seokicks.de/robot.html)"
95.216.96.245 - - [01/May/2021:04:35:32 -0500] "GET /JimMartinson/CST1600/Resources/ HTTP/1.1" 200 3141 "https://cst.ridgewater.edu/JimMartinson/CST1600/" "Mozilla/5.0 (compatible; SEOkicks; +https://www.seokicks.de/robot.html)"
40.77.167.98 - - [01/May/2021:04:37:10 -0500] "GET /CSTclub/ HTTP/1.1" 200 3450 "-" "Mozilla/5.0 (compatible; bingbot/2.0; +http://www.bing.com/bingbot.htm)"
207.46.13.102 - - [01/May/2021:04:37:15 -0500] "GET /JimMartinson/CST1025/Schedule/ HTTP/1.1" 200 7101 "-" "Mozilla/5.0 (compatible; bingbot/2.0; +http://www.bing.com/bingbot.htm)"
40.77.167.98 - - [01/May/2021:04:39:11 -0500] "GET /JimMartinson/CST1611/?Assignments HTTP/1.1" 200 7157 "-" "Mozilla/5.0 (compatible; bingbot/2.0; +http://www.bing.com/bingbot.htm)"
66.249.72.170 - - [01/May/2021:04:40:14 -0500] "GET /Zoom/ HTTP/1.1" 301 185 "-" "Mozilla/5.0 (compatible; Googlebot/2.1; +http://www.google.com/bot.html)"
17.121.112.44 - - [01/May/2021:04:40:15 -0500] "GET /JimMartinson/CST1600/ HTTP/1.1" 301 185 "-" "Mozilla/5.0 (Macintosh; Intel Mac OS X 10_15_5) AppleWebKit/605.1.15 (KHTML, like Gecko) Version/13.1.1 Safari/605.1.15 (Applebot/0.1; +http://www.apple.com/go/applebot)"
66.249.72.168 - - [01/May/2021:04:40:15 -0500] "GET /Zoom/ HTTP/1.1" 200 6752 "-" "Mozilla/5.0 (compatible; Googlebot/2.1; +http://www.google.com/bot.html)"
17.121.114.101 - - [01/May/2021:04:40:15 -0500] "GET /JimMartinson/CST1600/ HTTP/1.1" 200 9876 "-" "Mozilla/5.0 (Macintosh; Intel Mac OS X 10_15_5) AppleWebKit/605.1.15 (KHTML, like Gecko) Version/13.1.1 Safari/605.1.15 (Applebot/0.1; +http://www.apple.com/go/applebot)"
66.249.72.166 - - [01/May/2021:04:40:19 -0500] "GET /js/tooltip.js?o&datetime=20210501044015 HTTP/1.1" 200 13888 "https://cst.ridgewater.edu/Zoom/" "Mozilla/5.0 AppleWebKit/537.36 (KHTML, like Gecko; compatible; Googlebot/2.1; +http://www.google.com/bot.html) Chrome/89.0.4389.130 Safari/537.36"
58.249.90.86 - - [01/May/2021:04:48:57 -0500] "POST /GponForm/diag_Form?images/ HTTP/1.1" 301 185 "-" "Hello, World"
58.249.90.86 - - [01/May/2021:04:48:58 -0500] "h+/tmp/gpon80&ipv=0" 400 173 "-" "-"
172.58.86.210 - - [01/May/2021:04:51:16 -0500] "GET / HTTP/1.1" 301 185 "-" "Mozilla/5.0 (Linux; Android 11; SM-A716U) AppleWebKit/537.36 (KHTML, like Gecko) Chrome/90.0.4430.91 Mobile Safari/537.36"
172.58.86.210 - - [01/May/2021:04:51:17 -0500] "GET / HTTP/1.1" 200 12396 "-" "Mozilla/5.0 (Linux; Android 11; SM-A716U) AppleWebKit/537.36 (KHTML, like Gecko) Chrome/90.0.4430.91 Mobile Safari/537.36"
172.58.86.210 - - [01/May/2021:04:51:17 -0500] "GET /css/CST.css?datetime=20210501045116 HTTP/1.1" 200 24467 "https://cst.ridgewater.edu/" "Mozilla/5.0 (Linux; Android 11; SM-A716U) AppleWebKit/537.36 (KHTML, like Gecko) Chrome/90.0.4430.91 Mobile Safari/537.36"
172.58.86.210 - - [01/May/2021:04:51:17 -0500] "GET /css/debug.css?datetime=20210501045116 HTTP/1.1" 200 17 "https://cst.ridgewater.edu/" "Mozilla/5.0 (Linux; Android 11; SM-A716U) AppleWebKit/537.36 (KHTML, like Gecko) Chrome/90.0.4430.91 Mobile Safari/537.36"
172.58.86.210 - - [01/May/2021:04:51:17 -0500] "GET /css/tooltip.css?datetime=20210501045116 HTTP/1.1" 200 2300 "https://cst.ridgewater.edu/" "Mozilla/5.0 (Linux; Android 11; SM-A716U) AppleWebKit/537.36 (KHTML, like Gecko) Chrome/90.0.4430.91 Mobile Safari/537.36"
172.58.86.210 - - [01/May/2021:04:51:17 -0500] "GET /js/CST.js?S&datetime=20210501045116 HTTP/1.1" 200 12049 "https://cst.ridgewater.edu/" "Mozilla/5.0 (Linux; Android 11; SM-A716U) AppleWebKit/537.36 (KHTML, like Gecko) Chrome/90.0.4430.91 Mobile Safari/537.36"
172.58.86.210 - - [01/May/2021:04:51:17 -0500] "GET /js/div.js?i&datetime=20210501045116 HTTP/1.1" 200 7433 "https://cst.ridgewater.edu/" "Mozilla/5.0 (Linux; Android 11; SM-A716U) AppleWebKit/537.36 (KHTML, like Gecko) Chrome/90.0.4430.91 Mobile Safari/537.36"
172.58.86.210 - - [01/May/2021:04:51:17 -0500] "GET /js/tooltip.js?o&datetime=20210501045116 HTTP/1.1" 200 13888 "https://cst.ridgewater.edu/" "Mozilla/5.0 (Linux; Android 11; SM-A716U) AppleWebKit/537.36 (KHTML, like Gecko) Chrome/90.0.4430.91 Mobile Safari/537.36"
172.58.86.210 - - [01/May/2021:04:51:17 -0500] "GET /js/CollapsibleLists.js?o&datetime=20210501045116 HTTP/1.1" 200 1018 "https://cst.ridgewater.edu/" "Mozilla/5.0 (Linux; Android 11; SM-A716U) AppleWebKit/537.36 (KHTML, like Gecko) Chrome/90.0.4430.91 Mobile Safari/537.36"
172.58.86.210 - - [01/May/2021:04:51:17 -0500] "GET /js/debug.js?e&datetime=20210501045116 HTTP/1.1" 200 10964 "https://cst.ridgewater.edu/" "Mozilla/5.0 (Linux; Android 11; SM-A716U) AppleWebKit/537.36 (KHTML, like Gecko) Chrome/90.0.4430.91 Mobile Safari/537.36"
172.58.86.210 - - [01/May/2021:04:51:17 -0500] "GET /images/CSTlogoBlue115.gif HTTP/1.1" 200 8725 "https://cst.ridgewater.edu/" "Mozilla/5.0 (Linux; Android 11; SM-A716U) AppleWebKit/537.36 (KHTML, like Gecko) Chrome/90.0.4430.91 Mobile Safari/537.36"
172.58.86.210 - - [01/May/2021:04:51:17 -0500] "GET /images/CSTlogoGreen115.gif HTTP/1.1" 200 8172 "https://cst.ridgewater.edu/" "Mozilla/5.0 (Linux; Android 11; SM-A716U) AppleWebKit/537.36 (KHTML, like Gecko) Chrome/90.0.4430.91 Mobile Safari/537.36"
172.58.86.210 - - [01/May/2021:04:51:17 -0500] "GET /images/urc.png HTTP/1.1" 200 230 "https://cst.ridgewater.edu/css/CST.css?datetime=20210501045116" "Mozilla/5.0 (Linux; Android 11; SM-A716U) AppleWebKit/537.36 (KHTML, like Gecko) Chrome/90.0.4430.91 Mobile Safari/537.36"
172.58.86.210 - - [01/May/2021:04:51:21 -0500] "GET /JimMartinson HTTP/1.1" 301 185 "https://cst.ridgewater.edu/" "Mozilla/5.0 (Linux; Android 11; SM-A716U) AppleWebKit/537.36 (KHTML, like Gecko) Chrome/90.0.4430.91 Mobile Safari/537.36"
172.58.86.210 - - [01/May/2021:04:51:21 -0500] "GET /JimMartinson/ HTTP/1.1" 200 11812 "https://cst.ridgewater.edu/" "Mozilla/5.0 (Linux; Android 11; SM-A716U) AppleWebKit/537.36 (KHTML, like Gecko) Chrome/90.0.4430.91 Mobile Safari/537.36"
172.58.86.210 - - [01/May/2021:04:51:21 -0500] "GET /css/debug.css?datetime=20210501045121 HTTP/1.1" 200 17 "https://cst.ridgewater.edu/JimMartinson/" "Mozilla/5.0 (Linux; Android 11; SM-A716U) AppleWebKit/537.36 (KHTML, like Gecko) Chrome/90.0.4430.91 Mobile Safari/537.36"
172.58.86.210 - - [01/May/2021:04:51:21 -0500] "GET /js/CST.js?S&datetime=20210501045121 HTTP/1.1" 200 12049 "https://cst.ridgewater.edu/JimMartinson/" "Mozilla/5.0 (Linux; Android 11; SM-A716U) AppleWebKit/537.36 (KHTML, like Gecko) Chrome/90.0.4430.91 Mobile Safari/537.36"
172.58.86.210 - - [01/May/2021:04:51:21 -0500] "GET /js/div.js?i&datetime=20210501045121 HTTP/1.1" 200 7433 "https://cst.ridgewater.edu/JimMartinson/" "Mozilla/5.0 (Linux; Android 11; SM-A716U) AppleWebKit/537.36 (KHTML, like Gecko) Chrome/90.0.4430.91 Mobile Safari/537.36"
172.58.86.210 - - [01/May/2021:04:51:21 -0500] "GET /js/CollapsibleLists.js?o&datetime=20210501045121 HTTP/1.1" 200 1018 "https://cst.ridgewater.edu/JimMartinson/" "Mozilla/5.0 (Linux; Android 11; SM-A716U) AppleWebKit/537.36 (KHTML, like Gecko) Chrome/90.0.4430.91 Mobile Safari/537.36"
172.58.86.210 - - [01/May/2021:04:51:21 -0500] "GET /css/tooltip.css?datetime=20210501045121 HTTP/1.1" 200 2300 "https://cst.ridgewater.edu/JimMartinson/" "Mozilla/5.0 (Linux; Android 11; SM-A716U) AppleWebKit/537.36 (KHTML, like Gecko) Chrome/90.0.4430.91 Mobile Safari/537.36"
172.58.86.210 - - [01/May/2021:04:51:21 -0500] "GET /css/CST.css?datetime=20210501045121 HTTP/1.1" 200 24467 "https://cst.ridgewater.edu/JimMartinson/" "Mozilla/5.0 (Linux; Android 11; SM-A716U) AppleWebKit/537.36 (KHTML, like Gecko) Chrome/90.0.4430.91 Mobile Safari/537.36"
172.58.86.210 - - [01/May/2021:04:51:21 -0500] "GET /js/debug.js?e&datetime=20210501045121 HTTP/1.1" 200 10964 "https://cst.ridgewater.edu/JimMartinson/" "Mozilla/5.0 (Linux; Android 11; SM-A716U) AppleWebKit/537.36 (KHTML, like Gecko) Chrome/90.0.4430.91 Mobile Safari/537.36"
172.58.86.210 - - [01/May/2021:04:51:21 -0500] "GET /js/tooltip.js?o&datetime=20210501045121 HTTP/1.1" 200 13888 "https://cst.ridgewater.edu/JimMartinson/" "Mozilla/5.0 (Linux; Android 11; SM-A716U) AppleWebKit/537.36 (KHTML, like Gecko) Chrome/90.0.4430.91 Mobile Safari/537.36"
172.58.86.210 - - [01/May/2021:04:51:21 -0500] "GET /images/JimMartinson100.jpg HTTP/1.1" 200 16680 "https://cst.ridgewater.edu/JimMartinson/" "Mozilla/5.0 (Linux; Android 11; SM-A716U) AppleWebKit/537.36 (KHTML, like Gecko) Chrome/90.0.4430.91 Mobile Safari/537.36"
172.58.86.210 - - [01/May/2021:04:51:21 -0500] "GET /JimMartinson/20215%20JimMartinson%20Class%20Schedule.png HTTP/1.1" 200 50906 "https://cst.ridgewater.edu/JimMartinson/" "Mozilla/5.0 (Linux; Android 11; SM-A716U) AppleWebKit/537.36 (KHTML, like Gecko) Chrome/90.0.4430.91 Mobile Safari/537.36"
172.58.86.210 - - [01/May/2021:04:51:24 -0500] "GET /JimMartinson/CST1611/ HTTP/1.1" 200 9873 "https://cst.ridgewater.edu/JimMartinson/" "Mozilla/5.0 (Linux; Android 11; SM-A716U) AppleWebKit/537.36 (KHTML, like Gecko) Chrome/90.0.4430.91 Mobile Safari/537.36"
172.58.86.210 - - [01/May/2021:04:51:25 -0500] "GET /css/CST.css?datetime=20210501045124 HTTP/1.1" 200 24467 "https://cst.ridgewater.edu/JimMartinson/CST1611/" "Mozilla/5.0 (Linux; Android 11; SM-A716U) AppleWebKit/537.36 (KHTML, like Gecko) Chrome/90.0.4430.91 Mobile Safari/537.36"
172.58.86.210 - - [01/May/2021:04:51:25 -0500] "GET /css/printing.css?datetime=20210501045124 HTTP/1.1" 200 5910 "https://cst.ridgewater.edu/JimMartinson/CST1611/" "Mozilla/5.0 (Linux; Android 11; SM-A716U) AppleWebKit/537.36 (KHTML, like Gecko) Chrome/90.0.4430.91 Mobile Safari/537.36"
172.58.86.210 - - [01/May/2021:04:51:25 -0500] "GET /js/CollapsibleLists.js?o&datetime=20210501045124 HTTP/1.1" 200 1018 "https://cst.ridgewater.edu/JimMartinson/CST1611/" "Mozilla/5.0 (Linux; Android 11; SM-A716U) AppleWebKit/537.36 (KHTML, like Gecko) Chrome/90.0.4430.91 Mobile Safari/537.36"
172.58.86.210 - - [01/May/2021:04:51:25 -0500] "GET /js/CST.js?S&datetime=20210501045124 HTTP/1.1" 200 12049 "https://cst.ridgewater.edu/JimMartinson/CST1611/" "Mozilla/5.0 (Linux; Android 11; SM-A716U) AppleWebKit/537.36 (KHTML, like Gecko) Chrome/90.0.4430.91 Mobile Safari/537.36"
172.58.86.210 - - [01/May/2021:04:51:25 -0500] "GET /js/openCenteredWindow.js?p&datetime=20210501045124 HTTP/1.1" 200 3771 "https://cst.ridgewater.edu/JimMartinson/CST1611/" "Mozilla/5.0 (Linux; Android 11; SM-A716U) AppleWebKit/537.36 (KHTML, like Gecko) Chrome/90.0.4430.91 Mobile Safari/537.36"
172.58.86.210 - - [01/May/2021:04:51:25 -0500] "GET /js/div.js?i&datetime=20210501045124 HTTP/1.1" 200 7433 "https://cst.ridgewater.edu/JimMartinson/CST1611/" "Mozilla/5.0 (Linux; Android 11; SM-A716U) AppleWebKit/537.36 (KHTML, like Gecko) Chrome/90.0.4430.91 Mobile Safari/537.36"
172.58.86.210 - - [01/May/2021:04:51:28 -0500] "GET /JimMartinson/CST1611/?Assignments HTTP/1.1" 200 7158 "https://cst.ridgewater.edu/JimMartinson/CST1611/" "Mozilla/5.0 (Linux; Android 11; SM-A716U) AppleWebKit/537.36 (KHTML, like Gecko) Chrome/90.0.4430.91 Mobile Safari/537.36"
172.58.86.210 - - [01/May/2021:04:51:28 -0500] "GET /css/CST.css?datetime=20210501045128 HTTP/1.1" 200 24467 "https://cst.ridgewater.edu/JimMartinson/CST1611/?Assignments" "Mozilla/5.0 (Linux; Android 11; SM-A716U) AppleWebKit/537.36 (KHTML, like Gecko) Chrome/90.0.4430.91 Mobile Safari/537.36"
172.58.86.210 - - [01/May/2021:04:51:28 -0500] "GET /css/debug.css?datetime=20210501045128 HTTP/1.1" 200 17 "https://cst.ridgewater.edu/JimMartinson/CST1611/?Assignments" "Mozilla/5.0 (Linux; Android 11; SM-A716U) AppleWebKit/537.36 (KHTML, like Gecko) Chrome/90.0.4430.91 Mobile Safari/537.36"
172.58.86.210 - - [01/May/2021:04:51:28 -0500] "GET /js/CST.js?S&datetime=20210501045128 HTTP/1.1" 200 12049 "https://cst.ridgewater.edu/JimMartinson/CST1611/?Assignments" "Mozilla/5.0 (Linux; Android 11; SM-A716U) AppleWebKit/537.36 (KHTML, like Gecko) Chrome/90.0.4430.91 Mobile Safari/537.36"
172.58.86.210 - - [01/May/2021:04:51:28 -0500] "GET /js/div.js?i&datetime=20210501045128 HTTP/1.1" 200 7433 "https://cst.ridgewater.edu/JimMartinson/CST1611/?Assignments" "Mozilla/5.0 (Linux; Android 11; SM-A716U) AppleWebKit/537.36 (KHTML, like Gecko) Chrome/90.0.4430.91 Mobile Safari/537.36"
172.58.86.210 - - [01/May/2021:04:51:28 -0500] "GET /css/tooltip.css?datetime=20210501045128 HTTP/1.1" 200 2300 "https://cst.ridgewater.edu/JimMartinson/CST1611/?Assignments" "Mozilla/5.0 (Linux; Android 11; SM-A716U) AppleWebKit/537.36 (KHTML, like Gecko) Chrome/90.0.4430.91 Mobile Safari/537.36"
172.58.86.210 - - [01/May/2021:04:51:28 -0500] "GET /js/CollapsibleLists.js?o&datetime=20210501045128 HTTP/1.1" 200 1018 "https://cst.ridgewater.edu/JimMartinson/CST1611/?Assignments" "Mozilla/5.0 (Linux; Android 11; SM-A716U) AppleWebKit/537.36 (KHTML, like Gecko) Chrome/90.0.4430.91 Mobile Safari/537.36"
172.58.86.210 - - [01/May/2021:04:51:28 -0500] "GET /js/debug.js?e&datetime=20210501045128 HTTP/1.1" 200 10964 "https://cst.ridgewater.edu/JimMartinson/CST1611/?Assignments" "Mozilla/5.0 (Linux; Android 11; SM-A716U) AppleWebKit/537.36 (KHTML, like Gecko) Chrome/90.0.4430.91 Mobile Safari/537.36"
