34.76.80.167 - - [08/May/2021:03:39:49 -0500] "GET / HTTP/1.1" 200 12395 "-" "python-requests/2.25.1"
80.82.77.33 - - [08/May/2021:03:39:50 -0500] "\x03QN\x96`\x00\x00\x00\x00\x00\x00\x00\x00\x00\x00\x00\x00\x00\x00\x00\x00\x00\x00\x00\x00\x00\x00\x00\x00\x00\x00\x00\x00\x00\x00\x00\x00\x00\x00\x00\x00\x00\x00\x00\x00\x00\x00\x00\x00\x00\x00\x00\x00\x00\x00\x00\x00\x00\x00\x00\x00\x00\x00\x00\x00\x00\x00\x00\x00\x00\x00\x00\x00\x00\x00\x00\x00\x00\x00\x00\x00\x00\x00\x00\x00\x00\x00\x00\x00\x00\x00\x00\x00\x00\x00\x00\x00\x00\x00\x00\x00\x00\x00\x00\x00\x00\x00\x00\x00\x00\x00\x00\x00\x00\x00\x00\x00\x00\x00\x00\x00\x00\x00\x00\x00\x00\x00\x00\x00\x00\x00\x00\x00\x00\x00\x00\x00\x00\x00\x00\x00\x00\x00\x00\x00\x00\x00\x00\x00\x00\x00\x00\x00\x00\x00\x00\x00\x00\x00\x00\x00\x00\x00\x00\x00\x00\x00\x00\x00\x00\x00\x00\x00\x00\x00\x00\x00\x00\x00\x00\x00\x00\x00\x00\x00\x00\x00\x00\x00\x00\x00\x00\x00\x00\x00\x00\x00\x00\x00\x00\x00\x00\x00\x00\x00\x00\x00\x00\x00\x00\x00\x00\x00\x00\x00\x00\x00\x00\x00\x00\x00\x00\x00\x00\x00\x00\x00\x00\x00\x00\x00\x00\x00\x00\x00\x00\x00\x00\x00\x00\x00\x00\x00\x00\x00\x00\x00\x00\x00\x00\x00\x00\x00\x00\x00\x00\x00\x00\x00\x00\x00\x00\x00\x00\x00\x00\x00\x00\x00\x00\x00\x00\x00\x00\x00\x00\x00\x00\x00\x00\x00\x00\x00\x00\x00\x00\x00\x00\x00\x00\x00\x00\x00\x00\x00\x00\x00\x00\x00\x00\x00\x00\x00\x00\x00\x00\x00\x00\x00\x00\x00\x00\x00\x00\x00\x00\x00\x00\x00\x00\x00\x00\x00\x00\x00\x00\x00\x00\x00\x00\x00\x00\x00\x00\x00\x00\x00\x00\x00\x00\x00\x00\x00\x00\x00\x00\x00\x00\x00\x00\x00\x00\x00\x00\x00\x00\x00\x00\x00\x00\x00\x00\x00\x00\x00\x00\x00\x00\x00\x00\x00\x00\x00\x00\x00\x00\x00\x00\x00\x00\x00\x00\x00\x00\x00\x00\x00\x00\x00\x00\x00\x00\x00\x00\x00\x00\x00\x00\x00\x00\x00\x00\x00\x00\x00\x00\x00\x00\x00\x00\x00\x00\x00\x00\x00\x00\x00\x00\x00\x00\x00\x00\x00\x00\x00\x00\x00\x00\x00\x00\x00\x00\x00\x00\x00\x00\x00\x00\x00\x00\x00\x00\x00\x00\x00\x00\x00\x00\x00\x00\x00\x00\x00\x00\x00\x00\x00\x00\x00\x00\x00\x00\x00\x00\x00\x00\x00\x00\x00\x00\x00\x00\x00\x00\x00\x00\x00\x00\x00\x00\x00\x00\x00\x00\x00\x00\x00\x00\x00\x00\x00\x00\x00\x00\x00\x00\x00\x00\x00\x00\x00\x00\x00\x00\x00\x00\x00\x00\x00\x00\x00\x00\x00\x00\x00\x00\x00\x00\x00\x00\x00\x00\x00\x00\x00\x00\x00\x00\x00\x00\x00\x00\x00\x00\x00\x00\x00\x00\x00\x00\x00\x00\x00\x00\x00\x00\x00\x00\x00\x00\x00\x00\x00\x00\x00\x00\x00\x00\x00\x00\x00\x00\x00\x00\x00\x00\x00\x00\x00\x00\x00\x00\x00\x00\x00\x00\x00\x00\x00\x00\x00\x00\x00\x00\x00\x00\x00\x00\x00\x00\x00\x00\x00\x00\x00\x00\x00\x00\x00\x00\x00\x00\x00\x00\x00\x00\x00\x00\x00\x00\x00\x00\x00\x00\x00\x00\x00\x00\x00\x00\x00\x00\x00\x00\x00\x00\x00\x00\x00\x00\x00\x00\x00\x00\x00\x00\x00\x00\x00\x00\x00\x00\x00\x00\x00\x00\x00\x00\x00\x00\x00\x00\x00\x00\x00\x00\x00\x00\x00\x00\x00\x00\x00\x00\x00\x00\x00\x00\x00\x00\x00\x00\x00\x00\x00\x00\x00\x00\x00\x00\x00\x00\x00\x00\x00\x00\x00\x00\x00\x00\x00\x00\x00\x00\x00\x00\x00\x00\x00\x00\x00\x00\x00\x00\x00\x00\x00\x00\x00\x00\x00\x00\x00\x00\x00\x00\x00\x00\x00\x00\x00\x00\x00\x00\x00\x00\x00\x00\x00\x00\x00\x00\x00\x00\x00\x00\x00\x00\x00\x00\x00\x00\x00\x00\x00\x00\x00\x00\x00\x00\x00\x00\x00\x00\x00\x00\x00\x00\x00\x00\x00\x00\x00\x00\x00\x00\x00\x00\x00\x00\x00\x00\x00\x00\x00\x00\x00\x00\x00\x00\x00\x00\x00\x00\x00\x00\x00\x00\x00\x00\x00\x00\x00\x00\x00\x00\x00\x00\x00\x00\x00\x00\x00\x00\x00\x00\x00\x00\x00\x00\x00\x00\x00\x00\x00\x00\x00\x00\x00\x00\x00\x00\x00\x00\x00\x00\x00\x00\x00\x00\x00\x00\x00\x00\x00\x00\x00\x00\x00\x00\x00\x00\x00\x00\x00\x00\x00\x00\x00\x00\x00\x00\x00\x00\x00\x00\x00\x00\x00\x00\x00\x00\x00\x00\x00\x00\x00\x00\x00\x00\x00\x00\x00\x00\x00\x00\x00\x00\x00\x00\x00\x00\x00\x00\x00\x00\x00\x00\x00\x00\x00\x00\x00\x00\x00\x00\x00\x00\x00\x00\x00\x00\x00\x00\x00\x00\x00\x00\x00\x00\x00\x00\x00\x00\x00\x00\x00\x00\x00\x00\x00\x00\x00\x00\x00\x00\x00\x00\x00\x00\x00\x00\x00\x00\x00\x00\x00\x00\x00\x00\x00\x00\x00\x00\x00\x00\x00\x00\x00\x00\x00\x00\x00\x00\x00\x00\x00\x00\x00\x00\x00\x00\x00\x00\x00\x00\x00\x00\x00\x00\x00\x00\x00\x00\x00\x00\x00\x00\x00\x00\x00\x00\x00\x00\x00\x00\x00\x00\x00\x00\x00\x00\x00\x00\x00\x00\x00\x00\x00\x00\x00\x00\x00\x00\x00\x00\x00\x00\x00\x00\x00\x00\x00\x00\x00\x00\x00\x00\x00\x00\x00\x00\x00\x00" 400 173 "-" "-"
207.46.13.155 - - [08/May/2021:03:40:33 -0500] "GET /Credentials/2006-07/CST1511-CST2512_CourseChange.doc HTTP/1.1" 200 39424 "-" "Mozilla/5.0 (compatible; bingbot/2.0; +http://www.bing.com/bingbot.htm)"
35.192.197.124 - - [08/May/2021:03:42:22 -0500] "GET /jeffpolman/CST2840/resources/rfid/Buckner_Presentation.ppt HTTP/1.1" 301 185 "-" "Go-http-client/1.1"
35.192.197.124 - - [08/May/2021:03:42:22 -0500] "GET /jeffpolman/CST2840/resources/rfid/Buckner_Presentation.ppt HTTP/1.1" 404 169 "http://www.cst.ridgewater.edu/jeffpolman/CST2840/resources/rfid/Buckner_Presentation.ppt" "Go-http-client/1.1"
34.86.35.27 - - [08/May/2021:03:52:13 -0500] "GET / HTTP/1.1" 200 12394 "-" "Expanse, a Palo Alto Networks company, searches across the global IPv4 space multiple times per day to identify customers&#39; presences on the Internet. If you would like to be excluded from our scans, please send IP addresses/domains to: scaninfo@paloaltonetworks.com"
114.119.148.252 - - [08/May/2021:03:53:07 -0500] "GET /Zoom HTTP/1.1" 301 185 "-" "Mozilla/5.0 (Linux; Android 7.0;) AppleWebKit/537.36 (KHTML, like Gecko) Mobile Safari/537.36 (compatible; PetalBot;+https://webmaster.petalsearch.com/site/petalbot)"
114.119.148.252 - - [08/May/2021:03:53:08 -0500] "GET /Zoom/ HTTP/1.1" 200 6754 "-" "Mozilla/5.0 (Linux; Android 7.0;) AppleWebKit/537.36 (KHTML, like Gecko) Mobile Safari/537.36 (compatible; PetalBot;+https://webmaster.petalsearch.com/site/petalbot)"
139.59.152.69 - - [08/May/2021:03:56:16 -0500] "GET / HTTP/1.0" 301 185 "-" "Mozilla/5.0 (Windows NT 10.0; Win64; x64; rv:82.0) Gecko/20100101 Firefox/82.0"
207.46.13.61 - - [08/May/2021:03:59:31 -0500] "GET /jeffpolman/CST1700/resources/1700%20stuff%20for%20students/ppts/Exploration_Network_Chapter2.ppt HTTP/1.1" 301 185 "-" "Mozilla/5.0 (compatible; bingbot/2.0; +http://www.bing.com/bingbot.htm)"
207.46.13.149 - - [08/May/2021:04:08:24 -0500] "GET /JimMartinson/CST2608/Schedule.php HTTP/1.1" 301 185 "-" "Mozilla/5.0 (compatible; bingbot/2.0; +http://www.bing.com/bingbot.htm)"
193.118.53.194 - - [08/May/2021:04:17:34 -0500] "GET / HTTP/1.1" 200 12397 "-" "Mozilla/5.0 (Windows NT 10.0; Win64; x64) AppleWebKit/537.36 (KHTML, like Gecko) Chrome/60.0.3112.113 Safari/537.36"
40.77.167.100 - - [08/May/2021:04:19:47 -0500] "GET /JimMartinson/CST1510/Labs/Lab19c/2%29%20Cooler.txt HTTP/1.1" 200 668 "-" "Mozilla/5.0 (compatible; bingbot/2.0; +http://www.bing.com/bingbot.htm)"
66.249.73.74 - - [08/May/2021:04:22:44 -0500] "GET / HTTP/1.1" 200 12395 "-" "Mozilla/5.0 (compatible; Googlebot/2.1; +http://www.google.com/bot.html)"
66.249.73.72 - - [08/May/2021:04:22:46 -0500] "GET /css/tooltip.css?datetime=20210508042244 HTTP/1.1" 200 2300 "https://cst.ridgewater.edu/" "Mozilla/5.0 AppleWebKit/537.36 (KHTML, like Gecko; compatible; Googlebot/2.1; +http://www.google.com/bot.html) Safari/537.36"
66.249.73.74 - - [08/May/2021:04:22:46 -0500] "GET /css/CST.css?datetime=20210508042244 HTTP/1.1" 200 24467 "https://cst.ridgewater.edu/" "Mozilla/5.0 AppleWebKit/537.36 (KHTML, like Gecko; compatible; Googlebot/2.1; +http://www.google.com/bot.html) Safari/537.36"
66.249.73.70 - - [08/May/2021:04:22:47 -0500] "GET /js/CollapsibleLists.js?o&datetime=20210508042244 HTTP/1.1" 200 1018 "https://cst.ridgewater.edu/" "Mozilla/5.0 AppleWebKit/537.36 (KHTML, like Gecko; compatible; Googlebot/2.1; +http://www.google.com/bot.html) Safari/537.36"
66.249.73.72 - - [08/May/2021:04:22:47 -0500] "GET /js/div.js?i&datetime=20210508042244 HTTP/1.1" 200 7433 "https://cst.ridgewater.edu/" "Mozilla/5.0 AppleWebKit/537.36 (KHTML, like Gecko; compatible; Googlebot/2.1; +http://www.google.com/bot.html) Safari/537.36"
66.249.73.70 - - [08/May/2021:04:22:48 -0500] "GET /css/debug.css?datetime=20210508042244 HTTP/1.1" 200 17 "https://cst.ridgewater.edu/" "Mozilla/5.0 AppleWebKit/537.36 (KHTML, like Gecko; compatible; Googlebot/2.1; +http://www.google.com/bot.html) Safari/537.36"
66.249.73.72 - - [08/May/2021:04:22:48 -0500] "GET /js/CST.js?S&datetime=20210508042244 HTTP/1.1" 200 12049 "https://cst.ridgewater.edu/" "Mozilla/5.0 AppleWebKit/537.36 (KHTML, like Gecko; compatible; Googlebot/2.1; +http://www.google.com/bot.html) Safari/537.36"
66.249.73.72 - - [08/May/2021:04:22:49 -0500] "GET /js/tooltip.js?o&datetime=20210508042244 HTTP/1.1" 200 13888 "https://cst.ridgewater.edu/" "Mozilla/5.0 AppleWebKit/537.36 (KHTML, like Gecko; compatible; Googlebot/2.1; +http://www.google.com/bot.html) Safari/537.36"
66.249.73.72 - - [08/May/2021:04:22:49 -0500] "GET /js/debug.js?e&datetime=20210508042244 HTTP/1.1" 200 10964 "https://cst.ridgewater.edu/" "Mozilla/5.0 AppleWebKit/537.36 (KHTML, like Gecko; compatible; Googlebot/2.1; +http://www.google.com/bot.html) Safari/537.36"
207.46.13.102 - - [08/May/2021:04:23:01 -0500] "GET /Credentials/index.cfm?Credential_ID=845 HTTP/1.1" 404 169 "-" "Mozilla/5.0 (compatible; bingbot/2.0; +http://www.bing.com/bingbot.htm)"
65.49.20.66 - - [08/May/2021:04:28:00 -0500] "GET / HTTP/1.1" 301 185 "-" "-"
131.220.6.152 - - [08/May/2021:04:30:31 -0500] "GET / HTTP/1.1" 200 12396 "-" "Mozilla/5.0 (X11; Linux x86_64) AppleWebKit/537.36 (KHTML, like Gecko) Chrome/79.0.3945.79 Safari/537.36"
222.136.123.19 - - [08/May/2021:04:31:53 -0500] "POST /GponForm/diag_Form?images/ HTTP/1.1" 301 185 "-" "Hello, World"
222.136.123.19 - - [08/May/2021:04:31:53 -0500] ";sh+/tmp/gpon80&ipv=0" 400 173 "-" "-"
207.46.13.102 - - [08/May/2021:04:45:20 -0500] "GET /jeffpolman/CST1701/resources/Spring2012WebExRecordings/Chapter%2011.wrf HTTP/1.1" 404 169 "-" "Mozilla/5.0 (compatible; bingbot/2.0; +http://www.bing.com/bingbot.htm)"
207.46.13.61 - - [08/May/2021:04:50:36 -0500] "GET /jeffpolman/CST2840/resources/Wireless%20LAN%20Book/Answers%20to%20exercises/EndofChapterSolutions/Ch10.doc HTTP/1.1" 301 185 "-" "Mozilla/5.0 (compatible; bingbot/2.0; +http://www.bing.com/bingbot.htm)"
114.119.139.35 - - [08/May/2021:04:58:16 -0500] "GET /JimMartinson/CST1025/Resources/ComputerNetworks/_images/ratio1_chart_25-55.png HTTP/1.1" 200 41180 "-" "Mozilla/5.0 (Linux; Android 7.0;) AppleWebKit/537.36 (KHTML, like Gecko) Mobile Safari/537.36 (compatible; PetalBot;+https://webmaster.petalsearch.com/site/petalbot)"
45.155.205.181 - - [08/May/2021:04:58:28 -0500] "POST /api/jsonws/invoke HTTP/1.1" 301 185 "-" "Mozilla/5.0 (Windows NT 10.0; Win64; x64) AppleWebKit/537.36 (KHTML, like Gecko) Chrome/78.0.3904.108 Safari/537.36"
45.155.205.181 - - [08/May/2021:04:58:29 -0500] "GET /vendor/phpunit/phpunit/src/Util/PHP/eval-stdin.php HTTP/1.1" 301 185 "-" "Mozilla/5.0 (Windows NT 10.0; Win64; x64) AppleWebKit/537.36 (KHTML, like Gecko) Chrome/78.0.3904.108 Safari/537.36"
45.155.205.181 - - [08/May/2021:04:58:29 -0500] "POST /vendor/phpunit/phpunit/src/Util/PHP/eval-stdin.php HTTP/1.1" 301 185 "-" "Mozilla/5.0 (Windows NT 10.0; Win64; x64) AppleWebKit/537.36 (KHTML, like Gecko) Chrome/78.0.3904.108 Safari/537.36"
45.155.205.181 - - [08/May/2021:04:58:29 -0500] "GET /?XDEBUG_SESSION_START=phpstorm HTTP/1.1" 301 185 "-" "Mozilla/5.0 (Windows NT 10.0; Win64; x64) AppleWebKit/537.36 (KHTML, like Gecko) Chrome/78.0.3904.108 Safari/537.36"
45.155.205.181 - - [08/May/2021:04:58:30 -0500] "GET /index.php?s=/Index/\x5Cthink\x5Capp/invokefunction&function=call_user_func_array&vars[0]=md5&vars[1][]=HelloThinkPHP21 HTTP/1.1" 301 185 "-" "Mozilla/5.0 (Windows NT 10.0; Win64; x64) AppleWebKit/537.36 (KHTML, like Gecko) Chrome/78.0.3904.108 Safari/537.36"
45.155.205.181 - - [08/May/2021:04:58:30 -0500] "GET /api/jsonws/invoke HTTP/1.1" 404 571 "http://134.29.175.74:80/api/jsonws/invoke" "Mozilla/5.0 (Windows NT 10.0; Win64; x64) AppleWebKit/537.36 (KHTML, like Gecko) Chrome/78.0.3904.108 Safari/537.36"
45.155.205.181 - - [08/May/2021:04:58:30 -0500] "GET /vendor/phpunit/phpunit/src/Util/PHP/eval-stdin.php HTTP/1.1" 404 36 "http://134.29.175.74:80/vendor/phpunit/phpunit/src/Util/PHP/eval-stdin.php" "Mozilla/5.0 (Windows NT 10.0; Win64; x64) AppleWebKit/537.36 (KHTML, like Gecko) Chrome/78.0.3904.108 Safari/537.36"
45.155.205.181 - - [08/May/2021:04:58:30 -0500] "GET /solr/admin/info/system?wt=json HTTP/1.1" 301 185 "-" "Mozilla/5.0 (Windows NT 10.0; Win64; x64) AppleWebKit/537.36 (KHTML, like Gecko) Chrome/78.0.3904.108 Safari/537.36"
45.155.205.181 - - [08/May/2021:04:58:31 -0500] "GET /console/ HTTP/1.1" 301 185 "-" "Mozilla/5.0 (Windows NT 10.0; Win64; x64) AppleWebKit/537.36 (KHTML, like Gecko) Chrome/78.0.3904.108 Safari/537.36"
45.155.205.181 - - [08/May/2021:04:58:31 -0500] "GET /_ignition/execute-solution HTTP/1.1" 301 185 "-" "Mozilla/5.0 (Windows NT 10.0; Win64; x64) AppleWebKit/537.36 (KHTML, like Gecko) Chrome/78.0.3904.108 Safari/537.36"
45.155.205.181 - - [08/May/2021:04:58:31 -0500] "GET /vendor/phpunit/phpunit/src/Util/PHP/eval-stdin.php HTTP/1.1" 404 36 "http://134.29.175.74:80/vendor/phpunit/phpunit/src/Util/PHP/eval-stdin.php" "Mozilla/5.0 (Windows NT 10.0; Win64; x64) AppleWebKit/537.36 (KHTML, like Gecko) Chrome/78.0.3904.108 Safari/537.36"
45.155.205.181 - - [08/May/2021:04:58:31 -0500] "POST /Autodiscover/Autodiscover.xml HTTP/1.1" 301 185 "-" "Mozilla/5.0 (Windows NT 10.0; Win64; x64) AppleWebKit/537.36 (KHTML, like Gecko) Chrome/78.0.3904.108 Safari/537.36"
45.155.205.181 - - [08/May/2021:04:58:31 -0500] "GET /?a=fetch&content=<php>die(@md5(HelloThinkCMF))</php> HTTP/1.1" 301 185 "-" "Mozilla/5.0 (Windows NT 10.0; Win64; x64) AppleWebKit/537.36 (KHTML, like Gecko) Chrome/78.0.3904.108 Safari/537.36"
45.155.205.181 - - [08/May/2021:04:58:31 -0500] "GET /wp-content/plugins/wp-file-manager/readme.txt HTTP/1.1" 301 185 "-" "Mozilla/5.0 (Windows NT 10.0; Win64; x64) AppleWebKit/537.36 (KHTML, like Gecko) Chrome/78.0.3904.108 Safari/537.36"
45.155.205.181 - - [08/May/2021:04:58:32 -0500] "GET /index.php?s=/Index/\x5Cthink\x5Capp/invokefunction&function=call_user_func_array&vars[0]=md5&vars[1][]=HelloThinkPHP21 HTTP/1.1" 200 12397 "http://134.29.175.74:80/index.php?s=/Index/\x5Cthink\x5Capp/invokefunction&function=call_user_func_array&vars[0]=md5&vars[1][]=HelloThinkPHP21" "Mozilla/5.0 (Windows NT 10.0; Win64; x64) AppleWebKit/537.36 (KHTML, like Gecko) Chrome/78.0.3904.108 Safari/537.36"
45.155.205.181 - - [08/May/2021:04:58:37 -0500] "GET /solr/admin/info/system?wt=json HTTP/1.1" 404 571 "http://134.29.175.74:80/solr/admin/info/system?wt=json" "Mozilla/5.0 (Windows NT 10.0; Win64; x64) AppleWebKit/537.36 (KHTML, like Gecko) Chrome/78.0.3904.108 Safari/537.36"
45.155.205.181 - - [08/May/2021:04:58:37 -0500] "GET /?XDEBUG_SESSION_START=phpstorm HTTP/1.1" 200 12397 "http://134.29.175.74:80/?XDEBUG_SESSION_START=phpstorm" "Mozilla/5.0 (Windows NT 10.0; Win64; x64) AppleWebKit/537.36 (KHTML, like Gecko) Chrome/78.0.3904.108 Safari/537.36"
45.155.205.181 - - [08/May/2021:04:58:39 -0500] "GET /Autodiscover/Autodiscover.xml HTTP/1.1" 404 571 "http://134.29.175.74:80/Autodiscover/Autodiscover.xml" "Mozilla/5.0 (Windows NT 10.0; Win64; x64) AppleWebKit/537.36 (KHTML, like Gecko) Chrome/78.0.3904.108 Safari/537.36"
45.155.205.181 - - [08/May/2021:04:58:41 -0500] "GET /console/ HTTP/1.1" 404 571 "http://134.29.175.74:80/console/" "Mozilla/5.0 (Windows NT 10.0; Win64; x64) AppleWebKit/537.36 (KHTML, like Gecko) Chrome/78.0.3904.108 Safari/537.36"
45.155.205.181 - - [08/May/2021:04:58:41 -0500] "GET /_ignition/execute-solution HTTP/1.1" 404 571 "http://134.29.175.74:80/_ignition/execute-solution" "Mozilla/5.0 (Windows NT 10.0; Win64; x64) AppleWebKit/537.36 (KHTML, like Gecko) Chrome/78.0.3904.108 Safari/537.36"
45.155.205.181 - - [08/May/2021:04:58:43 -0500] "GET /wp-content/plugins/wp-file-manager/readme.txt HTTP/1.1" 404 571 "http://134.29.175.74:80/wp-content/plugins/wp-file-manager/readme.txt" "Mozilla/5.0 (Windows NT 10.0; Win64; x64) AppleWebKit/537.36 (KHTML, like Gecko) Chrome/78.0.3904.108 Safari/537.36"
45.155.205.181 - - [08/May/2021:04:58:44 -0500] "GET /?a=fetch&content=<php>die(@md5(HelloThinkCMF))</php> HTTP/1.1" 200 12397 "http://134.29.175.74:80/?a=fetch&content=<php>die(@md5(HelloThinkCMF))</php>" "Mozilla/5.0 (Windows NT 10.0; Win64; x64) AppleWebKit/537.36 (KHTML, like Gecko) Chrome/78.0.3904.108 Safari/537.36"
207.46.13.112 - - [08/May/2021:05:12:52 -0500] "GET /JimMartinson/CST1025/Resources/ComputerNetworks/auxiliary_files/ns3/wireless.xml HTTP/1.1" 200 655116 "-" "Mozilla/5.0 (compatible; bingbot/2.0; +http://www.bing.com/bingbot.htm)"
40.77.167.100 - - [08/May/2021:05:13:50 -0500] "GET /JimMartinson/CST1600/Resources/comp4_unit6b_flash_lecture/data/ HTTP/1.1" 200 756 "-" "Mozilla/5.0 (compatible; bingbot/2.0; +http://www.bing.com/bingbot.htm)"
40.77.167.98 - - [08/May/2021:05:16:37 -0500] "GET /JimMartinson/CST1025/Resources/ComputerNetworks/auxiliary_files/mininet/competition.py HTTP/1.1" 200 3685 "-" "Mozilla/5.0 (compatible; bingbot/2.0; +http://www.bing.com/bingbot.htm)"
66.249.73.70 - - [08/May/2021:05:19:57 -0500] "GET / HTTP/1.1" 200 12395 "-" "Mozilla/5.0 (compatible; Googlebot/2.1; +http://www.google.com/bot.html)"
66.249.73.74 - - [08/May/2021:05:19:59 -0500] "GET /js/div.js?i&datetime=20210508051957 HTTP/1.1" 200 7433 "https://cst.ridgewater.edu/" "Mozilla/5.0 AppleWebKit/537.36 (KHTML, like Gecko; compatible; Googlebot/2.1; +http://www.google.com/bot.html) Safari/537.36"
66.249.73.70 - - [08/May/2021:05:19:59 -0500] "GET /js/CST.js?S&datetime=20210508051957 HTTP/1.1" 200 12049 "https://cst.ridgewater.edu/" "Mozilla/5.0 AppleWebKit/537.36 (KHTML, like Gecko; compatible; Googlebot/2.1; +http://www.google.com/bot.html) Safari/537.36"
66.249.73.70 - - [08/May/2021:05:20:00 -0500] "GET /css/tooltip.css?datetime=20210508051957 HTTP/1.1" 200 2300 "https://cst.ridgewater.edu/" "Mozilla/5.0 AppleWebKit/537.36 (KHTML, like Gecko; compatible; Googlebot/2.1; +http://www.google.com/bot.html) Safari/537.36"
66.249.73.74 - - [08/May/2021:05:20:00 -0500] "GET /css/CST.css?datetime=20210508051957 HTTP/1.1" 200 24467 "https://cst.ridgewater.edu/" "Mozilla/5.0 AppleWebKit/537.36 (KHTML, like Gecko; compatible; Googlebot/2.1; +http://www.google.com/bot.html) Safari/537.36"
66.249.73.70 - - [08/May/2021:05:20:01 -0500] "GET /js/debug.js?e&datetime=20210508051957 HTTP/1.1" 200 10964 "https://cst.ridgewater.edu/" "Mozilla/5.0 AppleWebKit/537.36 (KHTML, like Gecko; compatible; Googlebot/2.1; +http://www.google.com/bot.html) Safari/537.36"
66.249.73.70 - - [08/May/2021:05:20:01 -0500] "GET /js/CollapsibleLists.js?o&datetime=20210508051957 HTTP/1.1" 200 1018 "https://cst.ridgewater.edu/" "Mozilla/5.0 AppleWebKit/537.36 (KHTML, like Gecko; compatible; Googlebot/2.1; +http://www.google.com/bot.html) Safari/537.36"
66.249.73.72 - - [08/May/2021:05:20:02 -0500] "GET /css/debug.css?datetime=20210508051957 HTTP/1.1" 200 17 "https://cst.ridgewater.edu/" "Mozilla/5.0 AppleWebKit/537.36 (KHTML, like Gecko; compatible; Googlebot/2.1; +http://www.google.com/bot.html) Safari/537.36"
66.249.73.72 - - [08/May/2021:05:20:02 -0500] "GET /js/tooltip.js?o&datetime=20210508051957 HTTP/1.1" 200 13888 "https://cst.ridgewater.edu/" "Mozilla/5.0 AppleWebKit/537.36 (KHTML, like Gecko; compatible; Googlebot/2.1; +http://www.google.com/bot.html) Safari/537.36"
207.46.13.112 - - [08/May/2021:05:26:12 -0500] "GET /jimmartinson/cst1025/resources/computernetworks/auxiliary_files/ns3/wireless.xml HTTP/1.1" 200 605964 "-" "Mozilla/5.0 (compatible; bingbot/2.0; +http://www.bing.com/bingbot.htm)"
18.116.86.117 - - [08/May/2021:05:26:38 -0500] "GET /.well-known/acme-challenge/dOpRCTJkG_ej1EgAX4U0NxOvTyBlEFA9JRN3YhEvkTk HTTP/1.1" 301 185 "-" "Mozilla/5.0 (compatible; Let's Encrypt validation server; +https://www.letsencrypt.org)"
18.116.86.117 - - [08/May/2021:05:26:38 -0500] "GET /.well-known/acme-challenge/dOpRCTJkG_ej1EgAX4U0NxOvTyBlEFA9JRN3YhEvkTk HTTP/1.1" 404 169 "http://cst.ridgewater.edu/.well-known/acme-challenge/dOpRCTJkG_ej1EgAX4U0NxOvTyBlEFA9JRN3YhEvkTk" "Mozilla/5.0 (compatible; Let's Encrypt validation server; +https://www.letsencrypt.org)"
66.133.109.36 - - [08/May/2021:05:26:38 -0500] "GET /.well-known/acme-challenge/dOpRCTJkG_ej1EgAX4U0NxOvTyBlEFA9JRN3YhEvkTk HTTP/1.1" 301 185 "-" "Mozilla/5.0 (compatible; Let's Encrypt validation server; +https://www.letsencrypt.org)"
3.122.178.200 - - [08/May/2021:05:26:38 -0500] "GET /.well-known/acme-challenge/dOpRCTJkG_ej1EgAX4U0NxOvTyBlEFA9JRN3YhEvkTk HTTP/1.1" 301 185 "-" "Mozilla/5.0 (compatible; Let's Encrypt validation server; +https://www.letsencrypt.org)"
34.221.255.206 - - [08/May/2021:05:26:38 -0500] "GET /.well-known/acme-challenge/dOpRCTJkG_ej1EgAX4U0NxOvTyBlEFA9JRN3YhEvkTk HTTP/1.1" 301 185 "-" "Mozilla/5.0 (compatible; Let's Encrypt validation server; +https://www.letsencrypt.org)"
66.133.109.36 - - [08/May/2021:05:26:39 -0500] "GET /.well-known/acme-challenge/dOpRCTJkG_ej1EgAX4U0NxOvTyBlEFA9JRN3YhEvkTk HTTP/1.1" 404 169 "http://cst.ridgewater.edu/.well-known/acme-challenge/dOpRCTJkG_ej1EgAX4U0NxOvTyBlEFA9JRN3YhEvkTk" "Mozilla/5.0 (compatible; Let's Encrypt validation server; +https://www.letsencrypt.org)"
207.46.13.61 - - [08/May/2021:05:33:06 -0500] "GET /JimMartinson/CST1025/Resources/_notes/ HTTP/1.1" 200 354 "-" "Mozilla/5.0 (compatible; bingbot/2.0; +http://www.bing.com/bingbot.htm)"
80.82.77.62 - - [08/May/2021:05:33:06 -0500] "GET / HTTP/1.1" 301 185 "https://google.com" "Mozilla/5.0 (X11; Linux x86_64) AppleWebKit/537.36 (KHTML, like Gecko) Chrome/81.0.4044.129 Safari/537.36"
80.82.77.62 - - [08/May/2021:05:33:07 -0500] "GET / HTTP/1.1" 200 12394 "https://google.com" "Mozilla/5.0 (X11; Linux x86_64) AppleWebKit/537.36 (KHTML, like Gecko) Chrome/81.0.4044.129 Safari/537.36"
207.46.13.98 - - [08/May/2021:05:35:39 -0500] "GET /jeffpolman/CST2845/resources/RFID.defined.pdf HTTP/1.1" 404 169 "-" "Mozilla/5.0 (compatible; bingbot/2.0; +http://www.bing.com/bingbot.htm)"
13.66.139.0 - - [08/May/2021:05:39:47 -0500] "GET /JimMartinson/CST2505/?Assignments HTTP/1.1" 301 185 "-" "Mozilla/5.0 (compatible; bingbot/2.0; +http://www.bing.com/bingbot.htm)"
207.46.13.61 - - [08/May/2021:05:41:51 -0500] "GET /JimMartinson/CST2881/ HTTP/1.1" 301 185 "-" "Mozilla/5.0 (compatible; bingbot/2.0; +http://www.bing.com/bingbot.htm)"
177.102.200.195 - - [08/May/2021:05:47:56 -0500] "GET / HTTP/1.1" 301 185 "-" "Mozilla/5.0 (Windows NT 10.0; WOW64) AppleWebKit/537.36 (KHTML, like Gecko) Chrome/52.0.2743.116 Safari/537.36"
192.241.217.212 - - [08/May/2021:05:48:43 -0500] "GET /actuator/health HTTP/1.1" 404 169 "-" "Mozilla/5.0 zgrab/0.x"
207.46.13.149 - - [08/May/2021:05:53:14 -0500] "GET /jeffpolman/CST2840/resources/All%20about%20Wavelength.htm HTTP/1.1" 301 185 "-" "Mozilla/5.0 (compatible; bingbot/2.0; +http://www.bing.com/bingbot.htm)"
207.46.13.98 - - [08/May/2021:05:54:25 -0500] "GET /JimMartinson/CST1025/Resources/ComputerNetworks/dynamics.html HTTP/1.1" 200 160059 "-" "Mozilla/5.0 (compatible; bingbot/2.0; +http://www.bing.com/bingbot.htm)"
207.46.13.149 - - [08/May/2021:06:00:54 -0500] "GET /JimMartinson/CST1600/Resources/comp4_unit6b_flash_lecture/ HTTP/1.1" 301 185 "-" "Mozilla/5.0 (compatible; bingbot/2.0; +http://www.bing.com/bingbot.htm)"
207.46.13.61 - - [08/May/2021:06:11:18 -0500] "GET /JimMartinson/CST1025/Resources/ComputerNetworks/auxiliary_files/mininet/switchline.py HTTP/1.1" 200 1741 "-" "Mozilla/5.0 (compatible; bingbot/2.0; +http://www.bing.com/bingbot.htm)"
66.249.73.72 - - [08/May/2021:06:12:49 -0500] "GET / HTTP/1.1" 200 12395 "-" "Mozilla/5.0 (compatible; Googlebot/2.1; +http://www.google.com/bot.html)"
66.249.73.70 - - [08/May/2021:06:12:53 -0500] "GET /css/CST.css?datetime=20210508061249 HTTP/1.1" 200 24467 "https://cst.ridgewater.edu/" "Mozilla/5.0 AppleWebKit/537.36 (KHTML, like Gecko; compatible; Googlebot/2.1; +http://www.google.com/bot.html) Safari/537.36"
66.249.73.70 - - [08/May/2021:06:12:53 -0500] "GET /css/tooltip.css?datetime=20210508061249 HTTP/1.1" 200 2300 "https://cst.ridgewater.edu/" "Mozilla/5.0 AppleWebKit/537.36 (KHTML, like Gecko; compatible; Googlebot/2.1; +http://www.google.com/bot.html) Safari/537.36"
66.249.73.72 - - [08/May/2021:06:12:54 -0500] "GET /css/debug.css?datetime=20210508061249 HTTP/1.1" 200 17 "https://cst.ridgewater.edu/" "Mozilla/5.0 AppleWebKit/537.36 (KHTML, like Gecko; compatible; Googlebot/2.1; +http://www.google.com/bot.html) Safari/537.36"
66.249.73.72 - - [08/May/2021:06:12:54 -0500] "GET /js/tooltip.js?o&datetime=20210508061249 HTTP/1.1" 200 13888 "https://cst.ridgewater.edu/" "Mozilla/5.0 AppleWebKit/537.36 (KHTML, like Gecko; compatible; Googlebot/2.1; +http://www.google.com/bot.html) Safari/537.36"
66.249.73.72 - - [08/May/2021:06:12:55 -0500] "GET /js/debug.js?e&datetime=20210508061249 HTTP/1.1" 200 10964 "https://cst.ridgewater.edu/" "Mozilla/5.0 AppleWebKit/537.36 (KHTML, like Gecko; compatible; Googlebot/2.1; +http://www.google.com/bot.html) Safari/537.36"
66.249.73.72 - - [08/May/2021:06:12:55 -0500] "GET /js/div.js?i&datetime=20210508061249 HTTP/1.1" 200 7433 "https://cst.ridgewater.edu/" "Mozilla/5.0 AppleWebKit/537.36 (KHTML, like Gecko; compatible; Googlebot/2.1; +http://www.google.com/bot.html) Safari/537.36"
66.249.73.72 - - [08/May/2021:06:12:56 -0500] "GET /js/CST.js?S&datetime=20210508061249 HTTP/1.1" 200 12049 "https://cst.ridgewater.edu/" "Mozilla/5.0 AppleWebKit/537.36 (KHTML, like Gecko; compatible; Googlebot/2.1; +http://www.google.com/bot.html) Safari/537.36"
66.249.73.72 - - [08/May/2021:06:12:56 -0500] "GET /js/CollapsibleLists.js?o&datetime=20210508061249 HTTP/1.1" 200 1018 "https://cst.ridgewater.edu/" "Mozilla/5.0 AppleWebKit/537.36 (KHTML, like Gecko; compatible; Googlebot/2.1; +http://www.google.com/bot.html) Safari/537.36"
207.46.13.155 - - [08/May/2021:06:16:18 -0500] "GET /jeffpolman/CST1701/resources/Fall2013ClassRecordings/Chapter2.wrf HTTP/1.1" 404 169 "-" "Mozilla/5.0 (compatible; bingbot/2.0; +http://www.bing.com/bingbot.htm)"
207.46.13.98 - - [08/May/2021:06:27:25 -0500] "GET /JimMartinson/CST1600/Resources/mysqlsampledatabase.sql HTTP/1.1" 200 81662 "-" "Mozilla/5.0 (compatible; bingbot/2.0; +http://www.bing.com/bingbot.htm)"
207.46.13.155 - - [08/May/2021:06:29:59 -0500] "GET / HTTP/1.1" 301 185 "-" "Mozilla/5.0 (compatible; bingbot/2.0; +http://www.bing.com/bingbot.htm)"
114.119.139.148 - - [08/May/2021:06:44:18 -0500] "GET /GaryMeyer/CST1511/PPTLectures/CST1511_Overview_pptx_Audio.pptx HTTP/1.1" 301 185 "-" "Mozilla/5.0 (Linux; Android 7.0;) AppleWebKit/537.36 (KHTML, like Gecko) Mobile Safari/537.36 (compatible; PetalBot;+https://webmaster.petalsearch.com/site/petalbot)"
114.119.139.148 - - [08/May/2021:06:44:20 -0500] "GET /GaryMeyer/CST1511/PPTLectures/CST1511_Overview_pptx_Audio.pptx HTTP/1.1" 404 169 "-" "Mozilla/5.0 (Linux; Android 7.0;) AppleWebKit/537.36 (KHTML, like Gecko) Mobile Safari/537.36 (compatible; PetalBot;+https://webmaster.petalsearch.com/site/petalbot)"
109.94.28.123 - - [08/May/2021:06:45:16 -0500] "GET / HTTP/1.1" 301 185 "-" "Mozilla/5.0 (Macintosh; Intel Mac OS X 10_11_6) AppleWebKit/601.7.7 (KHTML, like Gecko) Version/9.1.2 Safari/601.7.7"
213.32.122.82 - - [08/May/2021:06:45:23 -0500] "GET / HTTP/1.1" 200 12396 "-" "Mozilla/5.0 (Windows NT 6.1) AppleWebKit/537.36 (KHTML, like Gecko) Chrome/41.0.2228.0 Safari/537.36"
222.122.190.75 - - [08/May/2021:06:46:15 -0500] "GET / HTTP/1.1" 301 185 "-" "Mozilla/5.0 (Windows NT 10.0; ZumBot/1.0; Win64; x64) AppleWebKit/537.36 (KHTML, like Gecko) Chrome/79.0.3945.130 Safari/537.36"
222.122.190.75 - - [08/May/2021:06:46:16 -0500] "GET / HTTP/1.1" 200 12397 "-" "Mozilla/5.0 (Windows NT 10.0; ZumBot/1.0; Win64; x64) AppleWebKit/537.36 (KHTML, like Gecko) Chrome/79.0.3945.130 Safari/537.36"
222.122.190.75 - - [08/May/2021:06:46:17 -0500] "GET / HTTP/1.1" 301 185 "-" "Mozilla/5.0 (Windows NT 10.0; ZumBot/1.0; Win64; x64) AppleWebKit/537.36 (KHTML, like Gecko) Chrome/79.0.3945.130 Safari/537.36"
222.122.190.75 - - [08/May/2021:06:46:18 -0500] "GET / HTTP/1.1" 200 12396 "-" "Mozilla/5.0 (Windows NT 10.0; ZumBot/1.0; Win64; x64) AppleWebKit/537.36 (KHTML, like Gecko) Chrome/79.0.3945.130 Safari/537.36"
222.122.190.75 - - [08/May/2021:06:46:18 -0500] "GET /robots.txt HTTP/1.1" 301 185 "-" "Mozilla/5.0 (compatible; Windows NT 6.1?; ZumBot/1.0; http://help.zum.com/inquiry)"
222.122.190.75 - - [08/May/2021:06:46:19 -0500] "GET /robots.txt HTTP/1.1" 301 185 "-" "Mozilla/5.0 (compatible; Windows NT 6.1?; ZumBot/1.0; http://help.zum.com/inquiry)"
92.38.136.69 - - [08/May/2021:06:46:53 -0500] "GET / HTTP/1.0" 301 185 "http://cst.ridgewater.edu/" "Mozilla/5.0 (Windows NT 10.0; Win64; x64) AppleWebKit/537.36 (KHTML, like Gecko) Chrome/83.0.4103.24 Safari/537.36"
92.38.136.69 - - [08/May/2021:06:46:56 -0500] "GET / HTTP/1.0" 200 12368 "https://cst.ridgewater.edu/" "Mozilla/5.0 (Windows NT 10.0; Win64; x64) AppleWebKit/537.36 (KHTML, like Gecko) Chrome/83.0.4103.24 Safari/537.36"
207.46.13.155 - - [08/May/2021:06:51:21 -0500] "GET /vmware/ HTTP/1.1" 301 185 "-" "Mozilla/5.0 (compatible; bingbot/2.0; +http://www.bing.com/bingbot.htm)"
207.46.13.66 - - [08/May/2021:06:53:20 -0500] "GET /jeffpolman/cst2504/resources/labsim/comptia_a-_pa_(220-702).doc HTTP/1.1" 404 169 "-" "Mozilla/5.0 (compatible; bingbot/2.0; +http://www.bing.com/bingbot.htm)"
128.1.248.42 - - [08/May/2021:06:53:33 -0500] "GET / HTTP/1.1" 301 185 "-" "Mozilla/5.0 (Windows NT 10.0; Win64; x64) AppleWebKit/537.36 (KHTML, like Gecko) Chrome/60.0.3112.113 Safari/537.36"
128.1.248.42 - - [08/May/2021:06:53:34 -0500] "GET / HTTP/1.1" 200 12395 "http://134.29.175.74/" "Mozilla/5.0 (Windows NT 10.0; Win64; x64) AppleWebKit/537.36 (KHTML, like Gecko) Chrome/60.0.3112.113 Safari/537.36"
38.146.84.247 - - [08/May/2021:06:54:45 -0500] "GET / HTTP/1.1" 301 185 "-" "Mozilla/5.0 (Windows NT 10.0; WOW64) AppleWebKit/537.36 (KHTML, like Gecko) Chrome/52.0.2743.116 Safari/537.36"
40.77.167.100 - - [08/May/2021:06:55:46 -0500] "GET / HTTP/1.1" 200 12396 "-" "Mozilla/5.0 (compatible; bingbot/2.0; +http://www.bing.com/bingbot.htm)"
114.119.152.164 - - [08/May/2021:06:56:44 -0500] "GET /jeffpolman/CST2840/resources/presentations/SizeOfAWave.ppt HTTP/1.1" 301 185 "-" "Mozilla/5.0 (Linux; Android 7.0;) AppleWebKit/537.36 (KHTML, like Gecko) Mobile Safari/537.36 (compatible; PetalBot;+https://webmaster.petalsearch.com/site/petalbot)"
114.119.152.164 - - [08/May/2021:06:56:45 -0500] "GET /jeffpolman/CST2840/resources/presentations/SizeOfAWave.ppt HTTP/1.1" 404 169 "-" "Mozilla/5.0 (Linux; Android 7.0;) AppleWebKit/537.36 (KHTML, like Gecko) Mobile Safari/537.36 (compatible; PetalBot;+https://webmaster.petalsearch.com/site/petalbot)"
207.46.13.66 - - [08/May/2021:06:59:25 -0500] "GET /Credentials/index.cfm?Credential_ID=1493 HTTP/1.1" 404 169 "-" "Mozilla/5.0 (compatible; bingbot/2.0; +http://www.bing.com/bingbot.htm)"
207.46.13.112 - - [08/May/2021:07:01:52 -0500] "GET /Credentials/2008-09/Computer%20Programmer%20-%20AAS%20Degree%20%282008-2009%29%20Hutchinson%20%2866%20Credits%29%20-%20Education%20Plan_files/ HTTP/1.1" 200 616 "-" "Mozilla/5.0 (compatible; bingbot/2.0; +http://www.bing.com/bingbot.htm)"
35.245.129.153 - - [08/May/2021:07:03:55 -0500] "GET /jeffpolman/MMDT1001/resources/presentations/Chapter04.pptx HTTP/1.1" 301 185 "-" "Go-http-client/1.1"
35.245.129.153 - - [08/May/2021:07:03:55 -0500] "GET /jeffpolman/MMDT1001/resources/presentations/Chapter04.pptx HTTP/1.1" 404 169 "http://cst.ridgewater.edu/jeffpolman/MMDT1001/resources/presentations/Chapter04.pptx" "Go-http-client/1.1"
35.203.183.33 - - [08/May/2021:07:04:29 -0500] "GET /GaryMeyer/CST1511/WKS4.doc HTTP/1.1" 301 185 "-" "Go-http-client/1.1"
35.203.183.33 - - [08/May/2021:07:04:29 -0500] "GET /GaryMeyer/CST1511/WKS4.doc HTTP/1.1" 404 169 "http://cst.ridgewater.edu/GaryMeyer/CST1511/WKS4.doc" "Go-http-client/1.1"
207.46.13.149 - - [08/May/2021:07:06:51 -0500] "GET /jeffpolman/CST2840/resources/Wireless%20LAN%20Book/instructor''s%20manual/ch09.doc HTTP/1.1" 404 169 "-" "Mozilla/5.0 (compatible; bingbot/2.0; +http://www.bing.com/bingbot.htm)"
114.119.139.35 - - [08/May/2021:07:14:36 -0500] "GET /JimMartinson/CST1025/Resources/ComputerNetworks/auxiliary_files/mininet/loadbalance31.py HTTP/1.1" 200 3953 "-" "Mozilla/5.0 (Linux; Android 7.0;) AppleWebKit/537.36 (KHTML, like Gecko) Mobile Safari/537.36 (compatible; PetalBot;+https://webmaster.petalsearch.com/site/petalbot)"
93.174.95.106 - - [08/May/2021:07:16:31 -0500] "GET / HTTP/1.1" 200 12396 "-" "Mozilla/5.0 (X11; Linux x86_64) AppleWebKit/537.36 (KHTML, like Gecko) Chrome/34.0.1847.137 Safari/537.36"
93.174.95.106 - - [08/May/2021:07:16:34 -0500] "" 400 0 "-" "-"
93.174.95.106 - - [08/May/2021:07:16:35 -0500] "" 400 0 "-" "-"
93.174.95.106 - - [08/May/2021:07:16:35 -0500] "" 400 0 "-" "-"
93.174.95.106 - - [08/May/2021:07:16:36 -0500] "" 400 0 "-" "-"
93.174.95.106 - - [08/May/2021:07:16:40 -0500] "quit" 400 173 "-" "-"
93.174.95.106 - - [08/May/2021:07:16:41 -0500] "GET /robots.txt HTTP/1.1" 404 169 "-" "-"
93.174.95.106 - - [08/May/2021:07:16:41 -0500] "GET /sitemap.xml HTTP/1.1" 404 169 "-" "-"
93.174.95.106 - - [08/May/2021:07:16:42 -0500] "GET /.well-known/security.txt HTTP/1.1" 404 169 "-" "-"
93.174.95.106 - - [08/May/2021:07:16:43 -0500] "GET /favicon.ico HTTP/1.1" 200 2238 "-" "Mozilla/5.0 (Macintosh; Intel Mac OS X 10.15; rv:80.0) Gecko/20100101 Firefox/80.0"
93.174.95.106 - - [08/May/2021:07:16:43 -0500] "" 400 0 "-" "-"
93.174.95.106 - - [08/May/2021:07:16:46 -0500] "\x03,\x81\x96`\x00\x00\x00\x00\x00\x00\x00\x00\x00\x00\x00\x00\x00\x00\x00\x00\x00\x00\x00\x00\x00\x00\x00\x00\x00\x00\x00\x00\x00\x00\x00\x00\x00\x00\x00\x00\x00\x00\x00\x00\x00\x00\x00\x00\x00\x00\x00\x00\x00\x00\x00\x00\x00\x00\x00\x00\x00\x00\x00\x00\x00\x00\x00\x00\x00\x00\x00\x00\x00\x00\x00\x00\x00\x00\x00\x00\x00\x00\x00\x00\x00\x00\x00\x00\x00\x00\x00\x00\x00\x00\x00\x00\x00\x00\x00\x00\x00\x00\x00\x00\x00\x00\x00\x00\x00\x00\x00\x00\x00\x00\x00\x00\x00\x00\x00\x00\x00\x00\x00\x00\x00\x00\x00\x00\x00\x00\x00\x00\x00\x00\x00\x00\x00\x00\x00\x00\x00\x00\x00\x00\x00\x00\x00\x00\x00\x00\x00\x00\x00\x00\x00\x00\x00\x00\x00\x00\x00\x00\x00\x00\x00\x00\x00\x00\x00\x00\x00\x00\x00\x00\x00\x00\x00\x00\x00\x00\x00\x00\x00\x00\x00\x00\x00\x00\x00\x00\x00\x00\x00\x00\x00\x00\x00\x00\x00\x00\x00\x00\x00\x00\x00\x00\x00\x00\x00\x00\x00\x00\x00\x00\x00\x00\x00\x00\x00\x00\x00\x00\x00\x00\x00\x00\x00\x00\x00\x00\x00\x00\x00\x00\x00\x00\x00\x00\x00\x00\x00\x00\x00\x00\x00\x00\x00\x00\x00\x00\x00\x00\x00\x00\x00\x00\x00\x00\x00\x00\x00\x00\x00\x00\x00\x00\x00\x00\x00\x00\x00\x00\x00\x00\x00\x00\x00\x00\x00\x00\x00\x00\x00\x00\x00\x00\x00\x00\x00\x00\x00\x00\x00\x00\x00\x00\x00\x00\x00\x00\x00\x00\x00\x00\x00\x00\x00\x00\x00\x00\x00\x00\x00\x00\x00\x00\x00\x00\x00\x00\x00\x00\x00\x00\x00\x00\x00\x00\x00\x00\x00\x00\x00\x00\x00\x00\x00\x00\x00\x00\x00\x00\x00\x00\x00\x00\x00\x00\x00\x00\x00\x00\x00\x00\x00\x00\x00\x00\x00\x00\x00\x00\x00\x00\x00\x00\x00\x00\x00\x00\x00\x00\x00\x00\x00\x00\x00\x00\x00\x00\x00\x00\x00\x00\x00\x00\x00\x00\x00\x00\x00\x00\x00\x00\x00\x00\x00\x00\x00\x00\x00\x00\x00\x00\x00\x00\x00\x00\x00\x00\x00\x00\x00\x00\x00\x00\x00\x00\x00\x00\x00\x00\x00\x00\x00\x00\x00\x00\x00\x00\x00\x00\x00\x00\x00\x00\x00\x00\x00\x00\x00\x00\x00\x00\x00\x00\x00\x00\x00\x00\x00\x00\x00\x00\x00\x00\x00\x00\x00\x00\x00\x00\x00\x00\x00\x00\x00\x00\x00\x00\x00\x00\x00\x00\x00\x00\x00\x00\x00\x00\x00\x00\x00\x00\x00\x00\x00\x00\x00\x00\x00\x00\x00\x00\x00\x00\x00\x00\x00\x00\x00\x00\x00\x00\x00\x00\x00\x00\x00\x00\x00\x00\x00\x00\x00\x00\x00\x00\x00\x00\x00\x00\x00\x00\x00\x00\x00\x00\x00\x00\x00\x00\x00\x00\x00\x00\x00\x00\x00\x00\x00\x00\x00\x00\x00\x00\x00\x00\x00\x00\x00\x00\x00\x00\x00\x00\x00\x00\x00\x00\x00\x00\x00\x00\x00\x00\x00\x00\x00\x00\x00\x00\x00\x00\x00\x00\x00\x00\x00\x00\x00\x00\x00\x00\x00\x00\x00\x00\x00\x00\x00\x00\x00\x00\x00\x00\x00\x00\x00\x00\x00\x00\x00\x00\x00\x00\x00\x00\x00\x00\x00\x00\x00\x00\x00\x00\x00\x00\x00\x00\x00\x00\x00\x00\x00\x00\x00\x00\x00\x00\x00\x00\x00\x00\x00\x00\x00\x00\x00\x00\x00\x00\x00\x00\x00\x00\x00\x00\x00\x00\x00\x00\x00\x00\x00\x00\x00\x00\x00\x00\x00\x00\x00\x00\x00\x00\x00\x00\x00\x00\x00\x00\x00\x00\x00\x00\x00\x00\x00\x00\x00\x00\x00\x00\x00\x00\x00\x00\x00\x00\x00\x00\x00\x00\x00\x00\x00\x00\x00\x00\x00\x00\x00\x00\x00\x00\x00\x00\x00\x00\x00\x00\x00\x00\x00\x00\x00\x00\x00\x00\x00\x00\x00\x00\x00\x00\x00\x00\x00\x00\x00\x00\x00\x00\x00\x00\x00\x00\x00\x00\x00\x00\x00\x00\x00\x00\x00\x00\x00\x00\x00\x00\x00\x00\x00\x00\x00\x00\x00\x00\x00\x00\x00\x00\x00\x00\x00\x00\x00\x00\x00\x00\x00\x00\x00\x00\x00\x00\x00\x00\x00\x00\x00\x00\x00\x00\x00\x00\x00\x00\x00\x00\x00\x00\x00\x00\x00\x00\x00\x00\x00\x00\x00\x00\x00\x00\x00\x00\x00\x00\x00\x00\x00\x00\x00\x00\x00\x00\x00\x00\x00\x00\x00\x00\x00\x00\x00\x00\x00\x00\x00\x00\x00\x00\x00\x00\x00\x00\x00\x00\x00\x00\x00\x00\x00\x00\x00\x00\x00\x00\x00\x00\x00\x00\x00\x00\x00\x00\x00\x00\x00\x00\x00\x00\x00\x00\x00\x00\x00\x00\x00\x00\x00\x00\x00\x00\x00\x00\x00\x00\x00\x00\x00\x00\x00\x00\x00\x00\x00\x00\x00\x00\x00\x00\x00\x00\x00\x00\x00\x00\x00\x00\x00\x00\x00\x00\x00\x00\x00\x00\x00\x00\x00\x00\x00\x00\x00\x00\x00\x00\x00\x00\x00\x00\x00\x00\x00\x00\x00\x00\x00\x00\x00\x00\x00\x00\x00\x00\x00\x00\x00\x00\x00\x00\x00\x00\x00\x00\x00\x00\x00\x00\x00\x00\x00\x00\x00\x00\x00\x00\x00\x00\x00\x00\x00\x00\x00\x00\x00\x00\x00\x00\x00\x00\x00\x00\x00\x00\x00\x00\x00\x00\x00\x00\x00\x00\x00\x00\x00\x00\x00\x00\x00\x00\x00\x00\x00\x00\x00\x00\x00\x00\x00\x00\x00\x00\x00\x00\x00\x00\x00\x00\x00\x00\x00\x00\x00\x00\x00\x00\x00\x00\x00" 400 173 "-" "-"
34.77.163.42 - - [08/May/2021:07:16:48 -0500] "GET / HTTP/1.1" 200 12395 "-" "python-requests/2.25.1"
221.215.116.167 - - [08/May/2021:07:18:32 -0500] "GET /boaform/admin/formLogin?username=adminisp&psd=adminisp HTTP/1.0" 301 185 "-" "-"
66.249.73.72 - - [08/May/2021:07:19:23 -0500] "GET / HTTP/1.1" 200 12395 "-" "Mozilla/5.0 (compatible; Googlebot/2.1; +http://www.google.com/bot.html)"
66.249.73.72 - - [08/May/2021:07:19:25 -0500] "GET /js/debug.js?e&datetime=20210508071922 HTTP/1.1" 200 10964 "https://cst.ridgewater.edu/" "Mozilla/5.0 AppleWebKit/537.36 (KHTML, like Gecko; compatible; Googlebot/2.1; +http://www.google.com/bot.html) Safari/537.36"
66.249.73.74 - - [08/May/2021:07:19:26 -0500] "GET /css/debug.css?datetime=20210508071922 HTTP/1.1" 200 17 "https://cst.ridgewater.edu/" "Mozilla/5.0 AppleWebKit/537.36 (KHTML, like Gecko; compatible; Googlebot/2.1; +http://www.google.com/bot.html) Safari/537.36"
66.249.73.72 - - [08/May/2021:07:19:26 -0500] "GET /css/CST.css?datetime=20210508071922 HTTP/1.1" 200 24467 "https://cst.ridgewater.edu/" "Mozilla/5.0 AppleWebKit/537.36 (KHTML, like Gecko; compatible; Googlebot/2.1; +http://www.google.com/bot.html) Safari/537.36"
66.249.73.70 - - [08/May/2021:07:19:26 -0500] "GET /css/tooltip.css?datetime=20210508071922 HTTP/1.1" 200 2300 "https://cst.ridgewater.edu/" "Mozilla/5.0 AppleWebKit/537.36 (KHTML, like Gecko; compatible; Googlebot/2.1; +http://www.google.com/bot.html) Safari/537.36"
66.249.73.70 - - [08/May/2021:07:19:27 -0500] "GET /js/tooltip.js?o&datetime=20210508071922 HTTP/1.1" 200 13888 "https://cst.ridgewater.edu/" "Mozilla/5.0 AppleWebKit/537.36 (KHTML, like Gecko; compatible; Googlebot/2.1; +http://www.google.com/bot.html) Safari/537.36"
66.249.73.72 - - [08/May/2021:07:19:27 -0500] "GET /js/div.js?i&datetime=20210508071922 HTTP/1.1" 200 7433 "https://cst.ridgewater.edu/" "Mozilla/5.0 AppleWebKit/537.36 (KHTML, like Gecko; compatible; Googlebot/2.1; +http://www.google.com/bot.html) Safari/537.36"
66.249.73.72 - - [08/May/2021:07:19:28 -0500] "GET /js/CollapsibleLists.js?o&datetime=20210508071922 HTTP/1.1" 200 1018 "https://cst.ridgewater.edu/" "Mozilla/5.0 AppleWebKit/537.36 (KHTML, like Gecko; compatible; Googlebot/2.1; +http://www.google.com/bot.html) Safari/537.36"
66.249.73.72 - - [08/May/2021:07:19:28 -0500] "GET /js/CST.js?S&datetime=20210508071922 HTTP/1.1" 200 12049 "https://cst.ridgewater.edu/" "Mozilla/5.0 AppleWebKit/537.36 (KHTML, like Gecko; compatible; Googlebot/2.1; +http://www.google.com/bot.html) Safari/537.36"
185.191.171.7 - - [08/May/2021:07:26:49 -0500] "GET /robots.txt HTTP/1.1" 404 169 "-" "Mozilla/5.0 (compatible; SemrushBot/7~bl; +http://www.semrush.com/bot.html)"
185.191.171.33 - - [08/May/2021:07:26:49 -0500] "GET /JimMartinson/CST1025/Resources/ComputerNetworks/auxiliary_files/mininet/switchline_rc.py HTTP/1.1" 200 1891 "-" "Mozilla/5.0 (compatible; SemrushBot/7~bl; +http://www.semrush.com/bot.html)"
207.46.13.149 - - [08/May/2021:07:30:20 -0500] "GET /test.html HTTP/1.1" 301 185 "-" "Mozilla/5.0 (compatible; bingbot/2.0; +http://www.bing.com/bingbot.htm)"
40.77.167.98 - - [08/May/2021:07:30:47 -0500] "GET /jeffpolman/CST1700/resources/1700%20stuff%20for%20students/ppts/Exploration_Network_Chapter11.ppt HTTP/1.1" 301 185 "-" "Mozilla/5.0 (compatible; bingbot/2.0; +http://www.bing.com/bingbot.htm)"
207.46.13.155 - - [08/May/2021:07:31:55 -0500] "GET /JimMartinson/CST1510/Technical%20Reference/Display%20Technology%20Content/_notes/dwsync.xml HTTP/1.1" 200 320 "-" "Mozilla/5.0 (compatible; bingbot/2.0; +http://www.bing.com/bingbot.htm)"
207.46.13.112 - - [08/May/2021:07:34:17 -0500] "GET /Credentials/2000-01/?C=M;O=A HTTP/1.1" 301 185 "-" "Mozilla/5.0 (compatible; bingbot/2.0; +http://www.bing.com/bingbot.htm)"
138.68.161.204 - - [08/May/2021:07:35:52 -0500] "GET / HTTP/1.1" 301 185 "-" "curl/7.58.0"
207.46.13.155 - - [08/May/2021:07:40:07 -0500] "GET /JimMartinson/MMDT1021/Resources/ HTTP/1.1" 200 1036 "-" "Mozilla/5.0 (compatible; bingbot/2.0; +http://www.bing.com/bingbot.htm)"
17.121.113.56 - - [08/May/2021:07:41:22 -0500] "GET /CSTclub/ HTTP/1.1" 200 3450 "-" "Mozilla/5.0 (Macintosh; Intel Mac OS X 10_15_5) AppleWebKit/605.1.15 (KHTML, like Gecko) Version/13.1.1 Safari/605.1.15 (Applebot/0.1; +http://www.apple.com/go/applebot)"
40.77.167.98 - - [08/May/2021:07:47:30 -0500] "GET /JimMartinson/CST1025/Resources/ComputerNetworks/auxiliary_files/ns2/basic1.nam HTTP/1.1" 200 622332 "-" "Mozilla/5.0 (compatible; bingbot/2.0; +http://www.bing.com/bingbot.htm)"
40.77.167.98 - - [08/May/2021:07:50:55 -0500] "GET /JimMartinson/CST1600/Schedule/ HTTP/1.1" 200 7100 "-" "Mozilla/5.0 (compatible; bingbot/2.0; +http://www.bing.com/bingbot.htm)"
207.46.13.149 - - [08/May/2021:07:56:47 -0500] "GET /JimMartinson/CST1025/Resources/ComputerNetworks/auxiliary_files/mininet/loadbalance31.py HTTP/1.1" 200 3953 "-" "Mozilla/5.0 (compatible; bingbot/2.0; +http://www.bing.com/bingbot.htm)"
185.191.171.10 - - [08/May/2021:08:03:12 -0500] "GET /JimMartinson/MMDT1021/Resources/Brackets/Windows/Brackets.Release.1.13.msi HTTP/1.1" 200 130815 "-" "Mozilla/5.0 (compatible; SemrushBot/7~bl; +http://www.semrush.com/bot.html)"
114.119.134.10 - - [08/May/2021:08:10:01 -0500] "GET /JimMartinson/CST1600 HTTP/1.1" 301 185 "-" "Mozilla/5.0 (Linux; Android 7.0;) AppleWebKit/537.36 (KHTML, like Gecko) Mobile Safari/537.36 (compatible; PetalBot;+https://webmaster.petalsearch.com/site/petalbot)"
34.125.43.181 - - [08/May/2021:08:11:29 -0500] "GET /jeffpolman/CST1700/resources/1700%20stuff%20for%20students/ppts/Exploration_Network_Chapter10.ppt HTTP/1.1" 301 185 "-" "Go-http-client/1.1"
34.125.43.181 - - [08/May/2021:08:11:29 -0500] "GET /jeffpolman/CST1700/resources/1700%20stuff%20for%20students/ppts/Exploration_Network_Chapter10.ppt HTTP/1.1" 404 169 "http://cst.ridgewater.edu/jeffpolman/CST1700/resources/1700%20stuff%20for%20students/ppts/Exploration_Network_Chapter10.ppt" "Go-http-client/1.1"
40.77.167.70 - - [08/May/2021:08:14:05 -0500] "GET /JimMartinson/CST1510/Technical%20Reference/System%20Buildingand%20Maintenance%20Content/Reseating%20Socketed%20Chips.pdf HTTP/1.1" 304 0 "-" "Mozilla/5.0 (compatible; bingbot/2.0; +http://www.bing.com/bingbot.htm)"
207.46.13.102 - - [08/May/2021:08:15:10 -0500] "GET /JimMartinson/CST2950/ HTTP/1.1" 301 185 "-" "Mozilla/5.0 (compatible; bingbot/2.0; +http://www.bing.com/bingbot.htm)"
207.46.13.98 - - [08/May/2021:08:17:56 -0500] "GET /jeffpolman/CST2845/resources/RFID.defined.pdf HTTP/1.1" 404 169 "-" "Mozilla/5.0 (compatible; bingbot/2.0; +http://www.bing.com/bingbot.htm)"
66.249.73.78 - - [08/May/2021:08:18:05 -0500] "GET /robots.txt HTTP/1.1" 301 185 "-" "Mozilla/5.0 (compatible; Googlebot/2.1; +http://www.google.com/bot.html)"
66.249.73.72 - - [08/May/2021:08:18:05 -0500] "GET /robots.txt HTTP/1.1" 404 169 "-" "Mozilla/5.0 (compatible; Googlebot/2.1; +http://www.google.com/bot.html)"
66.249.73.76 - - [08/May/2021:08:18:05 -0500] "GET /JimMartinson/CST1025/Resources/ComputerNetworks/_images/manchester_color.svg HTTP/1.1" 301 185 "-" "Googlebot-Image/1.0"
66.249.73.72 - - [08/May/2021:08:18:06 -0500] "GET /JimMartinson/CST1025/Resources/ComputerNetworks/_images/manchester_color.svg HTTP/1.1" 200 41503 "-" "Googlebot-Image/1.0"
207.46.13.98 - - [08/May/2021:08:18:29 -0500] "GET /JimMartinson/CST1025/Resources/ComputerNetworks/auxiliary_files/stalk/tcp_stalkc.java HTTP/1.1" 200 2048 "-" "Mozilla/5.0 (compatible; bingbot/2.0; +http://www.bing.com/bingbot.htm)"
66.249.73.72 - - [08/May/2021:08:20:12 -0500] "GET / HTTP/1.1" 200 12395 "-" "Mozilla/5.0 (compatible; Googlebot/2.1; +http://www.google.com/bot.html)"
66.249.73.72 - - [08/May/2021:08:20:14 -0500] "GET /css/CST.css?datetime=20210508082012 HTTP/1.1" 200 24467 "https://cst.ridgewater.edu/" "Mozilla/5.0 AppleWebKit/537.36 (KHTML, like Gecko; compatible; Googlebot/2.1; +http://www.google.com/bot.html) Safari/537.36"
66.249.73.72 - - [08/May/2021:08:20:15 -0500] "GET /js/CST.js?S&datetime=20210508082012 HTTP/1.1" 200 12049 "https://cst.ridgewater.edu/" "Mozilla/5.0 AppleWebKit/537.36 (KHTML, like Gecko; compatible; Googlebot/2.1; +http://www.google.com/bot.html) Safari/537.36"
66.249.73.74 - - [08/May/2021:08:20:15 -0500] "GET /css/debug.css?datetime=20210508082012 HTTP/1.1" 200 17 "https://cst.ridgewater.edu/" "Mozilla/5.0 AppleWebKit/537.36 (KHTML, like Gecko; compatible; Googlebot/2.1; +http://www.google.com/bot.html) Safari/537.36"
66.249.73.74 - - [08/May/2021:08:20:16 -0500] "GET /js/tooltip.js?o&datetime=20210508082012 HTTP/1.1" 200 13888 "https://cst.ridgewater.edu/" "Mozilla/5.0 AppleWebKit/537.36 (KHTML, like Gecko; compatible; Googlebot/2.1; +http://www.google.com/bot.html) Safari/537.36"
66.249.73.72 - - [08/May/2021:08:20:16 -0500] "GET /js/CollapsibleLists.js?o&datetime=20210508082012 HTTP/1.1" 200 1018 "https://cst.ridgewater.edu/" "Mozilla/5.0 AppleWebKit/537.36 (KHTML, like Gecko; compatible; Googlebot/2.1; +http://www.google.com/bot.html) Safari/537.36"
66.249.73.72 - - [08/May/2021:08:20:17 -0500] "GET /css/tooltip.css?datetime=20210508082012 HTTP/1.1" 200 2300 "https://cst.ridgewater.edu/" "Mozilla/5.0 AppleWebKit/537.36 (KHTML, like Gecko; compatible; Googlebot/2.1; +http://www.google.com/bot.html) Safari/537.36"
66.249.73.72 - - [08/May/2021:08:20:17 -0500] "GET /js/div.js?i&datetime=20210508082012 HTTP/1.1" 200 7433 "https://cst.ridgewater.edu/" "Mozilla/5.0 AppleWebKit/537.36 (KHTML, like Gecko; compatible; Googlebot/2.1; +http://www.google.com/bot.html) Safari/537.36"
66.249.73.70 - - [08/May/2021:08:20:18 -0500] "GET /js/debug.js?e&datetime=20210508082012 HTTP/1.1" 200 10964 "https://cst.ridgewater.edu/" "Mozilla/5.0 AppleWebKit/537.36 (KHTML, like Gecko; compatible; Googlebot/2.1; +http://www.google.com/bot.html) Safari/537.36"
207.46.13.112 - - [08/May/2021:08:21:09 -0500] "GET /Credentials/2008-09/_notes/dwsync.xml HTTP/1.1" 304 0 "-" "Mozilla/5.0 (compatible; bingbot/2.0; +http://www.bing.com/bingbot.htm)"
207.46.13.102 - - [08/May/2021:08:21:13 -0500] "GET /jeffpolman/CST1701/ HTTP/1.1" 404 169 "-" "Mozilla/5.0 (compatible; bingbot/2.0; +http://www.bing.com/bingbot.htm)"
185.191.171.36 - - [08/May/2021:08:27:10 -0500] "GET /robots.txt HTTP/1.1" 404 169 "-" "Mozilla/5.0 (compatible; SemrushBot/7~bl; +http://www.semrush.com/bot.html)"
185.191.171.40 - - [08/May/2021:08:28:00 -0500] "GET /JimMartinson/CST1025/Resources/Hardware/3)%20Hubs,%20Switches%20and%20Routers/2)%20Network%20switch%20-%20Wikipedia.URL HTTP/1.1" 499 0 "-" "Mozilla/5.0 (compatible; SemrushBot/7~bl; +http://www.semrush.com/bot.html)"
185.191.171.40 - - [08/May/2021:08:28:50 -0500] "GET /JimMartinson/CST1025/Resources/Hardware/3)%20Hubs,%20Switches%20and%20Routers/2)%20Network%20switch%20-%20Wikipedia.URL HTTP/1.1" 499 0 "-" "Mozilla/5.0 (compatible; SemrushBot/7~bl; +http://www.semrush.com/bot.html)"
40.77.167.100 - - [08/May/2021:08:33:20 -0500] "GET /JimMartinson/CST1600/Resources/comp4_unit6d_flash_lecture/player/zoom.html HTTP/1.1" 200 1433 "-" "Mozilla/5.0 (compatible; bingbot/2.0; +http://www.bing.com/bingbot.htm)"
114.119.153.220 - - [08/May/2021:08:45:22 -0500] "GET /jeffpolman/CST1701/resources/ERouting_Curriculum_errata(1).xlsx HTTP/1.1" 301 185 "-" "Mozilla/5.0 (Linux; Android 7.0;) AppleWebKit/537.36 (KHTML, like Gecko) Mobile Safari/537.36 (compatible; PetalBot;+https://webmaster.petalsearch.com/site/petalbot)"
114.119.153.220 - - [08/May/2021:08:45:23 -0500] "GET /jeffpolman/CST1701/resources/ERouting_Curriculum_errata(1).xlsx HTTP/1.1" 404 169 "-" "Mozilla/5.0 (Linux; Android 7.0;) AppleWebKit/537.36 (KHTML, like Gecko) Mobile Safari/537.36 (compatible; PetalBot;+https://webmaster.petalsearch.com/site/petalbot)"
207.46.13.66 - - [08/May/2021:08:51:32 -0500] "GET /vmware/ HTTP/1.1" 200 6603 "-" "Mozilla/5.0 (compatible; bingbot/2.0; +http://www.bing.com/bingbot.htm)"
207.46.13.155 - - [08/May/2021:08:53:23 -0500] "GET /JimMartinson/CST1611/ HTTP/1.1" 200 9505 "-" "Mozilla/5.0 (compatible; bingbot/2.0; +http://www.bing.com/bingbot.htm)"
114.119.148.94 - - [08/May/2021:08:55:03 -0500] "GET /vmware/downloads/vmrc/VMware-Remote-Console-10.0.6-14247266.dmg HTTP/1.1" 301 185 "-" "Mozilla/5.0 (Linux; Android 7.0;) AppleWebKit/537.36 (KHTML, like Gecko) Mobile Safari/537.36 (compatible; PetalBot;+https://webmaster.petalsearch.com/site/petalbot)"
