207.46.13.155 - - [08/May/2021:20:26:31 -0500] "GET / HTTP/1.1" 301 185 "-" "Mozilla/5.0 (compatible; bingbot/2.0; +http://www.bing.com/bingbot.htm)"
114.119.146.220 - - [08/May/2021:20:31:57 -0500] "GET /robots.txt HTTP/1.1" 301 185 "-" "Mozilla/5.0 (compatible;PetalBot;+https://webmaster.petalsearch.com/site/petalbot)"
114.119.146.220 - - [08/May/2021:20:31:58 -0500] "GET /robots.txt HTTP/1.1" 404 169 "-" "Mozilla/5.0 (compatible;PetalBot;+https://webmaster.petalsearch.com/site/petalbot)"
128.14.133.58 - - [08/May/2021:20:33:36 -0500] "GET / HTTP/1.1" 301 185 "-" "Mozilla/5.0 (Windows NT 10.0; Win64; x64) AppleWebKit/537.36 (KHTML, like Gecko) Chrome/60.0.3112.113 Safari/537.36"
128.14.133.58 - - [08/May/2021:20:33:37 -0500] "GET / HTTP/1.1" 200 12396 "http://134.29.175.74/" "Mozilla/5.0 (Windows NT 10.0; Win64; x64) AppleWebKit/537.36 (KHTML, like Gecko) Chrome/60.0.3112.113 Safari/537.36"
40.77.167.98 - - [08/May/2021:20:44:12 -0500] "GET /Credentials/index.cfm?Credential_ID=800 HTTP/1.1" 404 169 "-" "Mozilla/5.0 (compatible; bingbot/2.0; +http://www.bing.com/bingbot.htm)"
114.119.136.139 - - [08/May/2021:20:51:01 -0500] "GET /jeffpolman/CST2840/resources/Wireless%20LAN%20Book/instructor's%20manual/ch08.doc HTTP/1.1" 301 185 "-" "Mozilla/5.0 (Linux; Android 7.0;) AppleWebKit/537.36 (KHTML, like Gecko) Mobile Safari/537.36 (compatible; PetalBot;+https://webmaster.petalsearch.com/site/petalbot)"
114.119.136.139 - - [08/May/2021:20:51:02 -0500] "GET /jeffpolman/CST2840/resources/Wireless%20LAN%20Book/instructor's%20manual/ch08.doc HTTP/1.1" 404 169 "-" "Mozilla/5.0 (Linux; Android 7.0;) AppleWebKit/537.36 (KHTML, like Gecko) Mobile Safari/537.36 (compatible; PetalBot;+https://webmaster.petalsearch.com/site/petalbot)"
207.46.13.102 - - [08/May/2021:20:58:52 -0500] "GET /AllenBenusa/ HTTP/1.1" 301 185 "-" "Mozilla/5.0 (compatible; bingbot/2.0; +http://www.bing.com/bingbot.htm)"
207.46.13.61 - - [08/May/2021:21:04:02 -0500] "GET /login/ HTTP/1.1" 200 7017 "-" "Mozilla/5.0 (compatible; bingbot/2.0; +http://www.bing.com/bingbot.htm)"
185.191.171.14 - - [08/May/2021:21:05:55 -0500] "GET /robots.txt HTTP/1.1" 404 169 "-" "Mozilla/5.0 (compatible; SemrushBot/7~bl; +http://www.semrush.com/bot.html)"
185.191.171.9 - - [08/May/2021:21:06:45 -0500] "GET /JimMartinson/CST1025/Resources/Software/1)%20Troubleshooting%20tools/1)%20Top%2010%20Basic%20Network%20Troubleshooting%20Tools%20Every%20IT%20Pro%20Should%20Know%20Pluralsight.URL HTTP/1.1" 499 0 "-" "Mozilla/5.0 (compatible; SemrushBot/7~bl; +http://www.semrush.com/bot.html)"
207.46.13.66 - - [08/May/2021:21:07:16 -0500] "GET /jeffpolman/CST2840/resources/Wireless%20LAN%20Book/instructor's%20manual/ch02.doc HTTP/1.1" 301 185 "-" "Mozilla/5.0 (compatible; bingbot/2.0; +http://www.bing.com/bingbot.htm)"
185.191.171.9 - - [08/May/2021:21:07:35 -0500] "GET /JimMartinson/CST1025/Resources/Software/1)%20Troubleshooting%20tools/1)%20Top%2010%20Basic%20Network%20Troubleshooting%20Tools%20Every%20IT%20Pro%20Should%20Know%20Pluralsight.URL HTTP/1.1" 499 0 "-" "Mozilla/5.0 (compatible; SemrushBot/7~bl; +http://www.semrush.com/bot.html)"
207.46.13.102 - - [08/May/2021:21:08:45 -0500] "GET /jeffpolman/CST2840/resources/csico%20aironet%20command%20reference.pdf HTTP/1.1" 301 185 "-" "Mozilla/5.0 (compatible; bingbot/2.0; +http://www.bing.com/bingbot.htm)"
94.102.56.18 - - [08/May/2021:21:12:08 -0500] "GET / HTTP/1.1" 301 185 "https://google.com" "Mozilla/5.0 (X11; Linux x86_64) AppleWebKit/537.36 (KHTML, like Gecko) Chrome/81.0.4044.129 Safari/537.36"
94.102.56.18 - - [08/May/2021:21:12:09 -0500] "GET / HTTP/1.1" 200 12395 "https://google.com" "Mozilla/5.0 (X11; Linux x86_64) AppleWebKit/537.36 (KHTML, like Gecko) Chrome/81.0.4044.129 Safari/537.36"
66.249.70.10 - - [08/May/2021:21:24:10 -0500] "GET / HTTP/1.1" 200 12395 "-" "Mozilla/5.0 (compatible; Googlebot/2.1; +http://www.google.com/bot.html)"
66.249.70.8 - - [08/May/2021:21:24:14 -0500] "GET /css/CST.css?datetime=20210508212409 HTTP/1.1" 200 24467 "https://cst.ridgewater.edu/" "Mozilla/5.0 AppleWebKit/537.36 (KHTML, like Gecko; compatible; Googlebot/2.1; +http://www.google.com/bot.html) Safari/537.36"
66.249.70.8 - - [08/May/2021:21:24:15 -0500] "GET /js/CollapsibleLists.js?o&datetime=20210508212409 HTTP/1.1" 200 1018 "https://cst.ridgewater.edu/" "Mozilla/5.0 AppleWebKit/537.36 (KHTML, like Gecko; compatible; Googlebot/2.1; +http://www.google.com/bot.html) Safari/537.36"
66.249.70.6 - - [08/May/2021:21:24:15 -0500] "GET /css/tooltip.css?datetime=20210508212409 HTTP/1.1" 200 2300 "https://cst.ridgewater.edu/" "Mozilla/5.0 AppleWebKit/537.36 (KHTML, like Gecko; compatible; Googlebot/2.1; +http://www.google.com/bot.html) Safari/537.36"
66.249.70.8 - - [08/May/2021:21:24:16 -0500] "GET /js/debug.js?e&datetime=20210508212409 HTTP/1.1" 200 10964 "https://cst.ridgewater.edu/" "Mozilla/5.0 AppleWebKit/537.36 (KHTML, like Gecko; compatible; Googlebot/2.1; +http://www.google.com/bot.html) Safari/537.36"
66.249.70.8 - - [08/May/2021:21:24:16 -0500] "GET /css/debug.css?datetime=20210508212409 HTTP/1.1" 200 17 "https://cst.ridgewater.edu/" "Mozilla/5.0 AppleWebKit/537.36 (KHTML, like Gecko; compatible; Googlebot/2.1; +http://www.google.com/bot.html) Safari/537.36"
66.249.70.8 - - [08/May/2021:21:24:17 -0500] "GET /js/div.js?i&datetime=20210508212409 HTTP/1.1" 200 7433 "https://cst.ridgewater.edu/" "Mozilla/5.0 AppleWebKit/537.36 (KHTML, like Gecko; compatible; Googlebot/2.1; +http://www.google.com/bot.html) Safari/537.36"
66.249.70.8 - - [08/May/2021:21:24:17 -0500] "GET /js/tooltip.js?o&datetime=20210508212409 HTTP/1.1" 200 13888 "https://cst.ridgewater.edu/" "Mozilla/5.0 AppleWebKit/537.36 (KHTML, like Gecko; compatible; Googlebot/2.1; +http://www.google.com/bot.html) Safari/537.36"
66.249.70.6 - - [08/May/2021:21:24:18 -0500] "GET /js/CST.js?S&datetime=20210508212409 HTTP/1.1" 200 12049 "https://cst.ridgewater.edu/" "Mozilla/5.0 AppleWebKit/537.36 (KHTML, like Gecko; compatible; Googlebot/2.1; +http://www.google.com/bot.html) Safari/537.36"
114.119.139.148 - - [08/May/2021:21:25:54 -0500] "GET /RockyHyberger HTTP/1.1" 301 185 "-" "Mozilla/5.0 (Linux; Android 7.0;) AppleWebKit/537.36 (KHTML, like Gecko) Mobile Safari/537.36 (compatible; PetalBot;+https://webmaster.petalsearch.com/site/petalbot)"
114.119.139.148 - - [08/May/2021:21:25:55 -0500] "GET /RockyHyberger HTTP/1.1" 301 185 "-" "Mozilla/5.0 (Linux; Android 7.0;) AppleWebKit/537.36 (KHTML, like Gecko) Mobile Safari/537.36 (compatible; PetalBot;+https://webmaster.petalsearch.com/site/petalbot)"
114.119.139.148 - - [08/May/2021:21:25:56 -0500] "GET /RockyHyberger/ HTTP/1.1" 200 5995 "-" "Mozilla/5.0 (Linux; Android 7.0;) AppleWebKit/537.36 (KHTML, like Gecko) Mobile Safari/537.36 (compatible; PetalBot;+https://webmaster.petalsearch.com/site/petalbot)"
207.46.13.61 - - [08/May/2021:21:26:25 -0500] "GET /jeffpolman/CST1701/resources/presentations/Routing%20loops.ppt HTTP/1.1" 404 169 "-" "Mozilla/5.0 (compatible; bingbot/2.0; +http://www.bing.com/bingbot.htm)"
114.119.134.10 - - [08/May/2021:21:30:18 -0500] "GET /Information/WeatherEmergencies HTTP/1.1" 301 185 "-" "Mozilla/5.0 (Linux; Android 7.0;) AppleWebKit/537.36 (KHTML, like Gecko) Mobile Safari/537.36 (compatible; PetalBot;+https://webmaster.petalsearch.com/site/petalbot)"
207.46.13.155 - - [08/May/2021:21:35:07 -0500] "GET /JimMartinson/CST1510/Resources/Technical%20Reference/ HTTP/1.1" 200 1601 "-" "Mozilla/5.0 (compatible; bingbot/2.0; +http://www.bing.com/bingbot.htm)"
114.119.155.150 - - [08/May/2021:21:36:43 -0500] "GET /JimMartinson/CST1600 HTTP/1.1" 301 185 "-" "Mozilla/5.0 (Linux; Android 7.0;) AppleWebKit/537.36 (KHTML, like Gecko) Mobile Safari/537.36 (compatible; PetalBot;+https://webmaster.petalsearch.com/site/petalbot)"
40.77.167.100 - - [08/May/2021:21:41:48 -0500] "GET /Credentials/2006-07/2007_Certificate_LinixAdministrator.htm HTTP/1.1" 200 15051 "-" "Mozilla/5.0 (compatible; bingbot/2.0; +http://www.bing.com/bingbot.htm)"
207.46.13.61 - - [08/May/2021:21:50:07 -0500] "GET /jeffpolman/CST1700/resources/3ComIPSubnetCaclculator/ HTTP/1.1" 301 185 "-" "Mozilla/5.0 (compatible; bingbot/2.0; +http://www.bing.com/bingbot.htm)"
192.241.219.56 - - [08/May/2021:21:56:07 -0500] "GET / HTTP/1.1" 301 185 "-" "Mozilla/5.0 zgrab/0.x"
40.77.167.98 - - [08/May/2021:21:59:08 -0500] "GET /Credentials/1997-98/_notes/?C=S;O=D HTTP/1.1" 301 185 "-" "Mozilla/5.0 (compatible; bingbot/2.0; +http://www.bing.com/bingbot.htm)"
212.83.158.52 - - [08/May/2021:22:01:27 -0500] "GET /phpMyAdmin/scripts/setup.php HTTP/1.1" 301 185 "-" "ZmEu"
212.83.158.52 - - [08/May/2021:22:01:31 -0500] "GET /pma/scripts/setup.php HTTP/1.1" 301 185 "-" "ZmEu"
212.83.158.52 - - [08/May/2021:22:01:31 -0500] "GET /myadmin/scripts/setup.php HTTP/1.1" 301 185 "-" "ZmEu"
212.83.158.52 - - [08/May/2021:22:01:31 -0500] "GET /MyAdmin/scripts/setup.php HTTP/1.1" 301 185 "-" "ZmEu"
207.46.13.66 - - [08/May/2021:22:04:22 -0500] "GET /JimMartinson/MMDT1021/Schedule/ HTTP/1.1" 200 7103 "-" "Mozilla/5.0 (compatible; bingbot/2.0; +http://www.bing.com/bingbot.htm)"
185.191.171.23 - - [08/May/2021:22:07:35 -0500] "GET /robots.txt HTTP/1.1" 404 169 "-" "Mozilla/5.0 (compatible; SemrushBot/7~bl; +http://www.semrush.com/bot.html)"
185.191.171.21 - - [08/May/2021:22:08:25 -0500] "GET /JimMartinson/CST1025/Resources/Hardware/3)%20Hubs,%20Switches%20and%20Routers/3)%20Router%20(computing)%20-%20Wikipedia.URL HTTP/1.1" 499 0 "-" "Mozilla/5.0 (compatible; SemrushBot/7~bl; +http://www.semrush.com/bot.html)"
207.46.13.98 - - [08/May/2021:22:08:26 -0500] "GET /jeffpolman/CST2845/resources/3cxphone/3CXPhoneSystemManual10.pdf HTTP/1.1" 404 169 "-" "Mozilla/5.0 (compatible; bingbot/2.0; +http://www.bing.com/bingbot.htm)"
185.191.171.21 - - [08/May/2021:22:09:15 -0500] "GET /JimMartinson/CST1025/Resources/Hardware/3)%20Hubs,%20Switches%20and%20Routers/3)%20Router%20(computing)%20-%20Wikipedia.URL HTTP/1.1" 499 0 "-" "Mozilla/5.0 (compatible; SemrushBot/7~bl; +http://www.semrush.com/bot.html)"
176.111.173.82 - - [08/May/2021:22:14:09 -0500] "\x03\x00\x00/*\xE0\x00\x00\x00\x00\x00Cookie: mstshash=Administr" 400 173 "-" "-"
176.111.173.82 - - [08/May/2021:22:14:09 -0500] "\x03\x00\x00/*\xE0\x00\x00\x00\x00\x00Cookie: mstshash=Administr" 400 173 "-" "-"
66.249.70.10 - - [08/May/2021:22:14:16 -0500] "GET /robots.txt HTTP/1.1" 301 185 "-" "Mozilla/5.0 (compatible; Googlebot/2.1; +http://www.google.com/bot.html)"
66.249.70.8 - - [08/May/2021:22:14:16 -0500] "GET /robots.txt HTTP/1.1" 404 169 "-" "Mozilla/5.0 (compatible; Googlebot/2.1; +http://www.google.com/bot.html)"
66.249.70.10 - - [08/May/2021:22:14:17 -0500] "GET /JimMartinson/CST1025/Resources/ComputerNetworks/_images/Ethernet_packet.svg HTTP/1.1" 301 185 "-" "Googlebot-Image/1.0"
66.249.70.8 - - [08/May/2021:22:14:18 -0500] "GET /JimMartinson/CST1025/Resources/ComputerNetworks/_images/Ethernet_packet.svg HTTP/1.1" 200 15478 "-" "Googlebot-Image/1.0"
207.46.13.155 - - [08/May/2021:22:16:11 -0500] "GET /JimMartinson/CST1025/Resources/ComputerNetworks/auxiliary_files/stalk/tcp_stalks.java HTTP/1.1" 200 3905 "-" "Mozilla/5.0 (compatible; bingbot/2.0; +http://www.bing.com/bingbot.htm)"
114.119.153.220 - - [08/May/2021:22:23:09 -0500] "GET /jeffpolman/cst1701 HTTP/1.1" 301 185 "-" "Mozilla/5.0 (Linux; Android 7.0;) AppleWebKit/537.36 (KHTML, like Gecko) Mobile Safari/537.36 (compatible; PetalBot;+https://webmaster.petalsearch.com/site/petalbot)"
114.119.153.220 - - [08/May/2021:22:23:11 -0500] "GET /jeffpolman/cst1701 HTTP/1.1" 404 169 "-" "Mozilla/5.0 (Linux; Android 7.0;) AppleWebKit/537.36 (KHTML, like Gecko) Mobile Safari/537.36 (compatible; PetalBot;+https://webmaster.petalsearch.com/site/petalbot)"
45.155.205.181 - - [08/May/2021:22:23:28 -0500] "GET /solr/admin/info/system?wt=json HTTP/1.1" 301 185 "-" "Mozilla/5.0 (Windows NT 10.0; Win64; x64) AppleWebKit/537.36 (KHTML, like Gecko) Chrome/78.0.3904.108 Safari/537.36"
45.155.205.181 - - [08/May/2021:22:23:28 -0500] "POST /vendor/phpunit/phpunit/src/Util/PHP/eval-stdin.php HTTP/1.1" 301 185 "-" "Mozilla/5.0 (Windows NT 10.0; Win64; x64) AppleWebKit/537.36 (KHTML, like Gecko) Chrome/78.0.3904.108 Safari/537.36"
45.155.205.181 - - [08/May/2021:22:23:28 -0500] "POST /api/jsonws/invoke HTTP/1.1" 301 185 "-" "Mozilla/5.0 (Windows NT 10.0; Win64; x64) AppleWebKit/537.36 (KHTML, like Gecko) Chrome/78.0.3904.108 Safari/537.36"
45.155.205.181 - - [08/May/2021:22:23:28 -0500] "GET /index.php?s=/Index/\x5Cthink\x5Capp/invokefunction&function=call_user_func_array&vars[0]=md5&vars[1][]=HelloThinkPHP21 HTTP/1.1" 301 185 "-" "Mozilla/5.0 (Windows NT 10.0; Win64; x64) AppleWebKit/537.36 (KHTML, like Gecko) Chrome/78.0.3904.108 Safari/537.36"
45.155.205.181 - - [08/May/2021:22:23:28 -0500] "GET /?a=fetch&content=<php>die(@md5(HelloThinkCMF))</php> HTTP/1.1" 301 185 "-" "Mozilla/5.0 (Windows NT 10.0; Win64; x64) AppleWebKit/537.36 (KHTML, like Gecko) Chrome/78.0.3904.108 Safari/537.36"
45.155.205.181 - - [08/May/2021:22:23:29 -0500] "GET /vendor/phpunit/phpunit/src/Util/PHP/eval-stdin.php HTTP/1.1" 301 185 "-" "Mozilla/5.0 (Windows NT 10.0; Win64; x64) AppleWebKit/537.36 (KHTML, like Gecko) Chrome/78.0.3904.108 Safari/537.36"
45.155.205.181 - - [08/May/2021:22:23:29 -0500] "GET /_ignition/execute-solution HTTP/1.1" 301 185 "-" "Mozilla/5.0 (Windows NT 10.0; Win64; x64) AppleWebKit/537.36 (KHTML, like Gecko) Chrome/78.0.3904.108 Safari/537.36"
45.155.205.181 - - [08/May/2021:22:23:29 -0500] "GET /?XDEBUG_SESSION_START=phpstorm HTTP/1.1" 301 185 "-" "Mozilla/5.0 (Windows NT 10.0; Win64; x64) AppleWebKit/537.36 (KHTML, like Gecko) Chrome/78.0.3904.108 Safari/537.36"
45.155.205.181 - - [08/May/2021:22:23:29 -0500] "GET /console/ HTTP/1.1" 301 185 "-" "Mozilla/5.0 (Windows NT 10.0; Win64; x64) AppleWebKit/537.36 (KHTML, like Gecko) Chrome/78.0.3904.108 Safari/537.36"
45.155.205.181 - - [08/May/2021:22:23:29 -0500] "POST /Autodiscover/Autodiscover.xml HTTP/1.1" 301 185 "-" "Mozilla/5.0 (Windows NT 10.0; Win64; x64) AppleWebKit/537.36 (KHTML, like Gecko) Chrome/78.0.3904.108 Safari/537.36"
45.155.205.181 - - [08/May/2021:22:23:30 -0500] "GET /wp-content/plugins/wp-file-manager/readme.txt HTTP/1.1" 301 185 "-" "Mozilla/5.0 (Windows NT 10.0; Win64; x64) AppleWebKit/537.36 (KHTML, like Gecko) Chrome/78.0.3904.108 Safari/537.36"
45.155.205.181 - - [08/May/2021:22:23:30 -0500] "GET /vendor/phpunit/phpunit/src/Util/PHP/eval-stdin.php HTTP/1.1" 404 36 "http://134.29.175.74:80/vendor/phpunit/phpunit/src/Util/PHP/eval-stdin.php" "Mozilla/5.0 (Windows NT 10.0; Win64; x64) AppleWebKit/537.36 (KHTML, like Gecko) Chrome/78.0.3904.108 Safari/537.36"
45.155.205.181 - - [08/May/2021:22:23:30 -0500] "GET /api/jsonws/invoke HTTP/1.1" 404 571 "http://134.29.175.74:80/api/jsonws/invoke" "Mozilla/5.0 (Windows NT 10.0; Win64; x64) AppleWebKit/537.36 (KHTML, like Gecko) Chrome/78.0.3904.108 Safari/537.36"
45.155.205.181 - - [08/May/2021:22:23:31 -0500] "GET /solr/admin/info/system?wt=json HTTP/1.1" 404 571 "http://134.29.175.74:80/solr/admin/info/system?wt=json" "Mozilla/5.0 (Windows NT 10.0; Win64; x64) AppleWebKit/537.36 (KHTML, like Gecko) Chrome/78.0.3904.108 Safari/537.36"
45.155.205.181 - - [08/May/2021:22:23:32 -0500] "GET /index.php?s=/Index/\x5Cthink\x5Capp/invokefunction&function=call_user_func_array&vars[0]=md5&vars[1][]=HelloThinkPHP21 HTTP/1.1" 200 12397 "http://134.29.175.74:80/index.php?s=/Index/\x5Cthink\x5Capp/invokefunction&function=call_user_func_array&vars[0]=md5&vars[1][]=HelloThinkPHP21" "Mozilla/5.0 (Windows NT 10.0; Win64; x64) AppleWebKit/537.36 (KHTML, like Gecko) Chrome/78.0.3904.108 Safari/537.36"
45.155.205.181 - - [08/May/2021:22:23:32 -0500] "GET /vendor/phpunit/phpunit/src/Util/PHP/eval-stdin.php HTTP/1.1" 404 36 "http://134.29.175.74:80/vendor/phpunit/phpunit/src/Util/PHP/eval-stdin.php" "Mozilla/5.0 (Windows NT 10.0; Win64; x64) AppleWebKit/537.36 (KHTML, like Gecko) Chrome/78.0.3904.108 Safari/537.36"
45.155.205.181 - - [08/May/2021:22:23:33 -0500] "GET /?a=fetch&content=<php>die(@md5(HelloThinkCMF))</php> HTTP/1.1" 200 12397 "http://134.29.175.74:80/?a=fetch&content=<php>die(@md5(HelloThinkCMF))</php>" "Mozilla/5.0 (Windows NT 10.0; Win64; x64) AppleWebKit/537.36 (KHTML, like Gecko) Chrome/78.0.3904.108 Safari/537.36"
45.155.205.181 - - [08/May/2021:22:23:33 -0500] "GET /_ignition/execute-solution HTTP/1.1" 404 571 "http://134.29.175.74:80/_ignition/execute-solution" "Mozilla/5.0 (Windows NT 10.0; Win64; x64) AppleWebKit/537.36 (KHTML, like Gecko) Chrome/78.0.3904.108 Safari/537.36"
45.155.205.181 - - [08/May/2021:22:23:34 -0500] "GET /?XDEBUG_SESSION_START=phpstorm HTTP/1.1" 200 12397 "http://134.29.175.74:80/?XDEBUG_SESSION_START=phpstorm" "Mozilla/5.0 (Windows NT 10.0; Win64; x64) AppleWebKit/537.36 (KHTML, like Gecko) Chrome/78.0.3904.108 Safari/537.36"
45.155.205.181 - - [08/May/2021:22:23:34 -0500] "GET /console/ HTTP/1.1" 404 571 "http://134.29.175.74:80/console/" "Mozilla/5.0 (Windows NT 10.0; Win64; x64) AppleWebKit/537.36 (KHTML, like Gecko) Chrome/78.0.3904.108 Safari/537.36"
45.155.205.181 - - [08/May/2021:22:23:35 -0500] "GET /Autodiscover/Autodiscover.xml HTTP/1.1" 404 571 "http://134.29.175.74:80/Autodiscover/Autodiscover.xml" "Mozilla/5.0 (Windows NT 10.0; Win64; x64) AppleWebKit/537.36 (KHTML, like Gecko) Chrome/78.0.3904.108 Safari/537.36"
45.155.205.181 - - [08/May/2021:22:23:35 -0500] "GET /wp-content/plugins/wp-file-manager/readme.txt HTTP/1.1" 404 571 "http://134.29.175.74:80/wp-content/plugins/wp-file-manager/readme.txt" "Mozilla/5.0 (Windows NT 10.0; Win64; x64) AppleWebKit/537.36 (KHTML, like Gecko) Chrome/78.0.3904.108 Safari/537.36"
114.119.148.252 - - [08/May/2021:22:24:44 -0500] "GET /JimMartinson/CST1025/Resources/ComputerNetworks/auxiliary_files/mininet/loadbalance31.py HTTP/1.1" 200 3953 "-" "Mozilla/5.0 (Linux; Android 7.0;) AppleWebKit/537.36 (KHTML, like Gecko) Mobile Safari/537.36 (compatible; PetalBot;+https://webmaster.petalsearch.com/site/petalbot)"
40.77.167.98 - - [08/May/2021:22:25:52 -0500] "GET /jeffpolman/CST2702/resources/fall2011.webexrecordings/Chapter1.wrf HTTP/1.1" 404 169 "-" "Mozilla/5.0 (compatible; bingbot/2.0; +http://www.bing.com/bingbot.htm)"
40.77.167.70 - - [08/May/2021:22:26:33 -0500] "GET /JimMartinson/CST1025/Resources/ComputerNetworks/auxiliary_files/ns2/wireless.nam HTTP/1.1" 200 605948 "-" "Mozilla/5.0 (compatible; bingbot/2.0; +http://www.bing.com/bingbot.htm)"
114.119.148.94 - - [08/May/2021:22:26:59 -0500] "GET /Information/WeatherEmergencies HTTP/1.1" 301 185 "-" "Mozilla/5.0 (Linux; Android 7.0;) AppleWebKit/537.36 (KHTML, like Gecko) Mobile Safari/537.36 (compatible; PetalBot;+https://webmaster.petalsearch.com/site/petalbot)"
185.191.171.2 - - [08/May/2021:22:27:07 -0500] "GET /JimMartinson/CST1025/Resources/Hardware/3)%20Hubs,%20Switches%20and%20Routers/Networking%20hardware%20-%20Wikipedia.URL HTTP/1.1" 499 0 "-" "Mozilla/5.0 (compatible; SemrushBot/7~bl; +http://www.semrush.com/bot.html)"
114.119.148.94 - - [08/May/2021:22:27:35 -0500] "GET /Information/WeatherEmergencies/ HTTP/1.1" 200 8007 "-" "Mozilla/5.0 (Linux; Android 7.0;) AppleWebKit/537.36 (KHTML, like Gecko) Mobile Safari/537.36 (compatible; PetalBot;+https://webmaster.petalsearch.com/site/petalbot)"
207.46.13.61 - - [08/May/2021:22:27:35 -0500] "GET /login/ HTTP/1.1" 200 7017 "-" "Mozilla/5.0 (compatible; bingbot/2.0; +http://www.bing.com/bingbot.htm)"
185.191.171.2 - - [08/May/2021:22:27:57 -0500] "GET /JimMartinson/CST1025/Resources/Hardware/3)%20Hubs,%20Switches%20and%20Routers/Networking%20hardware%20-%20Wikipedia.URL HTTP/1.1" 499 0 "-" "Mozilla/5.0 (compatible; SemrushBot/7~bl; +http://www.semrush.com/bot.html)"
66.249.70.8 - - [08/May/2021:22:32:59 -0500] "GET / HTTP/1.1" 200 12394 "-" "Mozilla/5.0 (compatible; Googlebot/2.1; +http://www.google.com/bot.html)"
66.249.70.8 - - [08/May/2021:22:33:03 -0500] "GET /js/debug.js?e&datetime=20210508223259 HTTP/1.1" 200 10964 "https://cst.ridgewater.edu/" "Mozilla/5.0 AppleWebKit/537.36 (KHTML, like Gecko; compatible; Googlebot/2.1; +http://www.google.com/bot.html) Safari/537.36"
66.249.70.6 - - [08/May/2021:22:33:04 -0500] "GET /js/CST.js?S&datetime=20210508223259 HTTP/1.1" 200 12049 "https://cst.ridgewater.edu/" "Mozilla/5.0 AppleWebKit/537.36 (KHTML, like Gecko; compatible; Googlebot/2.1; +http://www.google.com/bot.html) Safari/537.36"
66.249.70.10 - - [08/May/2021:22:33:04 -0500] "GET /css/tooltip.css?datetime=20210508223259 HTTP/1.1" 200 2300 "https://cst.ridgewater.edu/" "Mozilla/5.0 AppleWebKit/537.36 (KHTML, like Gecko; compatible; Googlebot/2.1; +http://www.google.com/bot.html) Safari/537.36"
66.249.70.10 - - [08/May/2021:22:33:04 -0500] "GET /css/CST.css?datetime=20210508223259 HTTP/1.1" 200 24467 "https://cst.ridgewater.edu/" "Mozilla/5.0 AppleWebKit/537.36 (KHTML, like Gecko; compatible; Googlebot/2.1; +http://www.google.com/bot.html) Safari/537.36"
66.249.70.10 - - [08/May/2021:22:33:05 -0500] "GET /css/debug.css?datetime=20210508223259 HTTP/1.1" 200 17 "https://cst.ridgewater.edu/" "Mozilla/5.0 AppleWebKit/537.36 (KHTML, like Gecko; compatible; Googlebot/2.1; +http://www.google.com/bot.html) Safari/537.36"
66.249.70.6 - - [08/May/2021:22:33:05 -0500] "GET /js/div.js?i&datetime=20210508223259 HTTP/1.1" 200 7433 "https://cst.ridgewater.edu/" "Mozilla/5.0 AppleWebKit/537.36 (KHTML, like Gecko; compatible; Googlebot/2.1; +http://www.google.com/bot.html) Safari/537.36"
66.249.70.10 - - [08/May/2021:22:33:06 -0500] "GET /js/CollapsibleLists.js?o&datetime=20210508223259 HTTP/1.1" 200 1018 "https://cst.ridgewater.edu/" "Mozilla/5.0 AppleWebKit/537.36 (KHTML, like Gecko; compatible; Googlebot/2.1; +http://www.google.com/bot.html) Safari/537.36"
66.249.70.6 - - [08/May/2021:22:33:06 -0500] "GET /js/tooltip.js?o&datetime=20210508223259 HTTP/1.1" 200 13888 "https://cst.ridgewater.edu/" "Mozilla/5.0 AppleWebKit/537.36 (KHTML, like Gecko; compatible; Googlebot/2.1; +http://www.google.com/bot.html) Safari/537.36"
185.191.171.18 - - [08/May/2021:22:37:01 -0500] "GET /JimMartinson/CST1025/Resources/ComputerNetworks/auxiliary_files/mininet/rip.py HTTP/1.1" 200 11690 "-" "Mozilla/5.0 (compatible; SemrushBot/7~bl; +http://www.semrush.com/bot.html)"
40.77.167.100 - - [08/May/2021:22:43:09 -0500] "GET /jeffpolman/CST2845/resources/NVX3000.manager.phone.guide.pdf HTTP/1.1" 301 185 "-" "Mozilla/5.0 (compatible; bingbot/2.0; +http://www.bing.com/bingbot.htm)"
192.241.221.22 - - [08/May/2021:22:43:13 -0500] "GET / HTTP/1.1" 200 12397 "-" "Mozilla/5.0 zgrab/0.x"
114.119.137.85 - - [08/May/2021:22:44:48 -0500] "GET /robots.txt HTTP/1.1" 301 185 "-" "Mozilla/5.0 (compatible;PetalBot;+https://webmaster.petalsearch.com/site/petalbot)"
114.119.137.85 - - [08/May/2021:22:44:49 -0500] "GET /robots.txt HTTP/1.1" 404 169 "-" "Mozilla/5.0 (compatible;PetalBot;+https://webmaster.petalsearch.com/site/petalbot)"
142.44.149.194 - - [08/May/2021:22:45:53 -0500] "GET /wp-content/plugins/ioptimizations/IOptimizes.php?hamlorszd= HTTP/1.1" 301 185 "-" "Mozilla/5.0 (Windows NT 10.0; WOW64) AppleWebKit/537.36 (KHTML, like Gecko) Chrome/65.0.3325.181 Safari/537.36"
50.81.125.125 - - [08/May/2021:22:46:50 -0500] "GET /JimMartinson/ HTTP/1.1" 301 185 "-" "Mozilla/5.0 (Windows NT 10.0; Win64; x64) AppleWebKit/537.36 (KHTML, like Gecko) Chrome/87.0.4280.141 Safari/537.36 OPR/73.0.3856.438"
50.81.125.125 - - [08/May/2021:22:46:51 -0500] "GET /JimMartinson/ HTTP/1.1" 200 11444 "-" "Mozilla/5.0 (Windows NT 10.0; Win64; x64) AppleWebKit/537.36 (KHTML, like Gecko) Chrome/87.0.4280.141 Safari/537.36 OPR/73.0.3856.438"
50.81.125.125 - - [08/May/2021:22:46:51 -0500] "GET /css/CST.css?datetime=20210508224651 HTTP/1.1" 200 24467 "https://cst.ridgewater.edu/JimMartinson/" "Mozilla/5.0 (Windows NT 10.0; Win64; x64) AppleWebKit/537.36 (KHTML, like Gecko) Chrome/87.0.4280.141 Safari/537.36 OPR/73.0.3856.438"
50.81.125.125 - - [08/May/2021:22:46:51 -0500] "GET /css/debug.css?datetime=20210508224651 HTTP/1.1" 200 17 "https://cst.ridgewater.edu/JimMartinson/" "Mozilla/5.0 (Windows NT 10.0; Win64; x64) AppleWebKit/537.36 (KHTML, like Gecko) Chrome/87.0.4280.141 Safari/537.36 OPR/73.0.3856.438"
50.81.125.125 - - [08/May/2021:22:46:51 -0500] "GET /css/tooltip.css?datetime=20210508224651 HTTP/1.1" 200 2300 "https://cst.ridgewater.edu/JimMartinson/" "Mozilla/5.0 (Windows NT 10.0; Win64; x64) AppleWebKit/537.36 (KHTML, like Gecko) Chrome/87.0.4280.141 Safari/537.36 OPR/73.0.3856.438"
50.81.125.125 - - [08/May/2021:22:46:51 -0500] "GET /js/debug.js?e&datetime=20210508224651 HTTP/1.1" 200 10964 "https://cst.ridgewater.edu/JimMartinson/" "Mozilla/5.0 (Windows NT 10.0; Win64; x64) AppleWebKit/537.36 (KHTML, like Gecko) Chrome/87.0.4280.141 Safari/537.36 OPR/73.0.3856.438"
50.81.125.125 - - [08/May/2021:22:46:51 -0500] "GET /js/div.js?i&datetime=20210508224651 HTTP/1.1" 200 7433 "https://cst.ridgewater.edu/JimMartinson/" "Mozilla/5.0 (Windows NT 10.0; Win64; x64) AppleWebKit/537.36 (KHTML, like Gecko) Chrome/87.0.4280.141 Safari/537.36 OPR/73.0.3856.438"
50.81.125.125 - - [08/May/2021:22:46:51 -0500] "GET /js/CollapsibleLists.js?o&datetime=20210508224651 HTTP/1.1" 200 1018 "https://cst.ridgewater.edu/JimMartinson/" "Mozilla/5.0 (Windows NT 10.0; Win64; x64) AppleWebKit/537.36 (KHTML, like Gecko) Chrome/87.0.4280.141 Safari/537.36 OPR/73.0.3856.438"
50.81.125.125 - - [08/May/2021:22:46:51 -0500] "GET /js/CST.js?S&datetime=20210508224651 HTTP/1.1" 200 12049 "https://cst.ridgewater.edu/JimMartinson/" "Mozilla/5.0 (Windows NT 10.0; Win64; x64) AppleWebKit/537.36 (KHTML, like Gecko) Chrome/87.0.4280.141 Safari/537.36 OPR/73.0.3856.438"
50.81.125.125 - - [08/May/2021:22:46:51 -0500] "GET /js/tooltip.js?o&datetime=20210508224651 HTTP/1.1" 200 13888 "https://cst.ridgewater.edu/JimMartinson/" "Mozilla/5.0 (Windows NT 10.0; Win64; x64) AppleWebKit/537.36 (KHTML, like Gecko) Chrome/87.0.4280.141 Safari/537.36 OPR/73.0.3856.438"
50.81.125.125 - - [08/May/2021:22:46:51 -0500] "GET /images/CSTlogoBlue115.gif HTTP/1.1" 200 8725 "https://cst.ridgewater.edu/JimMartinson/" "Mozilla/5.0 (Windows NT 10.0; Win64; x64) AppleWebKit/537.36 (KHTML, like Gecko) Chrome/87.0.4280.141 Safari/537.36 OPR/73.0.3856.438"
50.81.125.125 - - [08/May/2021:22:46:51 -0500] "GET /images/CSTlogoGreen115.gif HTTP/1.1" 200 8172 "https://cst.ridgewater.edu/JimMartinson/" "Mozilla/5.0 (Windows NT 10.0; Win64; x64) AppleWebKit/537.36 (KHTML, like Gecko) Chrome/87.0.4280.141 Safari/537.36 OPR/73.0.3856.438"
50.81.125.125 - - [08/May/2021:22:46:51 -0500] "GET /images/JimMartinson100.jpg HTTP/1.1" 200 16680 "https://cst.ridgewater.edu/JimMartinson/" "Mozilla/5.0 (Windows NT 10.0; Win64; x64) AppleWebKit/537.36 (KHTML, like Gecko) Chrome/87.0.4280.141 Safari/537.36 OPR/73.0.3856.438"
50.81.125.125 - - [08/May/2021:22:46:51 -0500] "GET /images/urc.png HTTP/1.1" 200 230 "https://cst.ridgewater.edu/css/CST.css?datetime=20210508224651" "Mozilla/5.0 (Windows NT 10.0; Win64; x64) AppleWebKit/537.36 (KHTML, like Gecko) Chrome/87.0.4280.141 Safari/537.36 OPR/73.0.3856.438"
50.81.125.125 - - [08/May/2021:22:46:51 -0500] "GET /JimMartinson/20215%20JimMartinson%20Class%20Schedule.png HTTP/1.1" 200 50906 "https://cst.ridgewater.edu/JimMartinson/" "Mozilla/5.0 (Windows NT 10.0; Win64; x64) AppleWebKit/537.36 (KHTML, like Gecko) Chrome/87.0.4280.141 Safari/537.36 OPR/73.0.3856.438"
50.81.125.125 - - [08/May/2021:22:46:53 -0500] "GET /JimMartinson/CST1611/ HTTP/1.1" 200 9505 "https://cst.ridgewater.edu/JimMartinson/" "Mozilla/5.0 (Windows NT 10.0; Win64; x64) AppleWebKit/537.36 (KHTML, like Gecko) Chrome/87.0.4280.141 Safari/537.36 OPR/73.0.3856.438"
50.81.125.125 - - [08/May/2021:22:46:53 -0500] "GET /css/CST.css?datetime=20210508224652 HTTP/1.1" 200 24467 "https://cst.ridgewater.edu/JimMartinson/CST1611/" "Mozilla/5.0 (Windows NT 10.0; Win64; x64) AppleWebKit/537.36 (KHTML, like Gecko) Chrome/87.0.4280.141 Safari/537.36 OPR/73.0.3856.438"
50.81.125.125 - - [08/May/2021:22:46:53 -0500] "GET /css/printing.css?datetime=20210508224652 HTTP/1.1" 200 5910 "https://cst.ridgewater.edu/JimMartinson/CST1611/" "Mozilla/5.0 (Windows NT 10.0; Win64; x64) AppleWebKit/537.36 (KHTML, like Gecko) Chrome/87.0.4280.141 Safari/537.36 OPR/73.0.3856.438"
50.81.125.125 - - [08/May/2021:22:46:53 -0500] "GET /js/CST.js?S&datetime=20210508224652 HTTP/1.1" 200 12049 "https://cst.ridgewater.edu/JimMartinson/CST1611/" "Mozilla/5.0 (Windows NT 10.0; Win64; x64) AppleWebKit/537.36 (KHTML, like Gecko) Chrome/87.0.4280.141 Safari/537.36 OPR/73.0.3856.438"
50.81.125.125 - - [08/May/2021:22:46:53 -0500] "GET /js/openCenteredWindow.js?p&datetime=20210508224652 HTTP/1.1" 200 3771 "https://cst.ridgewater.edu/JimMartinson/CST1611/" "Mozilla/5.0 (Windows NT 10.0; Win64; x64) AppleWebKit/537.36 (KHTML, like Gecko) Chrome/87.0.4280.141 Safari/537.36 OPR/73.0.3856.438"
50.81.125.125 - - [08/May/2021:22:46:53 -0500] "GET /js/CollapsibleLists.js?o&datetime=20210508224652 HTTP/1.1" 200 1018 "https://cst.ridgewater.edu/JimMartinson/CST1611/" "Mozilla/5.0 (Windows NT 10.0; Win64; x64) AppleWebKit/537.36 (KHTML, like Gecko) Chrome/87.0.4280.141 Safari/537.36 OPR/73.0.3856.438"
50.81.125.125 - - [08/May/2021:22:46:53 -0500] "GET /js/div.js?i&datetime=20210508224652 HTTP/1.1" 200 7433 "https://cst.ridgewater.edu/JimMartinson/CST1611/" "Mozilla/5.0 (Windows NT 10.0; Win64; x64) AppleWebKit/537.36 (KHTML, like Gecko) Chrome/87.0.4280.141 Safari/537.36 OPR/73.0.3856.438"
50.81.125.125 - - [08/May/2021:22:46:55 -0500] "GET /JimMartinson/CST1611/?Assignments HTTP/1.1" 200 7158 "https://cst.ridgewater.edu/JimMartinson/CST1611/" "Mozilla/5.0 (Windows NT 10.0; Win64; x64) AppleWebKit/537.36 (KHTML, like Gecko) Chrome/87.0.4280.141 Safari/537.36 OPR/73.0.3856.438"
50.81.125.125 - - [08/May/2021:22:46:55 -0500] "GET /css/CST.css?datetime=20210508224655 HTTP/1.1" 200 24467 "https://cst.ridgewater.edu/JimMartinson/CST1611/?Assignments" "Mozilla/5.0 (Windows NT 10.0; Win64; x64) AppleWebKit/537.36 (KHTML, like Gecko) Chrome/87.0.4280.141 Safari/537.36 OPR/73.0.3856.438"
50.81.125.125 - - [08/May/2021:22:46:55 -0500] "GET /css/debug.css?datetime=20210508224655 HTTP/1.1" 200 17 "https://cst.ridgewater.edu/JimMartinson/CST1611/?Assignments" "Mozilla/5.0 (Windows NT 10.0; Win64; x64) AppleWebKit/537.36 (KHTML, like Gecko) Chrome/87.0.4280.141 Safari/537.36 OPR/73.0.3856.438"
50.81.125.125 - - [08/May/2021:22:46:55 -0500] "GET /js/CST.js?S&datetime=20210508224655 HTTP/1.1" 200 12049 "https://cst.ridgewater.edu/JimMartinson/CST1611/?Assignments" "Mozilla/5.0 (Windows NT 10.0; Win64; x64) AppleWebKit/537.36 (KHTML, like Gecko) Chrome/87.0.4280.141 Safari/537.36 OPR/73.0.3856.438"
50.81.125.125 - - [08/May/2021:22:46:55 -0500] "GET /css/tooltip.css?datetime=20210508224655 HTTP/1.1" 200 2300 "https://cst.ridgewater.edu/JimMartinson/CST1611/?Assignments" "Mozilla/5.0 (Windows NT 10.0; Win64; x64) AppleWebKit/537.36 (KHTML, like Gecko) Chrome/87.0.4280.141 Safari/537.36 OPR/73.0.3856.438"
50.81.125.125 - - [08/May/2021:22:46:55 -0500] "GET /js/div.js?i&datetime=20210508224655 HTTP/1.1" 200 7433 "https://cst.ridgewater.edu/JimMartinson/CST1611/?Assignments" "Mozilla/5.0 (Windows NT 10.0; Win64; x64) AppleWebKit/537.36 (KHTML, like Gecko) Chrome/87.0.4280.141 Safari/537.36 OPR/73.0.3856.438"
50.81.125.125 - - [08/May/2021:22:46:55 -0500] "GET /js/CollapsibleLists.js?o&datetime=20210508224655 HTTP/1.1" 200 1018 "https://cst.ridgewater.edu/JimMartinson/CST1611/?Assignments" "Mozilla/5.0 (Windows NT 10.0; Win64; x64) AppleWebKit/537.36 (KHTML, like Gecko) Chrome/87.0.4280.141 Safari/537.36 OPR/73.0.3856.438"
50.81.125.125 - - [08/May/2021:22:46:55 -0500] "GET /js/debug.js?e&datetime=20210508224655 HTTP/1.1" 200 10964 "https://cst.ridgewater.edu/JimMartinson/CST1611/?Assignments" "Mozilla/5.0 (Windows NT 10.0; Win64; x64) AppleWebKit/537.36 (KHTML, like Gecko) Chrome/87.0.4280.141 Safari/537.36 OPR/73.0.3856.438"
50.81.125.125 - - [08/May/2021:22:46:55 -0500] "GET /js/encode.js?n&datetime=20210508224655 HTTP/1.1" 200 2957 "https://cst.ridgewater.edu/JimMartinson/CST1611/?Assignments" "Mozilla/5.0 (Windows NT 10.0; Win64; x64) AppleWebKit/537.36 (KHTML, like Gecko) Chrome/87.0.4280.141 Safari/537.36 OPR/73.0.3856.438"
50.81.125.125 - - [08/May/2021:22:46:55 -0500] "GET /js/tooltip.js?o&datetime=20210508224655 HTTP/1.1" 200 13888 "https://cst.ridgewater.edu/JimMartinson/CST1611/?Assignments" "Mozilla/5.0 (Windows NT 10.0; Win64; x64) AppleWebKit/537.36 (KHTML, like Gecko) Chrome/87.0.4280.141 Safari/537.36 OPR/73.0.3856.438"
50.81.125.125 - - [08/May/2021:22:46:56 -0500] "POST /Login/ HTTP/1.1" 200 387 "https://cst.ridgewater.edu/JimMartinson/CST1611/?Assignments" "Mozilla/5.0 (Windows NT 10.0; Win64; x64) AppleWebKit/537.36 (KHTML, like Gecko) Chrome/87.0.4280.141 Safari/537.36 OPR/73.0.3856.438"
50.81.125.125 - - [08/May/2021:22:46:57 -0500] "POST /JimMartinson/CST1611/?Assignments HTTP/1.1" 200 27268 "https://cst.ridgewater.edu/Login/" "Mozilla/5.0 (Windows NT 10.0; Win64; x64) AppleWebKit/537.36 (KHTML, like Gecko) Chrome/87.0.4280.141 Safari/537.36 OPR/73.0.3856.438"
50.81.125.125 - - [08/May/2021:22:46:57 -0500] "GET /css/CST.css?datetime=20210508224657 HTTP/1.1" 200 24467 "https://cst.ridgewater.edu/JimMartinson/CST1611/?Assignments" "Mozilla/5.0 (Windows NT 10.0; Win64; x64) AppleWebKit/537.36 (KHTML, like Gecko) Chrome/87.0.4280.141 Safari/537.36 OPR/73.0.3856.438"
50.81.125.125 - - [08/May/2021:22:46:57 -0500] "GET /css/debug.css?datetime=20210508224657 HTTP/1.1" 200 17 "https://cst.ridgewater.edu/JimMartinson/CST1611/?Assignments" "Mozilla/5.0 (Windows NT 10.0; Win64; x64) AppleWebKit/537.36 (KHTML, like Gecko) Chrome/87.0.4280.141 Safari/537.36 OPR/73.0.3856.438"
50.81.125.125 - - [08/May/2021:22:46:57 -0500] "GET /js/CST.js?S&datetime=20210508224657 HTTP/1.1" 200 12049 "https://cst.ridgewater.edu/JimMartinson/CST1611/?Assignments" "Mozilla/5.0 (Windows NT 10.0; Win64; x64) AppleWebKit/537.36 (KHTML, like Gecko) Chrome/87.0.4280.141 Safari/537.36 OPR/73.0.3856.438"
50.81.125.125 - - [08/May/2021:22:46:57 -0500] "GET /js/div.js?i&datetime=20210508224657 HTTP/1.1" 200 7433 "https://cst.ridgewater.edu/JimMartinson/CST1611/?Assignments" "Mozilla/5.0 (Windows NT 10.0; Win64; x64) AppleWebKit/537.36 (KHTML, like Gecko) Chrome/87.0.4280.141 Safari/537.36 OPR/73.0.3856.438"
50.81.125.125 - - [08/May/2021:22:46:57 -0500] "GET /css/tooltip.css?datetime=20210508224657 HTTP/1.1" 200 2300 "https://cst.ridgewater.edu/JimMartinson/CST1611/?Assignments" "Mozilla/5.0 (Windows NT 10.0; Win64; x64) AppleWebKit/537.36 (KHTML, like Gecko) Chrome/87.0.4280.141 Safari/537.36 OPR/73.0.3856.438"
50.81.125.125 - - [08/May/2021:22:46:57 -0500] "GET /js/CollapsibleLists.js?o&datetime=20210508224657 HTTP/1.1" 200 1018 "https://cst.ridgewater.edu/JimMartinson/CST1611/?Assignments" "Mozilla/5.0 (Windows NT 10.0; Win64; x64) AppleWebKit/537.36 (KHTML, like Gecko) Chrome/87.0.4280.141 Safari/537.36 OPR/73.0.3856.438"
50.81.125.125 - - [08/May/2021:22:46:57 -0500] "GET /js/debug.js?e&datetime=20210508224657 HTTP/1.1" 200 10964 "https://cst.ridgewater.edu/JimMartinson/CST1611/?Assignments" "Mozilla/5.0 (Windows NT 10.0; Win64; x64) AppleWebKit/537.36 (KHTML, like Gecko) Chrome/87.0.4280.141 Safari/537.36 OPR/73.0.3856.438"
50.81.125.125 - - [08/May/2021:22:46:57 -0500] "GET /js/select.js?e&datetime=20210508224657 HTTP/1.1" 200 1790 "https://cst.ridgewater.edu/JimMartinson/CST1611/?Assignments" "Mozilla/5.0 (Windows NT 10.0; Win64; x64) AppleWebKit/537.36 (KHTML, like Gecko) Chrome/87.0.4280.141 Safari/537.36 OPR/73.0.3856.438"
50.81.125.125 - - [08/May/2021:22:46:57 -0500] "GET /js/updateHTMLelement.js?p&datetime=20210508224657 HTTP/1.1" 200 6292 "https://cst.ridgewater.edu/JimMartinson/CST1611/?Assignments" "Mozilla/5.0 (Windows NT 10.0; Win64; x64) AppleWebKit/537.36 (KHTML, like Gecko) Chrome/87.0.4280.141 Safari/537.36 OPR/73.0.3856.438"
50.81.125.125 - - [08/May/2021:22:46:57 -0500] "GET /js/tooltip.js?o&datetime=20210508224657 HTTP/1.1" 200 13888 "https://cst.ridgewater.edu/JimMartinson/CST1611/?Assignments" "Mozilla/5.0 (Windows NT 10.0; Win64; x64) AppleWebKit/537.36 (KHTML, like Gecko) Chrome/87.0.4280.141 Safari/537.36 OPR/73.0.3856.438"
207.46.13.149 - - [08/May/2021:22:56:22 -0500] "GET /Credentials/index.cfm?Credential_ID=2008 HTTP/1.1" 301 185 "-" "Mozilla/5.0 (compatible; bingbot/2.0; +http://www.bing.com/bingbot.htm)"
37.120.147.42 - - [08/May/2021:22:56:31 -0500] "\x16\x03\x01\x02\x00\x01\x00\x01\xFC\x03\x03\x9B\xC1\xFB\x90q\x05\x84\xC0~\xE58\xEE\x19u7^\xF9\xCB\x97I\xF9\xC4\xF0>\x89\xAF\xFD\xCEDxz\x9D \x86\x86\x96\xC0\xAB\x9F%[\x8F\xA2\xEEE\x96\xAC\x14\xFE\xC2\x97j\xD3\x8EN\x83|\xA2/=u;\x98\xD9\xA3\x00b\x13\x02\x13\x03\x13\x01\xC0,\xC00\xC0+\xC0/\xCC\xA9\xCC\xA8\x00\xA3\x00\x9F\x00\xA2\x00\x9E\xCC\xAA\xC0\xAF\xC0\xAD\xC0$\xC0(\xC0" 400 173 "-" "-"
35.222.208.106 - - [08/May/2021:22:59:02 -0500] "GET /jeffpolman/CST1700/resources/1700%20stuff%20for%20students/ppts/Exploration_Network_Chapter1.ppt HTTP/1.1" 301 185 "-" "Go-http-client/1.1"
35.222.208.106 - - [08/May/2021:22:59:02 -0500] "GET /jeffpolman/CST1700/resources/1700%20stuff%20for%20students/ppts/Exploration_Network_Chapter1.ppt HTTP/1.1" 404 169 "http://cst.ridgewater.edu/jeffpolman/CST1700/resources/1700%20stuff%20for%20students/ppts/Exploration_Network_Chapter1.ppt" "Go-http-client/1.1"
34.82.227.53 - - [08/May/2021:22:59:17 -0500] "GET / HTTP/1.1" 301 185 "-" "Mozilla/5.0 (Windows NT 10.0; Win64; x64; rv:79.0) Gecko/20100101 Firefox/79.0"
34.82.227.53 - - [08/May/2021:22:59:17 -0500] "GET / HTTP/1.1" 200 12395 "-" "Mozilla/5.0 (Windows NT 10.0; Win64; x64; rv:79.0) Gecko/20100101 Firefox/79.0"
34.82.227.53 - - [08/May/2021:22:59:18 -0500] "GET / HTTP/1.1" 200 12395 "http://134.29.175.74" "Mozilla/5.0 (Windows NT 10.0; Win64; x64; rv:79.0) Gecko/20100101 Firefox/79.0"
207.46.13.155 - - [08/May/2021:23:05:45 -0500] "GET /jeffpolman/CST1700/resources/Fall2013WebExRecordings/week1.wrf HTTP/1.1" 301 185 "-" "Mozilla/5.0 (compatible; bingbot/2.0; +http://www.bing.com/bingbot.htm)"
114.119.150.90 - - [08/May/2021:23:05:52 -0500] "GET /JimMartinson/CST1025/Resources/ComputerNetworks/slidingwindows.html HTTP/1.1" 200 67813 "-" "Mozilla/5.0 (Linux; Android 7.0;) AppleWebKit/537.36 (KHTML, like Gecko) Mobile Safari/537.36 (compatible; PetalBot;+https://webmaster.petalsearch.com/site/petalbot)"
17.121.114.232 - - [08/May/2021:23:09:06 -0500] "GET /robots.txt HTTP/1.1" 404 169 "-" "Mozilla/5.0 (Macintosh; Intel Mac OS X 10_15_5) AppleWebKit/605.1.15 (KHTML, like Gecko) Version/13.1.1 Safari/605.1.15 (Applebot/0.1; +http://www.apple.com/go/applebot)"
17.121.115.70 - - [08/May/2021:23:09:06 -0500] "GET / HTTP/1.1" 200 12396 "-" "Mozilla/5.0 (Macintosh; Intel Mac OS X 10_15_5) AppleWebKit/605.1.15 (KHTML, like Gecko) Version/13.1.1 Safari/605.1.15 (Applebot/0.1; +http://www.apple.com/go/applebot)"
207.46.13.61 - - [08/May/2021:23:09:09 -0500] "GET /jeffpolman/CST2702/resources/ESwitching_Curriculum_errata(1).xls HTTP/1.1" 301 185 "-" "Mozilla/5.0 (compatible; bingbot/2.0; +http://www.bing.com/bingbot.htm)"
122.228.19.80 - - [08/May/2021:23:09:26 -0500] "GET / HTTP/1.1" 301 185 "-" "Mozilla/5.0 (Macintosh; Intel Mac OS X 10.11; rv:47.0) Gecko/20100101 Firefox/47.0"
122.228.19.80 - - [08/May/2021:23:09:28 -0500] "GET / HTTP/1.1" 200 12396 "-" "Mozilla/5.0 (Macintosh; Intel Mac OS X 10.11; rv:47.0) Gecko/20100101 Firefox/47.0"
122.228.19.80 - - [08/May/2021:23:09:28 -0500] "GET / HTTP/1.1" 301 185 "-" "Mozilla/5.0 (Windows NT 6.1; WOW64) AppleWebKit/537.36 (KHTML, like Gecko) Chrome/63.0.3239.132 Safari/537.36 QIHU 360SE"
122.228.19.80 - - [08/May/2021:23:09:30 -0500] "GET / HTTP/1.1" 200 12396 "http://134.29.175.74:80" "Mozilla/5.0 (Windows NT 6.1; WOW64) AppleWebKit/537.36 (KHTML, like Gecko) Chrome/63.0.3239.132 Safari/537.36 QIHU 360SE"
122.228.19.80 - - [08/May/2021:23:09:31 -0500] "GET /favicon.ico HTTP/1.1" 301 185 "-" "Mozilla/5.0 (Windows NT 6.1; WOW64) AppleWebKit/537.36 (KHTML, like Gecko) Chrome/63.0.3239.132 Safari/537.36 QIHU 360SE"
122.228.19.80 - - [08/May/2021:23:09:32 -0500] "GET /favicon.ico HTTP/1.1" 200 2238 "http://134.29.175.74:80/favicon.ico" "Mozilla/5.0 (Windows NT 6.1; WOW64) AppleWebKit/537.36 (KHTML, like Gecko) Chrome/63.0.3239.132 Safari/537.36 QIHU 360SE"
64.227.3.111 - - [08/May/2021:23:21:58 -0500] "POST /boaform/admin/formLogin HTTP/1.1" 301 185 "http://134.29.175.74:80/admin/login.asp" "Mozilla/5.0 (X11; Ubuntu; Linux x86_64; rv:71.0) Gecko/20100101 Firefox/71.0"
64.227.3.111 - - [08/May/2021:23:21:58 -0500] "" 400 0 "-" "-"
40.77.167.70 - - [08/May/2021:23:32:19 -0500] "GET /JimMartinson/CST1600/Resources/comp4_unit6c_flash_lecture/player.html HTTP/1.1" 200 10749 "-" "Mozilla/5.0 (compatible; bingbot/2.0; +http://www.bing.com/bingbot.htm)"
207.46.13.102 - - [08/May/2021:23:36:04 -0500] "GET /JimMartinson/CST1025/Resources/ComputerNetworks/auxiliary_files/ns2/teeth.py HTTP/1.1" 200 5590 "-" "Mozilla/5.0 (compatible; bingbot/2.0; +http://www.bing.com/bingbot.htm)"
207.46.13.102 - - [08/May/2021:23:36:04 -0500] "GET /JimMartinson/CST1025/Resources/ComputerNetworks/auxiliary_files/ns2/wireless.tcl HTTP/1.1" 200 4359 "-" "Mozilla/5.0 (compatible; bingbot/2.0; +http://www.bing.com/bingbot.htm)"
66.249.70.10 - - [08/May/2021:23:38:49 -0500] "GET / HTTP/1.1" 200 12395 "-" "Mozilla/5.0 (compatible; Googlebot/2.1; +http://www.google.com/bot.html)"
66.249.70.6 - - [08/May/2021:23:38:51 -0500] "GET /js/div.js?i&datetime=20210508233848 HTTP/1.1" 200 7433 "https://cst.ridgewater.edu/" "Mozilla/5.0 AppleWebKit/537.36 (KHTML, like Gecko; compatible; Googlebot/2.1; +http://www.google.com/bot.html) Safari/537.36"
66.249.70.10 - - [08/May/2021:23:38:51 -0500] "GET /css/tooltip.css?datetime=20210508233848 HTTP/1.1" 200 2300 "https://cst.ridgewater.edu/" "Mozilla/5.0 AppleWebKit/537.36 (KHTML, like Gecko; compatible; Googlebot/2.1; +http://www.google.com/bot.html) Safari/537.36"
66.249.70.8 - - [08/May/2021:23:38:52 -0500] "GET /js/CollapsibleLists.js?o&datetime=20210508233848 HTTP/1.1" 200 1018 "https://cst.ridgewater.edu/" "Mozilla/5.0 AppleWebKit/537.36 (KHTML, like Gecko; compatible; Googlebot/2.1; +http://www.google.com/bot.html) Safari/537.36"
66.249.70.6 - - [08/May/2021:23:38:52 -0500] "GET /css/CST.css?datetime=20210508233848 HTTP/1.1" 200 24467 "https://cst.ridgewater.edu/" "Mozilla/5.0 AppleWebKit/537.36 (KHTML, like Gecko; compatible; Googlebot/2.1; +http://www.google.com/bot.html) Safari/537.36"
66.249.70.8 - - [08/May/2021:23:38:53 -0500] "GET /css/debug.css?datetime=20210508233848 HTTP/1.1" 200 17 "https://cst.ridgewater.edu/" "Mozilla/5.0 AppleWebKit/537.36 (KHTML, like Gecko; compatible; Googlebot/2.1; +http://www.google.com/bot.html) Safari/537.36"
66.249.70.8 - - [08/May/2021:23:38:53 -0500] "GET /js/tooltip.js?o&datetime=20210508233848 HTTP/1.1" 200 13888 "https://cst.ridgewater.edu/" "Mozilla/5.0 AppleWebKit/537.36 (KHTML, like Gecko; compatible; Googlebot/2.1; +http://www.google.com/bot.html) Safari/537.36"
66.249.70.8 - - [08/May/2021:23:38:54 -0500] "GET /js/CST.js?S&datetime=20210508233848 HTTP/1.1" 200 12049 "https://cst.ridgewater.edu/" "Mozilla/5.0 AppleWebKit/537.36 (KHTML, like Gecko; compatible; Googlebot/2.1; +http://www.google.com/bot.html) Safari/537.36"
66.249.70.8 - - [08/May/2021:23:38:54 -0500] "GET /js/debug.js?e&datetime=20210508233848 HTTP/1.1" 200 10964 "https://cst.ridgewater.edu/" "Mozilla/5.0 AppleWebKit/537.36 (KHTML, like Gecko; compatible; Googlebot/2.1; +http://www.google.com/bot.html) Safari/537.36"
114.119.152.164 - - [08/May/2021:23:43:06 -0500] "GET /jeffpolman/CST2840/resources/Wireless%20LAN%20Book/instructor's%20manual/ch08.doc HTTP/1.1" 301 185 "-" "Mozilla/5.0 (Linux; Android 7.0;) AppleWebKit/537.36 (KHTML, like Gecko) Mobile Safari/537.36 (compatible; PetalBot;+https://webmaster.petalsearch.com/site/petalbot)"
114.119.152.164 - - [08/May/2021:23:43:07 -0500] "GET /jeffpolman/CST2840/resources/Wireless%20LAN%20Book/instructor's%20manual/ch08.doc HTTP/1.1" 404 169 "-" "Mozilla/5.0 (Linux; Android 7.0;) AppleWebKit/537.36 (KHTML, like Gecko) Mobile Safari/537.36 (compatible; PetalBot;+https://webmaster.petalsearch.com/site/petalbot)"
95.79.175.66 - - [08/May/2021:23:43:46 -0500] "GET /JimMartinson/CST1025/Resources/ComputerNetworks/security.html HTTP/1.0" 200 279617 "https://cst.ridgewater.edu/JimMartinson/CST1025/Resources/ComputerNetworks/security.html" "Mozilla/5.0 (Windows NT 6.1; Win64; x64) AppleWebKit/537.36 (KHTML, like Gecko) Chrome/67.0.3396.87 Safari/537.36 OPR/54.0.2952.64"
114.119.130.251 - - [08/May/2021:23:44:16 -0500] "GET /JimMartinson/CST1600 HTTP/1.1" 301 185 "-" "Mozilla/5.0 (Linux; Android 7.0;) AppleWebKit/537.36 (KHTML, like Gecko) Mobile Safari/537.36 (compatible; PetalBot;+https://webmaster.petalsearch.com/site/petalbot)"
114.119.130.251 - - [08/May/2021:23:44:17 -0500] "GET /JimMartinson/CST1600/ HTTP/1.1" 200 9509 "-" "Mozilla/5.0 (Linux; Android 7.0;) AppleWebKit/537.36 (KHTML, like Gecko) Mobile Safari/537.36 (compatible; PetalBot;+https://webmaster.petalsearch.com/site/petalbot)"
114.119.148.252 - - [08/May/2021:23:52:46 -0500] "GET /JimMartinson/CST1602?Assignments HTTP/1.1" 301 185 "-" "Mozilla/5.0 (Linux; Android 7.0;) AppleWebKit/537.36 (KHTML, like Gecko) Mobile Safari/537.36 (compatible; PetalBot;+https://webmaster.petalsearch.com/site/petalbot)"
114.119.148.252 - - [08/May/2021:23:52:49 -0500] "GET /JimMartinson/CST1602/?Assignments HTTP/1.1" 200 7160 "-" "Mozilla/5.0 (Linux; Android 7.0;) AppleWebKit/537.36 (KHTML, like Gecko) Mobile Safari/537.36 (compatible; PetalBot;+https://webmaster.petalsearch.com/site/petalbot)"
207.46.13.155 - - [08/May/2021:23:57:49 -0500] "GET /JimMartinson/CST1510/Labs/Lab19c/_notes/ HTTP/1.1" 301 185 "-" "Mozilla/5.0 (compatible; bingbot/2.0; +http://www.bing.com/bingbot.htm)"
207.46.13.66 - - [08/May/2021:23:58:06 -0500] "GET /JimMartinson/CST1600/Resources/comp4_unit6a_flash_lecture/data/_notes/ HTTP/1.1" 200 418 "-" "Mozilla/5.0 (compatible; bingbot/2.0; +http://www.bing.com/bingbot.htm)"
47.12.141.78 - - [08/May/2021:23:59:36 -0500] "GET / HTTP/1.1" 301 185 "-" "Mozilla/5.0 (iPad; CPU OS 14_4_2 like Mac OS X) AppleWebKit/605.1.15 (KHTML, like Gecko) Version/14.0.3 Mobile/15E148 Safari/604.1"
47.12.141.78 - - [08/May/2021:23:59:37 -0500] "GET / HTTP/1.1" 200 12395 "-" "Mozilla/5.0 (iPad; CPU OS 14_4_2 like Mac OS X) AppleWebKit/605.1.15 (KHTML, like Gecko) Version/14.0.3 Mobile/15E148 Safari/604.1"
47.12.141.78 - - [08/May/2021:23:59:37 -0500] "GET /css/CST.css?datetime=20210508235937 HTTP/1.1" 200 24467 "https://cst.ridgewater.edu/" "Mozilla/5.0 (iPad; CPU OS 14_4_2 like Mac OS X) AppleWebKit/605.1.15 (KHTML, like Gecko) Version/14.0.3 Mobile/15E148 Safari/604.1"
47.12.141.78 - - [08/May/2021:23:59:37 -0500] "GET /js/div.js?i&datetime=20210508235937 HTTP/1.1" 200 7433 "https://cst.ridgewater.edu/" "Mozilla/5.0 (iPad; CPU OS 14_4_2 like Mac OS X) AppleWebKit/605.1.15 (KHTML, like Gecko) Version/14.0.3 Mobile/15E148 Safari/604.1"
47.12.141.78 - - [08/May/2021:23:59:37 -0500] "GET /js/CollapsibleLists.js?o&datetime=20210508235937 HTTP/1.1" 200 1018 "https://cst.ridgewater.edu/" "Mozilla/5.0 (iPad; CPU OS 14_4_2 like Mac OS X) AppleWebKit/605.1.15 (KHTML, like Gecko) Version/14.0.3 Mobile/15E148 Safari/604.1"
47.12.141.78 - - [08/May/2021:23:59:37 -0500] "GET /css/debug.css?datetime=20210508235937 HTTP/1.1" 200 17 "https://cst.ridgewater.edu/" "Mozilla/5.0 (iPad; CPU OS 14_4_2 like Mac OS X) AppleWebKit/605.1.15 (KHTML, like Gecko) Version/14.0.3 Mobile/15E148 Safari/604.1"
47.12.141.78 - - [08/May/2021:23:59:37 -0500] "GET /js/tooltip.js?o&datetime=20210508235937 HTTP/1.1" 200 13888 "https://cst.ridgewater.edu/" "Mozilla/5.0 (iPad; CPU OS 14_4_2 like Mac OS X) AppleWebKit/605.1.15 (KHTML, like Gecko) Version/14.0.3 Mobile/15E148 Safari/604.1"
47.12.141.78 - - [08/May/2021:23:59:37 -0500] "GET /js/debug.js?e&datetime=20210508235937 HTTP/1.1" 200 10964 "https://cst.ridgewater.edu/" "Mozilla/5.0 (iPad; CPU OS 14_4_2 like Mac OS X) AppleWebKit/605.1.15 (KHTML, like Gecko) Version/14.0.3 Mobile/15E148 Safari/604.1"
47.12.141.78 - - [08/May/2021:23:59:37 -0500] "GET /images/CSTlogoGreen115.gif HTTP/1.1" 200 8172 "https://cst.ridgewater.edu/" "Mozilla/5.0 (iPad; CPU OS 14_4_2 like Mac OS X) AppleWebKit/605.1.15 (KHTML, like Gecko) Version/14.0.3 Mobile/15E148 Safari/604.1"
47.12.141.78 - - [08/May/2021:23:59:37 -0500] "GET /images/CSTlogoBlue115.gif HTTP/1.1" 200 8725 "https://cst.ridgewater.edu/" "Mozilla/5.0 (iPad; CPU OS 14_4_2 like Mac OS X) AppleWebKit/605.1.15 (KHTML, like Gecko) Version/14.0.3 Mobile/15E148 Safari/604.1"
47.12.141.78 - - [08/May/2021:23:59:37 -0500] "GET /css/tooltip.css?datetime=20210508235937 HTTP/1.1" 200 2300 "https://cst.ridgewater.edu/" "Mozilla/5.0 (iPad; CPU OS 14_4_2 like Mac OS X) AppleWebKit/605.1.15 (KHTML, like Gecko) Version/14.0.3 Mobile/15E148 Safari/604.1"
47.12.141.78 - - [08/May/2021:23:59:37 -0500] "GET /js/CST.js?S&datetime=20210508235937 HTTP/1.1" 200 12049 "https://cst.ridgewater.edu/" "Mozilla/5.0 (iPad; CPU OS 14_4_2 like Mac OS X) AppleWebKit/605.1.15 (KHTML, like Gecko) Version/14.0.3 Mobile/15E148 Safari/604.1"
47.12.141.78 - - [08/May/2021:23:59:37 -0500] "GET /images/urc.png HTTP/1.1" 200 230 "https://cst.ridgewater.edu/" "Mozilla/5.0 (iPad; CPU OS 14_4_2 like Mac OS X) AppleWebKit/605.1.15 (KHTML, like Gecko) Version/14.0.3 Mobile/15E148 Safari/604.1"
47.12.141.78 - - [08/May/2021:23:59:37 -0500] "GET /favicon.ico HTTP/1.1" 200 2238 "https://cst.ridgewater.edu/" "Mozilla/5.0 (iPad; CPU OS 14_4_2 like Mac OS X) AppleWebKit/605.1.15 (KHTML, like Gecko) Version/14.0.3 Mobile/15E148 Safari/604.1"
47.12.141.78 - - [08/May/2021:23:59:41 -0500] "GET /JimMartinson HTTP/1.1" 301 185 "https://cst.ridgewater.edu/" "Mozilla/5.0 (iPad; CPU OS 14_4_2 like Mac OS X) AppleWebKit/605.1.15 (KHTML, like Gecko) Version/14.0.3 Mobile/15E148 Safari/604.1"
