2021/03/17 07:34:55 [error] 4508#4568: *14789 FastCGI sent in stderr: "PHP Notice: Undefined variable: eInfo in C:\nginx\html\Gradebook\GradeEvaluation.php on line 294 PHP Notice: Undefined variable: eInfo in C:\nginx\html\Gradebook\GradeEvaluation.php on line 302 PHP Notice: Undefined variable: eInfo in C:\nginx\html\Gradebook\GradeEvaluation.php on line 308 PHP Notice: Undefined variable: eInfo in C:\nginx\html\Gradebook\GradeEvaluation.php on line 322 PHP Notice: Undefined variable: eInfo in C:\nginx\html\Gradebook\GradeEvaluation.php on line 324 PHP Notice: Undefined variable: gIdG in C:\nginx\html\Gradebook\GradeEvaluation.php on line 325" while reading response header from upstream, client: 69.71.40.22, server: cst.ridgewater.edu, request: "GET /Gradebook/GradeEvaluation.php?f_classId=1229&f_sId=14905671&f_uId=1381&f_eId=-2&f_lId=SP&f_FromGradebook=0&CalledBy=Gradebook.phpinc:117 HTTP/1.1", upstream: "fastcgi://127.0.0.1:9123", host: "cst.ridgewater.edu", referrer: "https://cst.ridgewater.edu/JimMartinson/CST1611/?Gradebook"
2021/03/17 07:35:39 [error] 4508#4568: *14789 FastCGI sent in stderr: "PHP Notice: Undefined index: OS in C:\nginx\html\JimMartinson\CST1611\Labs\Lab07\Lab07.phpinc on line 159 PHP Notice: Undefined index: COMPUTERNAME in C:\nginx\html\JimMartinson\CST1611\Labs\Lab07\Lab07.phpinc on line 159 PHP Notice: Undefined index: SystemRoot in C:\nginx\html\JimMartinson\CST1611\Labs\Lab07\Lab07.phpinc on line 165" while reading response header from upstream, client: 69.71.40.22, server: cst.ridgewater.edu, request: "GET /JimMartinson/CST1611/Labs/Lab07/?f_uId=1448&f_sId=15424281&f_eId=2649&f_classId=1229 HTTP/1.1", upstream: "fastcgi://127.0.0.1:9123", host: "cst.ridgewater.edu", referrer: "https://cst.ridgewater.edu/Gradebook/GradeEvaluation.php?f_classId=1229&f_sId=15424281&f_uId=1448&f_eId=2649&f_lId=Lab07&f_FromGradebook=0&CalledBy=Gradebook.phpinc:117"
2021/03/17 08:19:33 [error] 4508#4568: *15008 FastCGI sent in stderr: "PHP Notice: Undefined variable: courseNumber in C:\nginx\html\StudentProfile\StudentProfileViewForm.phpinc on line 159" while reading response header from upstream, client: 69.71.40.22, server: cst.ridgewater.edu, request: "GET /StudentProfile/?task=Student%20Profile&f_subtask=Grade&f_userId=1449&sId=15419347&List=List HTTP/1.1", upstream: "fastcgi://127.0.0.1:9123", host: "cst.ridgewater.edu"
2021/03/17 08:19:44 [error] 4508#4568: *15008 FastCGI sent in stderr: "PHP Deprecated: Methods with the same name as their class will not be constructors in a future version of PHP; SMTP has a deprecated constructor in C:\nginx\html\email\class.smtp.php on line 26 PHP Notice: Undefined variable: CDN in C:\nginx\html\Class\Roster.phpinc on line 15 PHP Notice: Undefined variable: CDN in C:\nginx\html\Class\Roster.phpinc on line 15 PHP Notice: Undefined variable: courseTitle in C:\nginx\html\Class\Roster.phpinc on line 15 PHP Notice: Undefined variable: CDN in C:\nginx\html\Class\Roster.phpinc on line 16 PHP Notice: Undefined variable: CDN in C:\nginx\html\Class\Roster.phpinc on line 16 PHP Notice: Undefined variable: courseTitle in C:\nginx\html\Class\Roster.phpinc on line 16" while reading response header from upstream, client: 69.71.40.22, server: cst.ridgewater.edu, request: "POST /StudentProfile/ HTTP/1.1", upstream: "fastcgi://127.0.0.1:9123", host: "cst.ridgewater.edu", referrer: "https://cst.ridgewater.edu/StudentProfile/?task=Student%20Profile&f_subtask=Grade&f_userId=1449&sId=15419347&List=List"
2021/03/17 08:19:49 [error] 4508#4568: *15008 FastCGI sent in stderr: "PHP Notice: Undefined variable: courseNumber in C:\nginx\html\StudentProfile\StudentProfileViewForm.phpinc on line 159" while reading response header from upstream, client: 69.71.40.22, server: cst.ridgewater.edu, request: "GET /StudentProfile/?task=Student%20Profile&f_subtask=Grade&f_userId=1213&sId=11750184&List=List HTTP/1.1", upstream: "fastcgi://127.0.0.1:9123", host: "cst.ridgewater.edu"
2021/03/17 08:20:07 [error] 4508#4568: *15008 FastCGI sent in stderr: "PHP Deprecated: Methods with the same name as their class will not be constructors in a future version of PHP; SMTP has a deprecated constructor in C:\nginx\html\email\class.smtp.php on line 26 PHP Notice: Undefined variable: courseTitle in C:\nginx\html\Class\Roster.phpinc on line 15 PHP Notice: Undefined variable: courseTitle in C:\nginx\html\Class\Roster.phpinc on line 16" while reading response header from upstream, client: 69.71.40.22, server: cst.ridgewater.edu, request: "POST /StudentProfile/ HTTP/1.1", upstream: "fastcgi://127.0.0.1:9123", host: "cst.ridgewater.edu", referrer: "https://cst.ridgewater.edu/StudentProfile/?task=Student%20Profile&f_subtask=Grade&f_userId=1213&sId=11750184&List=List"
2021/03/17 08:20:10 [error] 4508#4568: *15002 FastCGI sent in stderr: "PHP Notice: Undefined variable: courseNumber in C:\nginx\html\StudentProfile\StudentProfileViewForm.phpinc on line 159" while reading response header from upstream, client: 69.71.40.22, server: cst.ridgewater.edu, request: "GET /StudentProfile/?task=Student%20Profile&f_subtask=Grade&f_userId=1449&sId=15419347&List=List HTTP/1.1", upstream: "fastcgi://127.0.0.1:9123", host: "cst.ridgewater.edu"
2021/03/17 09:50:38 [error] 4508#4568: *15338 FastCGI sent in stderr: "PHP Notice: Undefined index: OS in C:\nginx\html\JimMartinson\CST1611\Labs\Lab07\Lab07.phpinc on line 159 PHP Notice: Undefined index: COMPUTERNAME in C:\nginx\html\JimMartinson\CST1611\Labs\Lab07\Lab07.phpinc on line 159 PHP Notice: Undefined index: SystemRoot in C:\nginx\html\JimMartinson\CST1611\Labs\Lab07\Lab07.phpinc on line 165" while reading response header from upstream, client: 47.12.57.20, server: cst.ridgewater.edu, request: "GET /JimMartinson/CST1611/Labs/Lab07/ HTTP/1.1", upstream: "fastcgi://127.0.0.1:9123", host: "cst.ridgewater.edu"
2021/03/17 09:52:09 [error] 4508#4568: *15344 FastCGI sent in stderr: "PHP Notice: Undefined variable: dataFolder in C:\nginx\html\JimMartinson\CST1611\Labs\Lab07\Lab07-HelloWorld-pl.php on line 37 PHP Notice: Undefined variable: dirSep in C:\nginx\html\JimMartinson\CST1611\Labs\Lab07\Lab07-HelloWorld-pl.php on line 37 PHP Notice: Undefined variable: dirSep in C:\nginx\html\JimMartinson\CST1611\Labs\Lab07\Lab07-HelloWorld-pl.php on line 37" while reading response header from upstream, client: 47.12.57.20, server: cst.ridgewater.edu, request: "GET /JimMartinson/CST1611/Labs/Lab07/Lab07-HelloWorld-pl.php HTTP/1.1", upstream: "fastcgi://127.0.0.1:9123", host: "cst.ridgewater.edu", referrer: "https://cst.ridgewater.edu/JimMartinson/CST1611/Labs/Lab07/"
2021/03/17 11:12:59 [error] 4508#4568: *15441 FastCGI sent in stderr: "PHP Notice: Undefined index: OS in C:\nginx\html\JimMartinson\CST1611\Labs\Lab07\Lab07.phpinc on line 159 PHP Notice: Undefined index: COMPUTERNAME in C:\nginx\html\JimMartinson\CST1611\Labs\Lab07\Lab07.phpinc on line 159 PHP Notice: Undefined index: SystemRoot in C:\nginx\html\JimMartinson\CST1611\Labs\Lab07\Lab07.phpinc on line 165" while reading response header from upstream, client: 47.12.57.20, server: cst.ridgewater.edu, request: "POST /JimMartinson/CST1611/Labs/Lab07/ HTTP/1.1", upstream: "fastcgi://127.0.0.1:9123", host: "cst.ridgewater.edu", referrer: "https://cst.ridgewater.edu/JimMartinson/CST1611/Labs/Lab07/"
2021/03/17 11:16:12 [error] 4508#4568: *15459 FastCGI sent in stderr: "PHP Notice: Undefined variable: courseNumber in C:\nginx\html\StudentProfile\StudentProfileViewForm.phpinc on line 159" while reading response header from upstream, client: 173.22.153.81, server: cst.ridgewater.edu, request: "GET /Admin/Class/?f_userId=1353&f_task=Student%20Profile&f_subtask=View HTTP/1.1", upstream: "fastcgi://127.0.0.1:9123", host: "cst.ridgewater.edu", referrer: "https://cst.ridgewater.edu/Admin/User/UserSearch.php"
2021/03/17 11:32:03 [error] 4508#4568: *15509 FastCGI sent in stderr: "PHP Notice: Undefined index: OS in C:\nginx\html\JimMartinson\CST1611\Labs\Lab07\Lab07.phpinc on line 159 PHP Notice: Undefined index: COMPUTERNAME in C:\nginx\html\JimMartinson\CST1611\Labs\Lab07\Lab07.phpinc on line 159 PHP Notice: Undefined index: SystemRoot in C:\nginx\html\JimMartinson\CST1611\Labs\Lab07\Lab07.phpinc on line 165" while reading response header from upstream, client: 173.22.171.183, server: cst.ridgewater.edu, request: "GET /JimMartinson/CST1611/Labs/Lab07/ HTTP/1.1", upstream: "fastcgi://127.0.0.1:9123", host: "cst.ridgewater.edu"
2021/03/17 11:50:10 [error] 4508#4568: *15568 FastCGI sent in stderr: "PHP Notice: Undefined index: OS in C:\nginx\html\JimMartinson\CST1611\Labs\Lab07\Lab07.phpinc on line 159 PHP Notice: Undefined index: COMPUTERNAME in C:\nginx\html\JimMartinson\CST1611\Labs\Lab07\Lab07.phpinc on line 159 PHP Notice: Undefined index: SystemRoot in C:\nginx\html\JimMartinson\CST1611\Labs\Lab07\Lab07.phpinc on line 165" while reading response header from upstream, client: 173.22.171.183, server: cst.ridgewater.edu, request: "POST /JimMartinson/CST1611/Labs/Lab07/ HTTP/1.1", upstream: "fastcgi://127.0.0.1:9123", host: "cst.ridgewater.edu", referrer: "https://cst.ridgewater.edu/JimMartinson/CST1611/Labs/Lab07/"
2021/03/17 12:25:09 [error] 4508#4568: *15628 FastCGI sent in stderr: "PHP Notice: Undefined index: classId in C:\nginx\html\common\functions_site.phpinc on line 751" while reading response header from upstream, client: 69.71.39.97, server: cst.ridgewater.edu, request: "POST /JimMartinson/CST1602/Schedule.php HTTP/1.1", upstream: "fastcgi://127.0.0.1:9123", host: "cst.ridgewater.edu", referrer: "https://cst.ridgewater.edu/Login/"
2021/03/17 13:27:08 [error] 4508#4568: *16038 FastCGI sent in stderr: "PHP Notice: Undefined index: OS in C:\nginx\html\JimMartinson\CST1611\Labs\Lab07\Lab07.phpinc on line 159 PHP Notice: Undefined index: COMPUTERNAME in C:\nginx\html\JimMartinson\CST1611\Labs\Lab07\Lab07.phpinc on line 159 PHP Notice: Undefined index: SystemRoot in C:\nginx\html\JimMartinson\CST1611\Labs\Lab07\Lab07.phpinc on line 165" while reading response header from upstream, client: 174.82.189.221, server: cst.ridgewater.edu, request: "GET /JimMartinson/CST1611/Labs/Lab07/ HTTP/1.1", upstream: "fastcgi://127.0.0.1:9123", host: "cst.ridgewater.edu"
2021/03/17 13:45:05 [error] 4508#4568: *16160 FastCGI sent in stderr: "PHP Notice: Undefined index: OS in C:\nginx\html\JimMartinson\CST1611\Labs\Lab07\Lab07.phpinc on line 159 PHP Notice: Undefined index: COMPUTERNAME in C:\nginx\html\JimMartinson\CST1611\Labs\Lab07\Lab07.phpinc on line 159 PHP Notice: Undefined index: SystemRoot in C:\nginx\html\JimMartinson\CST1611\Labs\Lab07\Lab07.phpinc on line 165" while reading response header from upstream, client: 66.188.161.157, server: cst.ridgewater.edu, request: "GET /JimMartinson/CST1611/Labs/Lab07/ HTTP/1.1", upstream: "fastcgi://127.0.0.1:9123", host: "cst.ridgewater.edu"
2021/03/17 16:32:11 [error] 4508#4568: *16535 FastCGI sent in stderr: "PHP Notice: Undefined index: OS in C:\nginx\html\JimMartinson\CST1611\Labs\Lab07\Lab07.phpinc on line 159 PHP Notice: Undefined index: COMPUTERNAME in C:\nginx\html\JimMartinson\CST1611\Labs\Lab07\Lab07.phpinc on line 159 PHP Notice: Undefined index: SystemRoot in C:\nginx\html\JimMartinson\CST1611\Labs\Lab07\Lab07.phpinc on line 165" while reading response header from upstream, client: 173.25.191.33, server: cst.ridgewater.edu, request: "GET /JimMartinson/CST1611/Labs/Lab07/ HTTP/1.1", upstream: "fastcgi://127.0.0.1:9123", host: "cst.ridgewater.edu"
2021/03/17 16:40:37 [error] 4508#4568: *16566 FastCGI sent in stderr: "PHP Notice: Undefined index: OS in C:\nginx\html\JimMartinson\CST1611\Labs\Lab07\Lab07.phpinc on line 159 PHP Notice: Undefined index: COMPUTERNAME in C:\nginx\html\JimMartinson\CST1611\Labs\Lab07\Lab07.phpinc on line 159 PHP Notice: Undefined index: SystemRoot in C:\nginx\html\JimMartinson\CST1611\Labs\Lab07\Lab07.phpinc on line 165" while reading response header from upstream, client: 173.25.191.33, server: cst.ridgewater.edu, request: "GET /JimMartinson/CST1611/Labs/Lab07/ HTTP/1.1", upstream: "fastcgi://127.0.0.1:9123", host: "cst.ridgewater.edu"
2021/03/17 16:42:44 [error] 4508#4568: *16579 FastCGI sent in stderr: "PHP Notice: Undefined index: OS in C:\nginx\html\JimMartinson\CST1611\Labs\Lab07\Lab07.phpinc on line 159 PHP Notice: Undefined index: COMPUTERNAME in C:\nginx\html\JimMartinson\CST1611\Labs\Lab07\Lab07.phpinc on line 159 PHP Notice: Undefined index: SystemRoot in C:\nginx\html\JimMartinson\CST1611\Labs\Lab07\Lab07.phpinc on line 165" while reading response header from upstream, client: 173.25.191.33, server: cst.ridgewater.edu, request: "GET /JimMartinson/CST1611/Labs/Lab07/ HTTP/1.1", upstream: "fastcgi://127.0.0.1:9123", host: "cst.ridgewater.edu"
2021/03/17 18:29:09 [error] 4508#4568: *16728 FastCGI sent in stderr: "PHP Notice: Undefined index: OS in C:\nginx\html\JimMartinson\CST1611\Labs\Lab07\Lab07.phpinc on line 159 PHP Notice: Undefined index: COMPUTERNAME in C:\nginx\html\JimMartinson\CST1611\Labs\Lab07\Lab07.phpinc on line 159 PHP Notice: Undefined index: SystemRoot in C:\nginx\html\JimMartinson\CST1611\Labs\Lab07\Lab07.phpinc on line 165" while reading response header from upstream, client: 208.83.204.248, server: cst.ridgewater.edu, request: "GET /JimMartinson/CST1611/Labs/Lab07/ HTTP/1.1", upstream: "fastcgi://127.0.0.1:9123", host: "cst.ridgewater.edu"
2021/03/17 19:03:41 [error] 4508#4568: *16839 FastCGI sent in stderr: "PHP Notice: Undefined index: OS in C:\nginx\html\JimMartinson\CST1611\Labs\Lab07\Lab07.phpinc on line 159 PHP Notice: Undefined index: COMPUTERNAME in C:\nginx\html\JimMartinson\CST1611\Labs\Lab07\Lab07.phpinc on line 159 PHP Notice: Undefined index: SystemRoot in C:\nginx\html\JimMartinson\CST1611\Labs\Lab07\Lab07.phpinc on line 165" while reading response header from upstream, client: 208.83.204.248, server: cst.ridgewater.edu, request: "GET /JimMartinson/CST1611/Labs/Lab07/ HTTP/1.1", upstream: "fastcgi://127.0.0.1:9123", host: "cst.ridgewater.edu"
2021/03/17 19:28:03 [error] 4508#4568: *16865 FastCGI sent in stderr: "PHP Notice: Undefined index: OS in C:\nginx\html\JimMartinson\CST1611\Labs\Lab07\Lab07.phpinc on line 159 PHP Notice: Undefined index: COMPUTERNAME in C:\nginx\html\JimMartinson\CST1611\Labs\Lab07\Lab07.phpinc on line 159 PHP Notice: Undefined index: SystemRoot in C:\nginx\html\JimMartinson\CST1611\Labs\Lab07\Lab07.phpinc on line 165" while reading response header from upstream, client: 208.83.204.248, server: cst.ridgewater.edu, request: "POST /JimMartinson/CST1611/Labs/Lab07/ HTTP/1.1", upstream: "fastcgi://127.0.0.1:9123", host: "cst.ridgewater.edu", referrer: "https://cst.ridgewater.edu/JimMartinson/CST1611/Labs/Lab07/"
2021/03/17 19:28:18 [error] 4508#4568: *16871 FastCGI sent in stderr: "PHP Notice: Undefined index: OS in C:\nginx\html\JimMartinson\CST1611\Labs\Lab07\Lab07.phpinc on line 159 PHP Notice: Undefined index: COMPUTERNAME in C:\nginx\html\JimMartinson\CST1611\Labs\Lab07\Lab07.phpinc on line 159 PHP Notice: Undefined index: SystemRoot in C:\nginx\html\JimMartinson\CST1611\Labs\Lab07\Lab07.phpinc on line 165" while reading response header from upstream, client: 208.83.204.248, server: cst.ridgewater.edu, request: "GET /JimMartinson/CST1611/Labs/Lab07/ HTTP/1.1", upstream: "fastcgi://127.0.0.1:9123", host: "cst.ridgewater.edu"
2021/03/18 20:21:19 [error] 4508#4568: *19469 FastCGI sent in stderr: "PHP Notice: Undefined variable: courseNumber in C:\nginx\html\StudentProfile\StudentProfileViewForm.phpinc on line 159" while reading response header from upstream, client: 47.12.138.235, server: cst.ridgewater.edu, request: "GET /StudentProfile/ HTTP/1.1", upstream: "fastcgi://127.0.0.1:9123", host: "cst.ridgewater.edu", referrer: "https://cst.ridgewater.edu/"
2021/03/19 01:58:57 [crit] 4508#4568: *19789 SSL_write() failed (SSL:) (10053: An established connection was aborted by the software in your host machine) while sending response to client, client: 185.191.171.23, server: cst.ridgewater.edu, request: "GET /JimMartinson/MMDT2146/Resources/SQLyog-8.5.0-3Community.exe HTTP/1.1", host: "cst.ridgewater.edu"
2021/03/19 15:17:07 [error] 4508#4568: *20531 FastCGI sent in stderr: "PHP Notice: Undefined variable: eInfo in C:\nginx\html\Gradebook\GradeEvaluation.php on line 294 PHP Notice: Undefined variable: eInfo in C:\nginx\html\Gradebook\GradeEvaluation.php on line 302 PHP Notice: Undefined variable: eInfo in C:\nginx\html\Gradebook\GradeEvaluation.php on line 308 PHP Notice: Undefined variable: eInfo in C:\nginx\html\Gradebook\GradeEvaluation.php on line 322 PHP Notice: Undefined variable: eInfo in C:\nginx\html\Gradebook\GradeEvaluation.php on line 324 PHP Notice: Undefined variable: gIdG in C:\nginx\html\Gradebook\GradeEvaluation.php on line 325" while reading response header from upstream, client: 134.29.173.75, server: cst.ridgewater.edu, request: "GET /Gradebook/GradeEvaluation.php?f_classId=1230&f_sId=14289129&f_uId=1330&f_eId=-2&f_lId=SP&f_FromGradebook=0&CalledBy=Gradebook.phpinc:117 HTTP/1.1", upstream: "fastcgi://127.0.0.1:9123", host: "cst.ridgewater.edu", referrer: "https://cst.ridgewater.edu/JimMartinson/MMDT2146/?Gradebook"
2021/03/20 03:33:20 [error] 4508#4568: *21283 FastCGI sent in stderr: "PHP Fatal error: Allowed memory size of 134217728 bytes exhausted (tried to allocate 790528 bytes) in C:\nginx\html\common\functions_debug.phpinc on line 145 PHP Fatal error: Allowed memory size of 134217728 bytes exhausted (tried to allocate 757760 bytes) in Unknown on line 0 PHP Fatal error: Allowed memory size of 134217728 bytes exhausted (tried to allocate 1478656 bytes) in Unknown on line 0" while reading response header from upstream, client: 66.249.70.26, server: cst.ridgewater.edu, request: "GET /JimMartinson/MMDT1021/Resources/HTML_links/Can%20I%20use...%20Support%20tables%20for%20HTML5%2C%20CSS3%2C%20etc.URL HTTP/1.1", upstream: "fastcgi://127.0.0.1:9123", host: "cst.ridgewater.edu"
2021/03/20 03:36:12 [error] 4508#4568: *21286 FastCGI sent in stderr: "PHP Fatal error: Maximum execution time of 100 seconds exceeded in C:\nginx\html\common\functions_debug.phpinc on line 145" while reading response header from upstream, client: 66.249.70.24, server: cst.ridgewater.edu, request: "GET /JimMartinson/MMDT1021/Resources/HTML_links/HTML5%20%26%20CSS3%20Visual%20Quickstart%20Guide%20%28Eighth%20Edition%29.URL HTTP/1.1", upstream: "fastcgi://127.0.0.1:9123", host: "cst.ridgewater.edu"
2021/03/20 03:48:22 [error] 4508#4568: *21344 FastCGI sent in stderr: "PHP Fatal error: Allowed memory size of 134217728 bytes exhausted (tried to allocate 790528 bytes) in C:\nginx\html\common\functions_debug.phpinc on line 145 PHP Fatal error: Allowed memory size of 134217728 bytes exhausted (tried to allocate 757760 bytes) in Unknown on line 0 PHP Fatal error: Allowed memory size of 134217728 bytes exhausted (tried to allocate 1478656 bytes) in Unknown on line 0" while reading response header from upstream, client: 66.249.70.24, server: cst.ridgewater.edu, request: "GET /JimMartinson/MMDT1021/Resources/HTML_links/The%20W3C%20Markup%20Validation%20Service.URL HTTP/1.1", upstream: "fastcgi://127.0.0.1:9123", host: "cst.ridgewater.edu"
2021/03/20 03:54:15 [error] 4508#4568: *21467 FastCGI sent in stderr: "PHP Fatal error: Allowed memory size of 134217728 bytes exhausted (tried to allocate 790528 bytes) in C:\nginx\html\common\functions_debug.phpinc on line 145 PHP Fatal error: Allowed memory size of 134217728 bytes exhausted (tried to allocate 757760 bytes) in Unknown on line 0 PHP Fatal error: Allowed memory size of 134217728 bytes exhausted (tried to allocate 1478656 bytes) in Unknown on line 0" while reading response header from upstream, client: 66.249.70.28, server: cst.ridgewater.edu, request: "GET /JimMartinson/MMDT1021/Resources/HTML_links/HTML%20role%20attributes%20Notes%20and%20random%20stuff.URL HTTP/1.1", upstream: "fastcgi://127.0.0.1:9123", host: "cst.ridgewater.edu"
2021/03/20 03:56:47 [crit] 4508#4568: *21478 GetFileAttributesEx() "C:\nginx/html/JimMartinson/CST1025/https:/tools.ietf.org/html/rfc15" failed (123: The filename, directory name, or volume label syntax is incorrect), client: 66.249.70.24, server: cst.ridgewater.edu, request: "GET /JimMartinson/CST1025/https://tools.ietf.org/html/rfc15 HTTP/1.1", host: "cst.ridgewater.edu"
2021/03/20 03:56:47 [crit] 4508#4568: *21478 GetFileAttributesEx() "C:\nginx/html/JimMartinson/CST1025/https:/tools.ietf.org/html/rfc15" failed (123: The filename, directory name, or volume label syntax is incorrect), client: 66.249.70.24, server: cst.ridgewater.edu, request: "GET /JimMartinson/CST1025/https://tools.ietf.org/html/rfc15 HTTP/1.1", host: "cst.ridgewater.edu"
2021/03/20 04:24:48 [error] 4508#4568: *21523 FastCGI sent in stderr: "PHP Fatal error: Allowed memory size of 134217728 bytes exhausted (tried to allocate 790528 bytes) in C:\nginx\html\common\functions_debug.phpinc on line 145 PHP Fatal error: Allowed memory size of 134217728 bytes exhausted (tried to allocate 757760 bytes) in Unknown on line 0 PHP Fatal error: Allowed memory size of 134217728 bytes exhausted (tried to allocate 1478656 bytes) in Unknown on line 0" while reading response header from upstream, client: 66.249.70.26, server: cst.ridgewater.edu, request: "GET /JimMartinson/CST1025/Resources/The%20TCP-IP%20Guide%20-%20Table%20Of%20Contents.url HTTP/1.1", upstream: "fastcgi://127.0.0.1:9123", host: "cst.ridgewater.edu"
2021/03/20 04:37:04 [error] 4508#4568: *21536 FastCGI sent in stderr: "PHP Notice: Undefined index: OS in C:\nginx\html\JimMartinson\CST1611\Labs\Lab07\Lab07.phpinc on line 159 PHP Notice: Undefined index: COMPUTERNAME in C:\nginx\html\JimMartinson\CST1611\Labs\Lab07\Lab07.phpinc on line 159 PHP Notice: Undefined index: SystemRoot in C:\nginx\html\JimMartinson\CST1611\Labs\Lab07\Lab07.phpinc on line 165" while reading response header from upstream, client: 134.29.173.75, server: cst.ridgewater.edu, request: "GET /JimMartinson/CST1611/Labs/Lab07/?f_uId=865&f_sId=12485905&f_eId=2649&f_classId=1229 HTTP/1.1", upstream: "fastcgi://127.0.0.1:9123", host: "cst.ridgewater.edu", referrer: "https://cst.ridgewater.edu/Gradebook/GradeEvaluation.php?f_classId=1229&f_sId=12485905&f_uId=865&f_eId=2649&f_lId=Lab07&f_FromGradebook=0&CalledBy=Gradebook.phpinc:117"
2021/03/20 04:41:14 [error] 4508#4568: *21555 FastCGI sent in stderr: "PHP Notice: Undefined index: OS in C:\nginx\html\JimMartinson\CST1611\Labs\Lab07\Lab07.phpinc on line 159 PHP Notice: Undefined index: COMPUTERNAME in C:\nginx\html\JimMartinson\CST1611\Labs\Lab07\Lab07.phpinc on line 159 PHP Notice: Undefined index: SystemRoot in C:\nginx\html\JimMartinson\CST1611\Labs\Lab07\Lab07.phpinc on line 165" while reading response header from upstream, client: 134.29.173.75, server: cst.ridgewater.edu, request: "GET /JimMartinson/CST1611/Labs/Lab07/?f_uId=865&f_sId=12485905&f_eId=2649&f_classId=1229 HTTP/1.1", upstream: "fastcgi://127.0.0.1:9123", host: "cst.ridgewater.edu", referrer: "https://cst.ridgewater.edu/Gradebook/GradeEvaluation.php?f_classId=1229&f_sId=12485905&f_uId=865&f_eId=2649&f_lId=Lab07&f_FromGradebook=0&CalledBy=Gradebook.phpinc:117"
2021/03/20 04:42:05 [error] 4508#4568: *21554 FastCGI sent in stderr: "PHP Notice: Undefined index: OS in C:\nginx\html\JimMartinson\CST1611\Labs\Lab07\Lab07.phpinc on line 159 PHP Notice: Undefined index: COMPUTERNAME in C:\nginx\html\JimMartinson\CST1611\Labs\Lab07\Lab07.phpinc on line 159 PHP Notice: Undefined index: SystemRoot in C:\nginx\html\JimMartinson\CST1611\Labs\Lab07\Lab07.phpinc on line 165" while reading response header from upstream, client: 134.29.173.75, server: cst.ridgewater.edu, request: "GET /JimMartinson/CST1611/Labs/Lab07/?f_uId=865&f_sId=12485905&f_eId=2649&f_classId=1229 HTTP/1.1", upstream: "fastcgi://127.0.0.1:9123", host: "cst.ridgewater.edu", referrer: "https://cst.ridgewater.edu/Gradebook/GradeEvaluation.php?f_classId=1229&f_sId=12485905&f_uId=865&f_eId=2649&f_lId=Lab07&f_FromGradebook=0&CalledBy=Gradebook.phpinc:117"
2021/03/20 04:48:44 [error] 4508#4568: *21594 FastCGI sent in stderr: "PHP Notice: Undefined index: OS in C:\nginx\html\JimMartinson\CST1611\Labs\Lab07\Lab07.phpinc on line 159 PHP Notice: Undefined index: COMPUTERNAME in C:\nginx\html\JimMartinson\CST1611\Labs\Lab07\Lab07.phpinc on line 159 PHP Notice: Undefined index: SystemRoot in C:\nginx\html\JimMartinson\CST1611\Labs\Lab07\Lab07.phpinc on line 165" while reading response header from upstream, client: 134.29.173.75, server: cst.ridgewater.edu, request: "GET /JimMartinson/CST1611/Labs/Lab07/?f_uId=1409&f_sId=15065469&f_eId=2649&f_classId=1229 HTTP/1.1", upstream: "fastcgi://127.0.0.1:9123", host: "cst.ridgewater.edu", referrer: "https://cst.ridgewater.edu/Gradebook/GradeEvaluation.php?f_classId=1229&f_sId=15065469&f_uId=1409&f_eId=2649&f_lId=Lab07&f_FromGradebook=0&CalledBy=Gradebook.phpinc:117"
2021/03/20 05:16:51 [error] 4508#4568: *21670 FastCGI sent in stderr: "PHP Notice: Undefined index: shortname in C:\nginx\html\Gradebook\GradeForm.phpinc on line 230 PHP Notice: Undefined index: shortname in C:\nginx\html\Gradebook\GradeForm.phpinc on line 237" while reading response header from upstream, client: 134.29.173.75, server: cst.ridgewater.edu, request: "GET /Gradebook/GradeEvaluation.php?f_classId=1229&f_sId=00007967&f_uId=1&f_eId=2650&f_lId=Lab08&f_FromGradebook=0&CalledBy=Gradebook.phpinc:117 HTTP/1.1", upstream: "fastcgi://127.0.0.1:9123", host: "cst.ridgewater.edu", referrer: "https://cst.ridgewater.edu/JimMartinson/CST1611/?Gradebook"
2021/03/20 05:16:55 [error] 4508#4568: *21669 FastCGI sent in stderr: "PHP Notice: Undefined index: shortname in C:\nginx\html\Gradebook\GradeForm.phpinc on line 230 PHP Notice: Undefined index: shortname in C:\nginx\html\Gradebook\GradeForm.phpinc on line 237" while reading response header from upstream, client: 134.29.173.75, server: cst.ridgewater.edu, request: "POST /Gradebook/GradeEvaluation.php HTTP/1.1", upstream: "fastcgi://127.0.0.1:9123", host: "cst.ridgewater.edu", referrer: "https://cst.ridgewater.edu/Gradebook/GradeEvaluation.php?f_classId=1229&f_sId=00007967&f_uId=1&f_eId=2650&f_lId=Lab08&f_FromGradebook=0&CalledBy=Gradebook.phpinc:117"
2021/03/20 05:16:57 [error] 4508#4568: *21670 FastCGI sent in stderr: "PHP Notice: Undefined index: shortname in C:\nginx\html\Gradebook\GradeForm.phpinc on line 230 PHP Notice: Undefined index: shortname in C:\nginx\html\Gradebook\GradeForm.phpinc on line 237" while reading response header from upstream, client: 134.29.173.75, server: cst.ridgewater.edu, request: "GET /Gradebook/GradeEvaluation.php?f_classId=1229&f_sId=00007967&f_uId=1&f_eId=2649&f_lId=Lab07&f_FromGradebook=0&CalledBy=Gradebook.phpinc:117 HTTP/1.1", upstream: "fastcgi://127.0.0.1:9123", host: "cst.ridgewater.edu", referrer: "https://cst.ridgewater.edu/JimMartinson/CST1611/?Gradebook"
2021/03/20 05:16:59 [error] 4508#4568: *21668 FastCGI sent in stderr: "PHP Notice: Undefined index: shortname in C:\nginx\html\Gradebook\GradeForm.phpinc on line 230 PHP Notice: Undefined index: shortname in C:\nginx\html\Gradebook\GradeForm.phpinc on line 237" while reading response header from upstream, client: 134.29.173.75, server: cst.ridgewater.edu, request: "POST /Gradebook/GradeEvaluation.php HTTP/1.1", upstream: "fastcgi://127.0.0.1:9123", host: "cst.ridgewater.edu", referrer: "https://cst.ridgewater.edu/Gradebook/GradeEvaluation.php?f_classId=1229&f_sId=00007967&f_uId=1&f_eId=2649&f_lId=Lab07&f_FromGradebook=0&CalledBy=Gradebook.phpinc:117"
2021/03/20 05:17:18 [error] 4508#4568: *21668 FastCGI sent in stderr: "PHP Notice: Undefined index: shortname in C:\nginx\html\Gradebook\GradeForm.phpinc on line 230 PHP Notice: Undefined index: shortname in C:\nginx\html\Gradebook\GradeForm.phpinc on line 237" while reading response header from upstream, client: 134.29.173.75, server: cst.ridgewater.edu, request: "GET /Gradebook/GradeEvaluation.php?f_classId=1226&f_sId=00007967&f_uId=1&f_eId=2610&f_lId=Test03&f_FromGradebook=0&CalledBy=Gradebook.phpinc:117 HTTP/1.1", upstream: "fastcgi://127.0.0.1:9123", host: "cst.ridgewater.edu", referrer: "https://cst.ridgewater.edu/JimMartinson/CST1025/?Gradebook"
2021/03/20 05:17:19 [error] 4508#4568: *21670 FastCGI sent in stderr: "PHP Notice: Undefined index: shortname in C:\nginx\html\Gradebook\GradeForm.phpinc on line 230 PHP Notice: Undefined index: shortname in C:\nginx\html\Gradebook\GradeForm.phpinc on line 237" while reading response header from upstream, client: 134.29.173.75, server: cst.ridgewater.edu, request: "POST /Gradebook/GradeEvaluation.php HTTP/1.1", upstream: "fastcgi://127.0.0.1:9123", host: "cst.ridgewater.edu", referrer: "https://cst.ridgewater.edu/Gradebook/GradeEvaluation.php?f_classId=1226&f_sId=00007967&f_uId=1&f_eId=2610&f_lId=Test03&f_FromGradebook=0&CalledBy=Gradebook.phpinc:117"
2021/03/20 05:17:21 [error] 4508#4568: *21668 FastCGI sent in stderr: "PHP Notice: Undefined index: shortname in C:\nginx\html\Gradebook\GradeForm.phpinc on line 230 PHP Notice: Undefined index: shortname in C:\nginx\html\Gradebook\GradeForm.phpinc on line 237" while reading response header from upstream, client: 134.29.173.75, server: cst.ridgewater.edu, request: "GET /Gradebook/GradeEvaluation.php?f_classId=1226&f_sId=00007967&f_uId=1&f_eId=2613&f_lId=Test04&f_FromGradebook=0&CalledBy=Gradebook.phpinc:117 HTTP/1.1", upstream: "fastcgi://127.0.0.1:9123", host: "cst.ridgewater.edu", referrer: "https://cst.ridgewater.edu/JimMartinson/CST1025/?Gradebook"
2021/03/20 05:17:24 [error] 4508#4568: *21665 FastCGI sent in stderr: "PHP Notice: Undefined index: shortname in C:\nginx\html\Gradebook\GradeForm.phpinc on line 230 PHP Notice: Undefined index: shortname in C:\nginx\html\Gradebook\GradeForm.phpinc on line 237" while reading response header from upstream, client: 134.29.173.75, server: cst.ridgewater.edu, request: "POST /Gradebook/GradeEvaluation.php HTTP/1.1", upstream: "fastcgi://127.0.0.1:9123", host: "cst.ridgewater.edu", referrer: "https://cst.ridgewater.edu/Gradebook/GradeEvaluation.php?f_classId=1226&f_sId=00007967&f_uId=1&f_eId=2613&f_lId=Test04&f_FromGradebook=0&CalledBy=Gradebook.phpinc:117"
2021/03/20 05:17:26 [error] 4508#4568: *21669 FastCGI sent in stderr: "PHP Notice: Undefined index: shortname in C:\nginx\html\Gradebook\GradeForm.phpinc on line 230 PHP Notice: Undefined index: shortname in C:\nginx\html\Gradebook\GradeForm.phpinc on line 237" while reading response header from upstream, client: 134.29.173.75, server: cst.ridgewater.edu, request: "GET /Gradebook/GradeEvaluation.php?f_classId=1226&f_sId=00007967&f_uId=1&f_eId=2611&f_lId=Test05&f_FromGradebook=0&CalledBy=Gradebook.phpinc:117 HTTP/1.1", upstream: "fastcgi://127.0.0.1:9123", host: "cst.ridgewater.edu", referrer: "https://cst.ridgewater.edu/JimMartinson/CST1025/?Gradebook"
2021/03/20 05:17:28 [error] 4508#4568: *21668 FastCGI sent in stderr: "PHP Notice: Undefined index: shortname in C:\nginx\html\Gradebook\GradeForm.phpinc on line 230 PHP Notice: Undefined index: shortname in C:\nginx\html\Gradebook\GradeForm.phpinc on line 237" while reading response header from upstream, client: 134.29.173.75, server: cst.ridgewater.edu, request: "POST /Gradebook/GradeEvaluation.php HTTP/1.1", upstream: "fastcgi://127.0.0.1:9123", host: "cst.ridgewater.edu", referrer: "https://cst.ridgewater.edu/Gradebook/GradeEvaluation.php?f_classId=1226&f_sId=00007967&f_uId=1&f_eId=2611&f_lId=Test05&f_FromGradebook=0&CalledBy=Gradebook.phpinc:117"
2021/03/20 05:17:30 [error] 4508#4568: *21669 FastCGI sent in stderr: "PHP Notice: Undefined index: shortname in C:\nginx\html\Gradebook\GradeForm.phpinc on line 230 PHP Notice: Undefined index: shortname in C:\nginx\html\Gradebook\GradeForm.phpinc on line 237" while reading response header from upstream, client: 134.29.173.75, server: cst.ridgewater.edu, request: "GET /Gradebook/GradeEvaluation.php?f_classId=1226&f_sId=00007967&f_uId=1&f_eId=2614&f_lId=Test06&f_FromGradebook=0&CalledBy=Gradebook.phpinc:117 HTTP/1.1", upstream: "fastcgi://127.0.0.1:9123", host: "cst.ridgewater.edu", referrer: "https://cst.ridgewater.edu/JimMartinson/CST1025/?Gradebook"
2021/03/20 05:17:32 [error] 4508#4568: *21670 FastCGI sent in stderr: "PHP Notice: Undefined index: shortname in C:\nginx\html\Gradebook\GradeForm.phpinc on line 230 PHP Notice: Undefined index: shortname in C:\nginx\html\Gradebook\GradeForm.phpinc on line 237" while reading response header from upstream, client: 134.29.173.75, server: cst.ridgewater.edu, request: "POST /Gradebook/GradeEvaluation.php HTTP/1.1", upstream: "fastcgi://127.0.0.1:9123", host: "cst.ridgewater.edu", referrer: "https://cst.ridgewater.edu/Gradebook/GradeEvaluation.php?f_classId=1226&f_sId=00007967&f_uId=1&f_eId=2614&f_lId=Test06&f_FromGradebook=0&CalledBy=Gradebook.phpinc:117"
2021/03/20 05:17:34 [error] 4508#4568: *21670 FastCGI sent in stderr: "PHP Notice: Undefined index: shortname in C:\nginx\html\Gradebook\GradeForm.phpinc on line 230 PHP Notice: Undefined index: shortname in C:\nginx\html\Gradebook\GradeForm.phpinc on line 237" while reading response header from upstream, client: 134.29.173.75, server: cst.ridgewater.edu, request: "GET /Gradebook/GradeEvaluation.php?f_classId=1226&f_sId=00007967&f_uId=1&f_eId=2612&f_lId=Test07&f_FromGradebook=0&CalledBy=Gradebook.phpinc:117 HTTP/1.1", upstream: "fastcgi://127.0.0.1:9123", host: "cst.ridgewater.edu", referrer: "https://cst.ridgewater.edu/JimMartinson/CST1025/?Gradebook"
2021/03/20 05:17:36 [error] 4508#4568: *21671 FastCGI sent in stderr: "PHP Notice: Undefined index: shortname in C:\nginx\html\Gradebook\GradeForm.phpinc on line 230 PHP Notice: Undefined index: shortname in C:\nginx\html\Gradebook\GradeForm.phpinc on line 237" while reading response header from upstream, client: 134.29.173.75, server: cst.ridgewater.edu, request: "POST /Gradebook/GradeEvaluation.php HTTP/1.1", upstream: "fastcgi://127.0.0.1:9123", host: "cst.ridgewater.edu", referrer: "https://cst.ridgewater.edu/Gradebook/GradeEvaluation.php?f_classId=1226&f_sId=00007967&f_uId=1&f_eId=2612&f_lId=Test07&f_FromGradebook=0&CalledBy=Gradebook.phpinc:117"
2021/03/20 05:17:39 [error] 4508#4568: *21664 FastCGI sent in stderr: "PHP Notice: Undefined index: shortname in C:\nginx\html\Gradebook\GradeForm.phpinc on line 230 PHP Notice: Undefined index: shortname in C:\nginx\html\Gradebook\GradeForm.phpinc on line 237" while reading response header from upstream, client: 134.29.173.75, server: cst.ridgewater.edu, request: "GET /Gradebook/GradeEvaluation.php?f_classId=1226&f_sId=00007967&f_uId=1&f_eId=2615&f_lId=Test08&f_FromGradebook=0&CalledBy=Gradebook.phpinc:117 HTTP/1.1", upstream: "fastcgi://127.0.0.1:9123", host: "cst.ridgewater.edu", referrer: "https://cst.ridgewater.edu/JimMartinson/CST1025/?Gradebook"
2021/03/20 05:17:42 [error] 4508#4568: *21668 FastCGI sent in stderr: "PHP Notice: Undefined index: shortname in C:\nginx\html\Gradebook\GradeForm.phpinc on line 230 PHP Notice: Undefined index: shortname in C:\nginx\html\Gradebook\GradeForm.phpinc on line 237" while reading response header from upstream, client: 134.29.173.75, server: cst.ridgewater.edu, request: "POST /Gradebook/GradeEvaluation.php HTTP/1.1", upstream: "fastcgi://127.0.0.1:9123", host: "cst.ridgewater.edu", referrer: "https://cst.ridgewater.edu/Gradebook/GradeEvaluation.php?f_classId=1226&f_sId=00007967&f_uId=1&f_eId=2615&f_lId=Test08&f_FromGradebook=0&CalledBy=Gradebook.phpinc:117"
2021/03/20 05:17:45 [error] 4508#4568: *21671 FastCGI sent in stderr: "PHP Notice: Undefined index: shortname in C:\nginx\html\Gradebook\GradeForm.phpinc on line 230 PHP Notice: Undefined index: shortname in C:\nginx\html\Gradebook\GradeForm.phpinc on line 237" while reading response header from upstream, client: 134.29.173.75, server: cst.ridgewater.edu, request: "GET /Gradebook/GradeEvaluation.php?f_classId=1226&f_sId=00007967&f_uId=1&f_eId=2616&f_lId=Test09&f_FromGradebook=0&CalledBy=Gradebook.phpinc:117 HTTP/1.1", upstream: "fastcgi://127.0.0.1:9123", host: "cst.ridgewater.edu", referrer: "https://cst.ridgewater.edu/JimMartinson/CST1025/?Gradebook"
2021/03/20 05:17:47 [error] 4508#4568: *21665 FastCGI sent in stderr: "PHP Notice: Undefined index: shortname in C:\nginx\html\Gradebook\GradeForm.phpinc on line 230 PHP Notice: Undefined index: shortname in C:\nginx\html\Gradebook\GradeForm.phpinc on line 237" while reading response header from upstream, client: 134.29.173.75, server: cst.ridgewater.edu, request: "POST /Gradebook/GradeEvaluation.php HTTP/1.1", upstream: "fastcgi://127.0.0.1:9123", host: "cst.ridgewater.edu", referrer: "https://cst.ridgewater.edu/Gradebook/GradeEvaluation.php?f_classId=1226&f_sId=00007967&f_uId=1&f_eId=2616&f_lId=Test09&f_FromGradebook=0&CalledBy=Gradebook.phpinc:117"
2021/03/20 05:18:01 [error] 4508#4568: *21668 FastCGI sent in stderr: "PHP Notice: Undefined index: shortname in C:\nginx\html\Gradebook\GradeForm.phpinc on line 230 PHP Notice: Undefined index: shortname in C:\nginx\html\Gradebook\GradeForm.phpinc on line 237" while reading response header from upstream, client: 134.29.173.75, server: cst.ridgewater.edu, request: "GET /Gradebook/GradeEvaluation.php?f_classId=1226&f_sId=00007967&f_uId=1&f_eId=2618&f_lId=Test11&f_FromGradebook=0&CalledBy=Gradebook.phpinc:117 HTTP/1.1", upstream: "fastcgi://127.0.0.1:9123", host: "cst.ridgewater.edu", referrer: "https://cst.ridgewater.edu/JimMartinson/CST1025/?Gradebook"
2021/03/20 05:18:04 [error] 4508#4568: *21669 FastCGI sent in stderr: "PHP Notice: Undefined index: shortname in C:\nginx\html\Gradebook\GradeForm.phpinc on line 230 PHP Notice: Undefined index: shortname in C:\nginx\html\Gradebook\GradeForm.phpinc on line 237" while reading response header from upstream, client: 134.29.173.75, server: cst.ridgewater.edu, request: "POST /Gradebook/GradeEvaluation.php HTTP/1.1", upstream: "fastcgi://127.0.0.1:9123", host: "cst.ridgewater.edu", referrer: "https://cst.ridgewater.edu/Gradebook/GradeEvaluation.php?f_classId=1226&f_sId=00007967&f_uId=1&f_eId=2618&f_lId=Test11&f_FromGradebook=0&CalledBy=Gradebook.phpinc:117"
2021/03/20 05:18:29 [error] 4508#4568: *21670 FastCGI sent in stderr: "PHP Notice: Undefined index: shortname in C:\nginx\html\Gradebook\GradeForm.phpinc on line 230 PHP Notice: Undefined index: shortname in C:\nginx\html\Gradebook\GradeForm.phpinc on line 237" while reading response header from upstream, client: 134.29.173.75, server: cst.ridgewater.edu, request: "GET /Gradebook/GradeEvaluation.php?f_classId=1227&f_sId=00007967&f_uId=1&f_eId=2624&f_lId=Lab04&f_FromGradebook=0&CalledBy=Gradebook.phpinc:117 HTTP/1.1", upstream: "fastcgi://127.0.0.1:9123", host: "cst.ridgewater.edu", referrer: "https://cst.ridgewater.edu/JimMartinson/CST1026/?Gradebook"
2021/03/20 05:18:42 [error] 4508#4568: *21665 FastCGI sent in stderr: "PHP Notice: Undefined index: shortname in C:\nginx\html\Gradebook\GradeForm.phpinc on line 230 PHP Notice: Undefined index: shortname in C:\nginx\html\Gradebook\GradeForm.phpinc on line 237" while reading response header from upstream, client: 134.29.173.75, server: cst.ridgewater.edu, request: "POST /Gradebook/GradeEvaluation.php HTTP/1.1", upstream: "fastcgi://127.0.0.1:9123", host: "cst.ridgewater.edu", referrer: "https://cst.ridgewater.edu/Gradebook/GradeEvaluation.php?f_classId=1227&f_sId=00007967&f_uId=1&f_eId=2624&f_lId=Lab04&f_FromGradebook=0&CalledBy=Gradebook.phpinc:117"
2021/03/20 05:19:00 [error] 4508#4568: *21665 FastCGI sent in stderr: "PHP Notice: Undefined index: shortname in C:\nginx\html\Gradebook\GradeForm.phpinc on line 230 PHP Notice: Undefined index: shortname in C:\nginx\html\Gradebook\GradeForm.phpinc on line 237" while reading response header from upstream, client: 134.29.173.75, server: cst.ridgewater.edu, request: "GET /Gradebook/GradeEvaluation.php?f_classId=1228&f_sId=00007967&f_uId=1&f_eId=2642&f_lId=Lab02.5&f_FromGradebook=0&CalledBy=Gradebook.phpinc:117 HTTP/1.1", upstream: "fastcgi://127.0.0.1:9123", host: "cst.ridgewater.edu", referrer: "https://cst.ridgewater.edu/JimMartinson/CST1600/?Gradebook"
2021/03/20 05:19:02 [error] 4508#4568: *21668 FastCGI sent in stderr: "PHP Notice: Undefined index: shortname in C:\nginx\html\Gradebook\GradeForm.phpinc on line 230 PHP Notice: Undefined index: shortname in C:\nginx\html\Gradebook\GradeForm.phpinc on line 237" while reading response header from upstream, client: 134.29.173.75, server: cst.ridgewater.edu, request: "POST /Gradebook/GradeEvaluation.php HTTP/1.1", upstream: "fastcgi://127.0.0.1:9123", host: "cst.ridgewater.edu", referrer: "https://cst.ridgewater.edu/Gradebook/GradeEvaluation.php?f_classId=1228&f_sId=00007967&f_uId=1&f_eId=2642&f_lId=Lab02.5&f_FromGradebook=0&CalledBy=Gradebook.phpinc:117"
2021/03/20 05:19:04 [error] 4508#4568: *21671 FastCGI sent in stderr: "PHP Notice: Undefined index: shortname in C:\nginx\html\Gradebook\GradeForm.phpinc on line 230 PHP Notice: Undefined index: shortname in C:\nginx\html\Gradebook\GradeForm.phpinc on line 237" while reading response header from upstream, client: 134.29.173.75, server: cst.ridgewater.edu, request: "GET /Gradebook/GradeEvaluation.php?f_classId=1228&f_sId=00007967&f_uId=1&f_eId=2636&f_lId=Lab03&f_FromGradebook=0&CalledBy=Gradebook.phpinc:117 HTTP/1.1", upstream: "fastcgi://127.0.0.1:9123", host: "cst.ridgewater.edu", referrer: "https://cst.ridgewater.edu/JimMartinson/CST1600/?Gradebook"
2021/03/20 05:19:07 [error] 4508#4568: *21669 FastCGI sent in stderr: "PHP Notice: Undefined index: shortname in C:\nginx\html\Gradebook\GradeForm.phpinc on line 230 PHP Notice: Undefined index: shortname in C:\nginx\html\Gradebook\GradeForm.phpinc on line 237" while reading response header from upstream, client: 134.29.173.75, server: cst.ridgewater.edu, request: "POST /Gradebook/GradeEvaluation.php HTTP/1.1", upstream: "fastcgi://127.0.0.1:9123", host: "cst.ridgewater.edu", referrer: "https://cst.ridgewater.edu/Gradebook/GradeEvaluation.php?f_classId=1228&f_sId=00007967&f_uId=1&f_eId=2636&f_lId=Lab03&f_FromGradebook=0&CalledBy=Gradebook.phpinc:117"
2021/03/20 05:19:09 [error] 4508#4568: *21668 FastCGI sent in stderr: "PHP Notice: Undefined index: shortname in C:\nginx\html\Gradebook\GradeForm.phpinc on line 230 PHP Notice: Undefined index: shortname in C:\nginx\html\Gradebook\GradeForm.phpinc on line 237" while reading response header from upstream, client: 134.29.173.75, server: cst.ridgewater.edu, request: "GET /Gradebook/GradeEvaluation.php?f_classId=1228&f_sId=00007967&f_uId=1&f_eId=2639&f_lId=Lab04&f_FromGradebook=0&CalledBy=Gradebook.phpinc:117 HTTP/1.1", upstream: "fastcgi://127.0.0.1:9123", host: "cst.ridgewater.edu", referrer: "https://cst.ridgewater.edu/JimMartinson/CST1600/?Gradebook"
2021/03/20 05:19:11 [error] 4508#4568: *21671 FastCGI sent in stderr: "PHP Notice: Undefined index: shortname in C:\nginx\html\Gradebook\GradeForm.phpinc on line 230 PHP Notice: Undefined index: shortname in C:\nginx\html\Gradebook\GradeForm.phpinc on line 237" while reading response header from upstream, client: 134.29.173.75, server: cst.ridgewater.edu, request: "POST /Gradebook/GradeEvaluation.php HTTP/1.1", upstream: "fastcgi://127.0.0.1:9123", host: "cst.ridgewater.edu", referrer: "https://cst.ridgewater.edu/Gradebook/GradeEvaluation.php?f_classId=1228&f_sId=00007967&f_uId=1&f_eId=2639&f_lId=Lab04&f_FromGradebook=0&CalledBy=Gradebook.phpinc:117"
2021/03/20 05:19:14 [error] 4508#4568: *21665 FastCGI sent in stderr: "PHP Notice: Undefined index: shortname in C:\nginx\html\Gradebook\GradeForm.phpinc on line 230 PHP Notice: Undefined index: shortname in C:\nginx\html\Gradebook\GradeForm.phpinc on line 237" while reading response header from upstream, client: 134.29.173.75, server: cst.ridgewater.edu, request: "GET /Gradebook/GradeEvaluation.php?f_classId=1228&f_sId=00007967&f_uId=1&f_eId=2637&f_lId=Lab05&f_FromGradebook=0&CalledBy=Gradebook.phpinc:117 HTTP/1.1", upstream: "fastcgi://127.0.0.1:9123", host: "cst.ridgewater.edu", referrer: "https://cst.ridgewater.edu/JimMartinson/CST1600/?Gradebook"
2021/03/20 05:19:16 [error] 4508#4568: *21668 FastCGI sent in stderr: "PHP Notice: Undefined index: shortname in C:\nginx\html\Gradebook\GradeForm.phpinc on line 230 PHP Notice: Undefined index: shortname in C:\nginx\html\Gradebook\GradeForm.phpinc on line 237" while reading response header from upstream, client: 134.29.173.75, server: cst.ridgewater.edu, request: "POST /Gradebook/GradeEvaluation.php HTTP/1.1", upstream: "fastcgi://127.0.0.1:9123", host: "cst.ridgewater.edu", referrer: "https://cst.ridgewater.edu/Gradebook/GradeEvaluation.php?f_classId=1228&f_sId=00007967&f_uId=1&f_eId=2637&f_lId=Lab05&f_FromGradebook=0&CalledBy=Gradebook.phpinc:117"
2021/03/20 05:19:19 [error] 4508#4568: *21670 FastCGI sent in stderr: "PHP Notice: Undefined index: shortname in C:\nginx\html\Gradebook\GradeForm.phpinc on line 230 PHP Notice: Undefined index: shortname in C:\nginx\html\Gradebook\GradeForm.phpinc on line 237" while reading response header from upstream, client: 134.29.173.75, server: cst.ridgewater.edu, request: "GET /Gradebook/GradeEvaluation.php?f_classId=1228&f_sId=00007967&f_uId=1&f_eId=2631&f_lId=Lab06&f_FromGradebook=0&CalledBy=Gradebook.phpinc:117 HTTP/1.1", upstream: "fastcgi://127.0.0.1:9123", host: "cst.ridgewater.edu", referrer: "https://cst.ridgewater.edu/JimMartinson/CST1600/?Gradebook"
2021/03/20 05:19:21 [error] 4508#4568: *21671 FastCGI sent in stderr: "PHP Notice: Undefined index: shortname in C:\nginx\html\Gradebook\GradeForm.phpinc on line 230 PHP Notice: Undefined index: shortname in C:\nginx\html\Gradebook\GradeForm.phpinc on line 237" while reading response header from upstream, client: 134.29.173.75, server: cst.ridgewater.edu, request: "POST /Gradebook/GradeEvaluation.php HTTP/1.1", upstream: "fastcgi://127.0.0.1:9123", host: "cst.ridgewater.edu", referrer: "https://cst.ridgewater.edu/Gradebook/GradeEvaluation.php?f_classId=1228&f_sId=00007967&f_uId=1&f_eId=2631&f_lId=Lab06&f_FromGradebook=0&CalledBy=Gradebook.phpinc:117"
2021/03/20 05:19:40 [error] 4508#4568: *21671 FastCGI sent in stderr: "PHP Notice: Undefined index: shortname in C:\nginx\html\Gradebook\GradeForm.phpinc on line 230 PHP Notice: Undefined index: shortname in C:\nginx\html\Gradebook\GradeForm.phpinc on line 237" while reading response header from upstream, client: 134.29.173.75, server: cst.ridgewater.edu, request: "GET /Gradebook/GradeEvaluation.php?f_classId=1229&f_sId=00007967&f_uId=1&f_eId=2651&f_lId=Lab09&f_FromGradebook=0&CalledBy=Gradebook.phpinc:117 HTTP/1.1", upstream: "fastcgi://127.0.0.1:9123", host: "cst.ridgewater.edu", referrer: "https://cst.ridgewater.edu/JimMartinson/CST1611/?Gradebook"
2021/03/20 05:19:43 [error] 4508#4568: *21735 FastCGI sent in stderr: "PHP Notice: Undefined index: shortname in C:\nginx\html\Gradebook\GradeForm.phpinc on line 230 PHP Notice: Undefined index: shortname in C:\nginx\html\Gradebook\GradeForm.phpinc on line 237" while reading response header from upstream, client: 134.29.173.75, server: cst.ridgewater.edu, request: "POST /Gradebook/GradeEvaluation.php HTTP/1.1", upstream: "fastcgi://127.0.0.1:9123", host: "cst.ridgewater.edu", referrer: "https://cst.ridgewater.edu/Gradebook/GradeEvaluation.php?f_classId=1229&f_sId=00007967&f_uId=1&f_eId=2651&f_lId=Lab09&f_FromGradebook=0&CalledBy=Gradebook.phpinc:117"
2021/03/20 05:20:03 [error] 4508#4568: *21734 FastCGI sent in stderr: "PHP Notice: Undefined index: shortname in C:\nginx\html\Gradebook\GradeForm.phpinc on line 230 PHP Notice: Undefined index: shortname in C:\nginx\html\Gradebook\GradeForm.phpinc on line 237" while reading response header from upstream, client: 134.29.173.75, server: cst.ridgewater.edu, request: "GET /Gradebook/GradeEvaluation.php?f_classId=1225&f_sId=00007967&f_uId=1&f_eId=2586&f_lId=Lab08&f_FromGradebook=0&CalledBy=Gradebook.phpinc:117 HTTP/1.1", upstream: "fastcgi://127.0.0.1:9123", host: "cst.ridgewater.edu", referrer: "https://cst.ridgewater.edu/JimMartinson/MMDT1021/?Gradebook"
2021/03/20 05:20:05 [error] 4508#4568: *21735 FastCGI sent in stderr: "PHP Notice: Undefined index: shortname in C:\nginx\html\Gradebook\GradeForm.phpinc on line 230 PHP Notice: Undefined index: shortname in C:\nginx\html\Gradebook\GradeForm.phpinc on line 237" while reading response header from upstream, client: 134.29.173.75, server: cst.ridgewater.edu, request: "POST /Gradebook/GradeEvaluation.php HTTP/1.1", upstream: "fastcgi://127.0.0.1:9123", host: "cst.ridgewater.edu", referrer: "https://cst.ridgewater.edu/Gradebook/GradeEvaluation.php?f_classId=1225&f_sId=00007967&f_uId=1&f_eId=2586&f_lId=Lab08&f_FromGradebook=0&CalledBy=Gradebook.phpinc:117"
2021/03/20 05:20:19 [error] 4508#4568: *21734 FastCGI sent in stderr: "PHP Notice: Undefined index: shortname in C:\nginx\html\Gradebook\GradeForm.phpinc on line 230 PHP Notice: Undefined index: shortname in C:\nginx\html\Gradebook\GradeForm.phpinc on line 237" while reading response header from upstream, client: 134.29.173.75, server: cst.ridgewater.edu, request: "GET /Gradebook/GradeEvaluation.php?f_classId=1230&f_sId=00007967&f_uId=1&f_eId=2658&f_lId=Lab02&f_FromGradebook=0&CalledBy=Gradebook.phpinc:117 HTTP/1.1", upstream: "fastcgi://127.0.0.1:9123", host: "cst.ridgewater.edu", referrer: "https://cst.ridgewater.edu/JimMartinson/MMDT2146/?Gradebook"
2021/03/20 05:20:22 [error] 4508#4568: *21735 FastCGI sent in stderr: "PHP Notice: Undefined index: shortname in C:\nginx\html\Gradebook\GradeForm.phpinc on line 230 PHP Notice: Undefined index: shortname in C:\nginx\html\Gradebook\GradeForm.phpinc on line 237" while reading response header from upstream, client: 134.29.173.75, server: cst.ridgewater.edu, request: "POST /Gradebook/GradeEvaluation.php HTTP/1.1", upstream: "fastcgi://127.0.0.1:9123", host: "cst.ridgewater.edu", referrer: "https://cst.ridgewater.edu/Gradebook/GradeEvaluation.php?f_classId=1230&f_sId=00007967&f_uId=1&f_eId=2658&f_lId=Lab02&f_FromGradebook=0&CalledBy=Gradebook.phpinc:117"
