The code for access.log is:
134.29.173.75 - - [06/Apr/2023:12:31:51 -0500] "GET /JimMartinson/CST1611/Schedule/ HTTP/1.1" 200 39931 "-" "Mozilla/5.0 (Windows NT 10.0; Win64; x64) AppleWebKit/537.36 (KHTML, like Gecko) Chrome/111.0.0.0 Safari/537.36"
69.71.40.67 - - [06/Apr/2023:12:32:53 -0500] "GET /JimMartinson/ HTTP/1.1" 200 8636 "-" "Mozilla/5.0 (Windows NT 10.0; Win64; x64) AppleWebKit/537.36 (KHTML, like Gecko) Chrome/111.0.0.0 Safari/537.36"
69.71.40.67 - - [06/Apr/2023:12:32:53 -0500] "GET /css/CST.css HTTP/1.1" 200 26502 "https://cst.ridgewater.edu/JimMartinson/" "Mozilla/5.0 (Windows NT 10.0; Win64; x64) AppleWebKit/537.36 (KHTML, like Gecko) Chrome/111.0.0.0 Safari/537.36"
69.71.40.67 - - [06/Apr/2023:12:32:53 -0500] "GET /css/debug.css HTTP/1.1" 200 17 "https://cst.ridgewater.edu/JimMartinson/" "Mozilla/5.0 (Windows NT 10.0; Win64; x64) AppleWebKit/537.36 (KHTML, like Gecko) Chrome/111.0.0.0 Safari/537.36"
69.71.40.67 - - [06/Apr/2023:12:32:53 -0500] "GET /css/tooltip.css HTTP/1.1" 200 2300 "https://cst.ridgewater.edu/JimMartinson/" "Mozilla/5.0 (Windows NT 10.0; Win64; x64) AppleWebKit/537.36 (KHTML, like Gecko) Chrome/111.0.0.0 Safari/537.36"
69.71.40.67 - - [06/Apr/2023:12:32:53 -0500] "GET /js/CST.js HTTP/1.1" 200 12394 "https://cst.ridgewater.edu/JimMartinson/" "Mozilla/5.0 (Windows NT 10.0; Win64; x64) AppleWebKit/537.36 (KHTML, like Gecko) Chrome/111.0.0.0 Safari/537.36"
69.71.40.67 - - [06/Apr/2023:12:32:53 -0500] "GET /js/div.js HTTP/1.1" 200 7433 "https://cst.ridgewater.edu/JimMartinson/" "Mozilla/5.0 (Windows NT 10.0; Win64; x64) AppleWebKit/537.36 (KHTML, like Gecko) Chrome/111.0.0.0 Safari/537.36"
69.71.40.67 - - [06/Apr/2023:12:32:53 -0500] "GET /js/CollapsibleLists.js HTTP/1.1" 200 1018 "https://cst.ridgewater.edu/JimMartinson/" "Mozilla/5.0 (Windows NT 10.0; Win64; x64) AppleWebKit/537.36 (KHTML, like Gecko) Chrome/111.0.0.0 Safari/537.36"
69.71.40.67 - - [06/Apr/2023:12:32:53 -0500] "GET /js/debug.js HTTP/1.1" 200 10968 "https://cst.ridgewater.edu/JimMartinson/" "Mozilla/5.0 (Windows NT 10.0; Win64; x64) AppleWebKit/537.36 (KHTML, like Gecko) Chrome/111.0.0.0 Safari/537.36"
69.71.40.67 - - [06/Apr/2023:12:32:53 -0500] "GET /js/tooltip.js HTTP/1.1" 200 13962 "https://cst.ridgewater.edu/JimMartinson/" "Mozilla/5.0 (Windows NT 10.0; Win64; x64) AppleWebKit/537.36 (KHTML, like Gecko) Chrome/111.0.0.0 Safari/537.36"
69.71.40.67 - - [06/Apr/2023:12:32:53 -0500] "GET /images/CSTlogoBlue115.gif HTTP/1.1" 200 8725 "https://cst.ridgewater.edu/JimMartinson/" "Mozilla/5.0 (Windows NT 10.0; Win64; x64) AppleWebKit/537.36 (KHTML, like Gecko) Chrome/111.0.0.0 Safari/537.36"
69.71.40.67 - - [06/Apr/2023:12:32:53 -0500] "GET /images/CSTlogoGreen115.gif HTTP/1.1" 200 8172 "https://cst.ridgewater.edu/JimMartinson/" "Mozilla/5.0 (Windows NT 10.0; Win64; x64) AppleWebKit/537.36 (KHTML, like Gecko) Chrome/111.0.0.0 Safari/537.36"
69.71.40.67 - - [06/Apr/2023:12:32:53 -0500] "GET /images/JimMartinson100.jpg HTTP/1.1" 200 16680 "https://cst.ridgewater.edu/JimMartinson/" "Mozilla/5.0 (Windows NT 10.0; Win64; x64) AppleWebKit/537.36 (KHTML, like Gecko) Chrome/111.0.0.0 Safari/537.36"
69.71.40.67 - - [06/Apr/2023:12:32:53 -0500] "GET /JimMartinson/20235_JimMartinson_Class_Schedule.png HTTP/1.1" 200 29493 "https://cst.ridgewater.edu/JimMartinson/" "Mozilla/5.0 (Windows NT 10.0; Win64; x64) AppleWebKit/537.36 (KHTML, like Gecko) Chrome/111.0.0.0 Safari/537.36"
69.71.40.67 - - [06/Apr/2023:12:32:53 -0500] "GET /images/urc.png HTTP/1.1" 200 230 "https://cst.ridgewater.edu/css/CST.css" "Mozilla/5.0 (Windows NT 10.0; Win64; x64) AppleWebKit/537.36 (KHTML, like Gecko) Chrome/111.0.0.0 Safari/537.36"
69.71.40.67 - - [06/Apr/2023:12:32:53 -0500] "GET /favicon.ico HTTP/1.1" 200 2238 "https://cst.ridgewater.edu/JimMartinson/" "Mozilla/5.0 (Windows NT 10.0; Win64; x64) AppleWebKit/537.36 (KHTML, like Gecko) Chrome/111.0.0.0 Safari/537.36"
97.92.30.66 - - [06/Apr/2023:12:32:55 -0500] "GET /JimMartinson/CST1611/Labs/Lab08/Lab08-host-ip-address.php HTTP/1.1" 200 3036 "https://cst.ridgewater.edu/JimMartinson/CST1611/Labs/Lab08/" "Mozilla/5.0 (Windows NT 10.0; Win64; x64; rv:109.0) Gecko/20100101 Firefox/111.0"
97.92.30.66 - - [06/Apr/2023:12:33:49 -0500] "GET /css/tooltip.css HTTP/1.1" 200 2300 "https://host-ip-address/" "Mozilla/5.0 (Windows NT 10.0; Win64; x64; rv:109.0) Gecko/20100101 Firefox/111.0"
97.92.30.66 - - [06/Apr/2023:12:33:49 -0500] "GET /js/tooltip.js HTTP/1.1" 200 13962 "https://host-ip-address/" "Mozilla/5.0 (Windows NT 10.0; Win64; x64; rv:109.0) Gecko/20100101 Firefox/111.0"
97.92.30.66 - - [06/Apr/2023:12:35:43 -0500] "GET /JimMartinson/CST1611/Labs/Lab05/ HTTP/1.1" 200 28702 "https://cst.ridgewater.edu/JimMartinson/CST1611/Labs/Lab08/" "Mozilla/5.0 (Windows NT 10.0; Win64; x64; rv:109.0) Gecko/20100101 Firefox/111.0"
97.92.30.66 - - [06/Apr/2023:12:35:43 -0500] "GET /css/CST.css HTTP/1.1" 200 26502 "https://cst.ridgewater.edu/JimMartinson/CST1611/Labs/Lab05/" "Mozilla/5.0 (Windows NT 10.0; Win64; x64; rv:109.0) Gecko/20100101 Firefox/111.0"
97.92.30.66 - - [06/Apr/2023:12:35:43 -0500] "GET /css/debug.css HTTP/1.1" 200 17 "https://cst.ridgewater.edu/JimMartinson/CST1611/Labs/Lab05/" "Mozilla/5.0 (Windows NT 10.0; Win64; x64; rv:109.0) Gecko/20100101 Firefox/111.0"
97.92.30.66 - - [06/Apr/2023:12:38:49 -0500] "GET /JimMartinson/CST1611/Labs/LabHostSetup/?evaluationName=Lab08&vh=Lab08.test&dr=Lab08/8080&lg=Lab08.8080.test&nc=yes&df=CST1611/ HTTP/1.1" 200 11144 "https://cst.ridgewater.edu/JimMartinson/CST1611/Labs/Lab08/" "Mozilla/5.0 (Windows NT 10.0; Win64; x64; rv:109.0) Gecko/20100101 Firefox/111.0"
192.181.195.101 - - [06/Apr/2023:12:38:51 -0500] "GET / HTTP/1.1" 301 185 "-" "Mozilla/5.0 (Windows NT 10.0; WOW64) AppleWebKit/537.36 (KHTML, like Gecko) Chrome/51.0.2704.103 Safari/537.36"
134.29.173.75 - - [06/Apr/2023:12:40:54 -0500] "GET /JimMartinson/ HTTP/1.1" 200 9462 "-" "Mozilla/5.0 (Windows NT 10.0; Win64; x64) AppleWebKit/537.36 (KHTML, like Gecko) Chrome/111.0.0.0 Safari/537.36"
134.29.173.75 - - [06/Apr/2023:12:40:56 -0500] "GET /JimMartinson/CST1600/ HTTP/1.1" 200 8325 "https://cst.ridgewater.edu/JimMartinson/" "Mozilla/5.0 (Windows NT 10.0; Win64; x64) AppleWebKit/537.36 (KHTML, like Gecko) Chrome/111.0.0.0 Safari/537.36"
134.29.173.75 - - [06/Apr/2023:12:40:58 -0500] "GET /JimMartinson/CST1600/?Assignments HTTP/1.1" 200 24110 "https://cst.ridgewater.edu/JimMartinson/CST1600/" "Mozilla/5.0 (Windows NT 10.0; Win64; x64) AppleWebKit/537.36 (KHTML, like Gecko) Chrome/111.0.0.0 Safari/537.36"
134.29.173.75 - - [06/Apr/2023:12:41:02 -0500] "GET /JimMartinson/CST1600/Labs/Lab08/ HTTP/1.1" 200 28834 "https://cst.ridgewater.edu/JimMartinson/CST1600/?Assignments" "Mozilla/5.0 (Windows NT 10.0; Win64; x64) AppleWebKit/537.36 (KHTML, like Gecko) Chrome/111.0.0.0 Safari/537.36"
107.150.98.121 - - [06/Apr/2023:12:41:17 -0500] "GET / HTTP/1.1" 200 13875 "-" "-"
97.92.30.66 - - [06/Apr/2023:12:41:29 -0500] "GET /JimMartinson/CST1611/Labs/Lab08/Lab08-8080.php HTTP/1.1" 200 3002 "https://cst.ridgewater.edu/JimMartinson/CST1611/Labs/Lab08/" "Mozilla/5.0 (Windows NT 10.0; Win64; x64; rv:109.0) Gecko/20100101 Firefox/111.0"
107.150.98.121 - - [06/Apr/2023:12:41:36 -0500] "GET /favicon.ico HTTP/1.1" 200 2238 "-" "Mozilla/5.0 (Macintosh; Intel Mac OS X 10_7_0) AppleWebKit/535.11 (KHTML, like Gecko) Chrome/17.0.963.56 Safari/535.11"
107.150.98.121 - - [06/Apr/2023:12:41:36 -0500] "GET /robots.txt HTTP/1.1" 404 571 "-" "Mozilla/5.0 (Macintosh; Intel Mac OS X 10_7_0) AppleWebKit/535.11 (KHTML, like Gecko) Chrome/17.0.963.56 Safari/535.11"
107.150.98.121 - - [06/Apr/2023:12:41:36 -0500] "GET /sitemap.xml HTTP/1.1" 404 571 "-" "Mozilla/5.0 (Macintosh; Intel Mac OS X 10_7_0) AppleWebKit/535.11 (KHTML, like Gecko) Chrome/17.0.963.56 Safari/535.11"
107.150.98.121 - - [06/Apr/2023:12:41:36 -0500] "GET /js/debug.js HTTP/1.1" 200 10968 "-" "Go-http-client/1.1"
107.150.98.121 - - [06/Apr/2023:12:41:36 -0500] "GET /js/div.js HTTP/1.1" 200 7433 "-" "Go-http-client/1.1"
107.150.98.121 - - [06/Apr/2023:12:41:36 -0500] "GET /js/CollapsibleLists.js HTTP/1.1" 200 1018 "-" "Go-http-client/1.1"
107.150.98.121 - - [06/Apr/2023:12:41:37 -0500] "GET /js/tooltip.js HTTP/1.1" 200 13962 "-" "Go-http-client/1.1"
107.150.98.121 - - [06/Apr/2023:12:41:37 -0500] "GET /js/CST.js HTTP/1.1" 200 12394 "-" "Go-http-client/1.1"
134.29.173.75 - - [06/Apr/2023:12:41:49 -0500] "GET /JimMartinson/CST1600/Labs/Lab08/ HTTP/1.1" 200 28842 "https://cst.ridgewater.edu/JimMartinson/CST1600/?Assignments" "Mozilla/5.0 (Windows NT 10.0; Win64; x64) AppleWebKit/537.36 (KHTML, like Gecko) Chrome/111.0.0.0 Safari/537.36"
114.119.131.123 - - [06/Apr/2023:12:42:47 -0500] "GET /JimMartinson/CST1146/Resources/Examples/Week/16/vendor/psr/http-factory/src/StreamFactoryInterface.php HTTP/1.1" 200 5 "https://www.cst.ridgewater.edu/JimMartinson/CST1146/Resources/Examples/Week/16/vendor/psr/http-factory/src/" "Mozilla/5.0 (Linux; Android 7.0;) AppleWebKit/537.36 (KHTML, like Gecko) Mobile Safari/537.36 (compatible; PetalBot;+https://webmaster.petalsearch.com/site/petalbot)"
134.29.173.75 - - [06/Apr/2023:12:43:05 -0500] "GET /JimMartinson/CST1600/Labs/Lab07/ HTTP/1.1" 200 44474 "https://cst.ridgewater.edu/JimMartinson/CST1600/?Assignments" "Mozilla/5.0 (Windows NT 10.0; Win64; x64) AppleWebKit/537.36 (KHTML, like Gecko) Chrome/111.0.0.0 Safari/537.36"
134.29.173.75 - - [06/Apr/2023:12:43:08 -0500] "GET /JimMartinson/CST1600/Labs/Lab08/ HTTP/1.1" 200 28842 "https://cst.ridgewater.edu/JimMartinson/CST1600/?Assignments" "Mozilla/5.0 (Windows NT 10.0; Win64; x64) AppleWebKit/537.36 (KHTML, like Gecko) Chrome/111.0.0.0 Safari/537.36"
66.249.70.114 - - [06/Apr/2023:12:43:46 -0500] "GET /JimMartinson/CST1510/Vendor%20List/Vendor_List_DVD.pdf HTTP/1.1" 301 185 "-" "Mozilla/5.0 (Linux; Android 6.0.1; Nexus 5X Build/MMB29P) AppleWebKit/537.36 (KHTML, like Gecko) Chrome/111.0.5563.146 Mobile Safari/537.36 (compatible; Googlebot/2.1; +http://www.google.com/bot.html)"
66.249.70.114 - - [06/Apr/2023:12:43:47 -0500] "GET /JimMartinson/CST1025/Resources/Hardware/2%29%20wire/ HTTP/1.1" 404 571 "-" "Mozilla/5.0 (Linux; Android 6.0.1; Nexus 5X Build/MMB29P) AppleWebKit/537.36 (KHTML, like Gecko) Chrome/111.0.5563.146 Mobile Safari/537.36 (compatible; Googlebot/2.1; +http://www.google.com/bot.html)"
66.249.70.114 - - [06/Apr/2023:12:43:47 -0500] "GET /JimMartinson/CST1510/Vendor%20List/Vendor_List_DVD.pdf HTTP/1.1" 404 571 "-" "Mozilla/5.0 (Linux; Android 6.0.1; Nexus 5X Build/MMB29P) AppleWebKit/537.36 (KHTML, like Gecko) Chrome/111.0.5563.146 Mobile Safari/537.36 (compatible; Googlebot/2.1; +http://www.google.com/bot.html)"
52.167.144.79 - - [06/Apr/2023:12:44:34 -0500] "GET /jimmartinson/cst2146/resources/php.ini HTTP/1.1" 404 571 "-" "Mozilla/5.0 AppleWebKit/537.36 (KHTML, like Gecko; compatible; bingbot/2.0; +http://www.bing.com/bingbot.htm) Chrome/103.0.5060.134 Safari/537.36"
97.92.30.66 - - [06/Apr/2023:12:46:13 -0500] "POST /JimMartinson/CST1611/Labs/Lab08/ HTTP/1.1" 200 46852 "https://cst.ridgewater.edu/JimMartinson/CST1611/Labs/Lab08/" "Mozilla/5.0 (Windows NT 10.0; Win64; x64; rv:109.0) Gecko/20100101 Firefox/111.0"
66.249.70.112 - - [06/Apr/2023:12:46:37 -0500] "GET /vmware/downloads/CSTVMWareDocumentation.pdf HTTP/1.1" 301 185 "-" "Mozilla/5.0 (compatible; Googlebot/2.1; +http://www.google.com/bot.html)"
66.249.70.114 - - [06/Apr/2023:12:46:38 -0500] "GET /vmware/downloads/CSTVMWareDocumentation.pdf HTTP/1.1" 200 1919922 "-" "Mozilla/5.0 (compatible; Googlebot/2.1; +http://www.google.com/bot.html)"
161.38.170.218 - - [06/Apr/2023:12:48:33 -0500] "GET / HTTP/1.1" 200 13875 "-" "Mozilla/5.0 (Macintosh; Intel Mac OS X 10_15_7) AppleWebKit/537.36 (KHTML, like Gecko) Chrome/111.0.0.0 Safari/537.36"
161.38.170.218 - - [06/Apr/2023:12:48:33 -0500] "GET /js/tooltip.js HTTP/1.1" 304 0 "https://cst.ridgewater.edu/" "Mozilla/5.0 (Macintosh; Intel Mac OS X 10_15_7) AppleWebKit/537.36 (KHTML, like Gecko) Chrome/111.0.0.0 Safari/537.36"
161.38.170.218 - - [06/Apr/2023:12:48:35 -0500] "GET /AllenBenusa/ HTTP/1.1" 200 4189 "https://cst.ridgewater.edu/" "Mozilla/5.0 (Macintosh; Intel Mac OS X 10_15_7) AppleWebKit/537.36 (KHTML, like Gecko) Chrome/111.0.0.0 Safari/537.36"
172.104.11.51 - - [06/Apr/2023:12:49:28 -0500] "GET / HTTP/1.1" 301 185 "-" "Mozilla/5.0 (Macintosh; Intel Mac OS X 13_1) AppleWebKit/537.36 (KHTML, like Gecko) Chrome/108.0.0.0 Safari/537.36"
205.210.31.43 - - [06/Apr/2023:12:51:46 -0500] "GET / HTTP/1.1" 301 185 "-" "Expanse, a Palo Alto Networks company, searches across the global IPv4 space multiple times per day to identify customers' presences on the Internet. If you would like to be excluded from our scans, please send IP addresses/domains to: scaninfo@paloaltonetworks.com"
205.210.31.43 - - [06/Apr/2023:12:51:47 -0500] "GET / HTTP/1.1" 200 13874 "http://134.29.175.74:80/" "Expanse, a Palo Alto Networks company, searches across the global IPv4 space multiple times per day to identify customers' presences on the Internet. If you would like to be excluded from our scans, please send IP addresses/domains to: scaninfo@paloaltonetworks.com"
104.159.189.32 - - [06/Apr/2023:12:52:37 -0500] "GET / HTTP/1.1" 200 13875 "-" "Mozilla/5.0 (Windows NT 10.0; Win64; x64) AppleWebKit/537.36 (KHTML, like Gecko) Chrome/112.0.0.0 Safari/537.36"
104.159.189.32 - - [06/Apr/2023:12:52:39 -0500] "GET /AllenBenusa/ HTTP/1.1" 200 4189 "https://cst.ridgewater.edu/" "Mozilla/5.0 (Windows NT 10.0; Win64; x64) AppleWebKit/537.36 (KHTML, like Gecko) Chrome/112.0.0.0 Safari/537.36"
66.249.70.116 - - [06/Apr/2023:12:52:46 -0500] "GET /login/ HTTP/1.1" 200 6908 "-" "Mozilla/5.0 (Linux; Android 6.0.1; Nexus 5X Build/MMB29P) AppleWebKit/537.36 (KHTML, like Gecko) Chrome/112.0.5615.49 Mobile Safari/537.36 (compatible; Googlebot/2.1; +http://www.google.com/bot.html)"
98.40.120.9 - - [06/Apr/2023:12:55:11 -0500] "GET / HTTP/1.1" 200 13872 "-" "Mozilla/5.0 (Windows NT 10.0; Win64; x64) AppleWebKit/537.36 (KHTML, like Gecko) Chrome/111.0.0.0 Safari/537.36"
98.40.120.9 - - [06/Apr/2023:12:55:11 -0500] "GET /css/CST.css HTTP/1.1" 200 26502 "https://cst.ridgewater.edu/" "Mozilla/5.0 (Windows NT 10.0; Win64; x64) AppleWebKit/537.36 (KHTML, like Gecko) Chrome/111.0.0.0 Safari/537.36"
98.40.120.9 - - [06/Apr/2023:12:55:11 -0500] "GET /css/debug.css HTTP/1.1" 200 17 "https://cst.ridgewater.edu/" "Mozilla/5.0 (Windows NT 10.0; Win64; x64) AppleWebKit/537.36 (KHTML, like Gecko) Chrome/111.0.0.0 Safari/537.36"
98.40.120.9 - - [06/Apr/2023:12:55:11 -0500] "GET /css/tooltip.css HTTP/1.1" 200 2300 "https://cst.ridgewater.edu/" "Mozilla/5.0 (Windows NT 10.0; Win64; x64) AppleWebKit/537.36 (KHTML, like Gecko) Chrome/111.0.0.0 Safari/537.36"
98.40.120.9 - - [06/Apr/2023:12:55:11 -0500] "GET /js/CST.js HTTP/1.1" 200 12394 "https://cst.ridgewater.edu/" "Mozilla/5.0 (Windows NT 10.0; Win64; x64) AppleWebKit/537.36 (KHTML, like Gecko) Chrome/111.0.0.0 Safari/537.36"
98.40.120.9 - - [06/Apr/2023:12:55:11 -0500] "GET /js/div.js HTTP/1.1" 200 7433 "https://cst.ridgewater.edu/" "Mozilla/5.0 (Windows NT 10.0; Win64; x64) AppleWebKit/537.36 (KHTML, like Gecko) Chrome/111.0.0.0 Safari/537.36"
98.40.120.9 - - [06/Apr/2023:12:55:11 -0500] "GET /js/CollapsibleLists.js HTTP/1.1" 200 1018 "https://cst.ridgewater.edu/" "Mozilla/5.0 (Windows NT 10.0; Win64; x64) AppleWebKit/537.36 (KHTML, like Gecko) Chrome/111.0.0.0 Safari/537.36"
98.40.120.9 - - [06/Apr/2023:12:55:11 -0500] "GET /js/debug.js HTTP/1.1" 200 10968 "https://cst.ridgewater.edu/" "Mozilla/5.0 (Windows NT 10.0; Win64; x64) AppleWebKit/537.36 (KHTML, like Gecko) Chrome/111.0.0.0 Safari/537.36"
98.40.120.9 - - [06/Apr/2023:12:55:12 -0500] "GET /js/tooltip.js HTTP/1.1" 200 13962 "https://cst.ridgewater.edu/" "Mozilla/5.0 (Windows NT 10.0; Win64; x64) AppleWebKit/537.36 (KHTML, like Gecko) Chrome/111.0.0.0 Safari/537.36"
98.40.120.9 - - [06/Apr/2023:12:55:12 -0500] "GET /images/CSTlogoBlue115.gif HTTP/1.1" 200 8725 "https://cst.ridgewater.edu/" "Mozilla/5.0 (Windows NT 10.0; Win64; x64) AppleWebKit/537.36 (KHTML, like Gecko) Chrome/111.0.0.0 Safari/537.36"
98.40.120.9 - - [06/Apr/2023:12:55:12 -0500] "GET /images/CSTlogoGreen115.gif HTTP/1.1" 200 8172 "https://cst.ridgewater.edu/" "Mozilla/5.0 (Windows NT 10.0; Win64; x64) AppleWebKit/537.36 (KHTML, like Gecko) Chrome/111.0.0.0 Safari/537.36"
98.40.120.9 - - [06/Apr/2023:12:55:12 -0500] "GET /images/urc.png HTTP/1.1" 200 230 "https://cst.ridgewater.edu/css/CST.css" "Mozilla/5.0 (Windows NT 10.0; Win64; x64) AppleWebKit/537.36 (KHTML, like Gecko) Chrome/111.0.0.0 Safari/537.36"
98.40.120.9 - - [06/Apr/2023:12:55:12 -0500] "GET /favicon.ico HTTP/1.1" 200 2238 "https://cst.ridgewater.edu/" "Mozilla/5.0 (Windows NT 10.0; Win64; x64) AppleWebKit/537.36 (KHTML, like Gecko) Chrome/111.0.0.0 Safari/537.36"
98.40.120.9 - - [06/Apr/2023:12:55:16 -0500] "GET /AllenBenusa HTTP/1.1" 301 185 "https://cst.ridgewater.edu/" "Mozilla/5.0 (Windows NT 10.0; Win64; x64) AppleWebKit/537.36 (KHTML, like Gecko) Chrome/111.0.0.0 Safari/537.36"
98.40.120.9 - - [06/Apr/2023:12:55:16 -0500] "GET /AllenBenusa/ HTTP/1.1" 200 4186 "https://cst.ridgewater.edu/" "Mozilla/5.0 (Windows NT 10.0; Win64; x64) AppleWebKit/537.36 (KHTML, like Gecko) Chrome/111.0.0.0 Safari/537.36"
98.40.120.9 - - [06/Apr/2023:12:55:17 -0500] "GET /images/AllenBenusa100.jpg HTTP/1.1" 200 35169 "https://cst.ridgewater.edu/AllenBenusa/" "Mozilla/5.0 (Windows NT 10.0; Win64; x64) AppleWebKit/537.36 (KHTML, like Gecko) Chrome/111.0.0.0 Safari/537.36"
69.71.34.235 - - [06/Apr/2023:12:56:28 -0500] "GET / HTTP/1.1" 200 13873 "-" "Mozilla/5.0 (Windows NT 10.0; Win64; x64) AppleWebKit/537.36 (KHTML, like Gecko) Chrome/111.0.0.0 Safari/537.36"
69.71.34.235 - - [06/Apr/2023:12:56:31 -0500] "GET /AllenBenusa/ HTTP/1.1" 200 4187 "https://cst.ridgewater.edu/" "Mozilla/5.0 (Windows NT 10.0; Win64; x64) AppleWebKit/537.36 (KHTML, like Gecko) Chrome/111.0.0.0 Safari/537.36"
47.225.249.182 - - [06/Apr/2023:12:56:40 -0500] "GET / HTTP/1.1" 200 13875 "-" "Mozilla/5.0 (Windows NT 10.0; Win64; x64; rv:109.0) Gecko/20100101 Firefox/111.0"
47.225.249.182 - - [06/Apr/2023:12:56:40 -0500] "GET /images/CSTlogoBlue115.gif HTTP/1.1" 200 8725 "https://cst.ridgewater.edu/" "Mozilla/5.0 (Windows NT 10.0; Win64; x64; rv:109.0) Gecko/20100101 Firefox/111.0"
47.12.62.40 - - [06/Apr/2023:12:57:48 -0500] "GET /JimMartinson/ HTTP/1.1" 200 8636 "-" "Mozilla/5.0 (Windows NT 10.0; Win64; x64; rv:109.0) Gecko/20100101 Firefox/111.0"
47.12.62.40 - - [06/Apr/2023:12:57:49 -0500] "GET /css/CST.css HTTP/1.1" 200 26502 "https://cst.ridgewater.edu/JimMartinson/" "Mozilla/5.0 (Windows NT 10.0; Win64; x64; rv:109.0) Gecko/20100101 Firefox/111.0"
47.12.62.40 - - [06/Apr/2023:12:57:49 -0500] "GET /css/tooltip.css HTTP/1.1" 200 2300 "https://cst.ridgewater.edu/JimMartinson/" "Mozilla/5.0 (Windows NT 10.0; Win64; x64; rv:109.0) Gecko/20100101 Firefox/111.0"
47.12.62.40 - - [06/Apr/2023:12:57:49 -0500] "GET /js/tooltip.js HTTP/1.1" 200 13962 "https://cst.ridgewater.edu/JimMartinson/" "Mozilla/5.0 (Windows NT 10.0; Win64; x64; rv:109.0) Gecko/20100101 Firefox/111.0"
47.12.62.40 - - [06/Apr/2023:12:57:49 -0500] "GET /css/debug.css HTTP/1.1" 200 17 "https://cst.ridgewater.edu/JimMartinson/" "Mozilla/5.0 (Windows NT 10.0; Win64; x64; rv:109.0) Gecko/20100101 Firefox/111.0"
47.12.62.40 - - [06/Apr/2023:12:57:49 -0500] "GET /js/debug.js HTTP/1.1" 304 0 "https://cst.ridgewater.edu/JimMartinson/" "Mozilla/5.0 (Windows NT 10.0; Win64; x64; rv:109.0) Gecko/20100101 Firefox/111.0"
47.12.62.40 - - [06/Apr/2023:12:57:49 -0500] "GET /js/CollapsibleLists.js HTTP/1.1" 200 1018 "https://cst.ridgewater.edu/JimMartinson/" "Mozilla/5.0 (Windows NT 10.0; Win64; x64; rv:109.0) Gecko/20100101 Firefox/111.0"
47.12.62.40 - - [06/Apr/2023:12:57:49 -0500] "GET /js/CST.js HTTP/1.1" 304 0 "https://cst.ridgewater.edu/JimMartinson/" "Mozilla/5.0 (Windows NT 10.0; Win64; x64; rv:109.0) Gecko/20100101 Firefox/111.0"
47.12.62.40 - - [06/Apr/2023:12:57:49 -0500] "GET /js/div.js HTTP/1.1" 304 0 "https://cst.ridgewater.edu/JimMartinson/" "Mozilla/5.0 (Windows NT 10.0; Win64; x64; rv:109.0) Gecko/20100101 Firefox/111.0"
47.12.62.40 - - [06/Apr/2023:12:57:49 -0500] "GET /images/CSTlogoBlue115.gif HTTP/1.1" 200 8725 "https://cst.ridgewater.edu/JimMartinson/" "Mozilla/5.0 (Windows NT 10.0; Win64; x64; rv:109.0) Gecko/20100101 Firefox/111.0"
47.12.62.40 - - [06/Apr/2023:12:57:49 -0500] "GET /images/CSTlogoGreen115.gif HTTP/1.1" 200 8172 "https://cst.ridgewater.edu/JimMartinson/" "Mozilla/5.0 (Windows NT 10.0; Win64; x64; rv:109.0) Gecko/20100101 Firefox/111.0"
47.12.62.40 - - [06/Apr/2023:12:57:49 -0500] "GET /JimMartinson/20235_JimMartinson_Class_Schedule.png HTTP/1.1" 200 29493 "https://cst.ridgewater.edu/JimMartinson/" "Mozilla/5.0 (Windows NT 10.0; Win64; x64; rv:109.0) Gecko/20100101 Firefox/111.0"
47.12.62.40 - - [06/Apr/2023:12:57:49 -0500] "GET /images/JimMartinson100.jpg HTTP/1.1" 200 16680 "https://cst.ridgewater.edu/JimMartinson/" "Mozilla/5.0 (Windows NT 10.0; Win64; x64; rv:109.0) Gecko/20100101 Firefox/111.0"
47.12.62.40 - - [06/Apr/2023:12:57:49 -0500] "GET /images/urc.png HTTP/1.1" 200 230 "https://cst.ridgewater.edu/css/CST.css" "Mozilla/5.0 (Windows NT 10.0; Win64; x64; rv:109.0) Gecko/20100101 Firefox/111.0"
47.12.62.40 - - [06/Apr/2023:12:57:49 -0500] "GET /favicon.ico HTTP/1.1" 200 2238 "https://cst.ridgewater.edu/JimMartinson/" "Mozilla/5.0 (Windows NT 10.0; Win64; x64; rv:109.0) Gecko/20100101 Firefox/111.0"
47.12.62.40 - - [06/Apr/2023:12:57:52 -0500] "GET / HTTP/1.1" 200 13872 "https://cst.ridgewater.edu/JimMartinson/" "Mozilla/5.0 (Windows NT 10.0; Win64; x64; rv:109.0) Gecko/20100101 Firefox/111.0"
47.12.62.40 - - [06/Apr/2023:12:57:53 -0500] "GET /JimMartinson HTTP/1.1" 301 185 "https://cst.ridgewater.edu/" "Mozilla/5.0 (Windows NT 10.0; Win64; x64; rv:109.0) Gecko/20100101 Firefox/111.0"
47.12.62.40 - - [06/Apr/2023:12:57:53 -0500] "GET /JimMartinson/ HTTP/1.1" 200 8636 "https://cst.ridgewater.edu/" "Mozilla/5.0 (Windows NT 10.0; Win64; x64; rv:109.0) Gecko/20100101 Firefox/111.0"
47.12.62.40 - - [06/Apr/2023:12:57:53 -0500] "GET /favicon.ico HTTP/1.1" 200 2238 "https://cst.ridgewater.edu/JimMartinson/" "Mozilla/5.0 (Windows NT 10.0; Win64; x64; rv:109.0) Gecko/20100101 Firefox/111.0"
47.12.62.40 - - [06/Apr/2023:12:57:55 -0500] "GET /JimMartinson/CST1611/ HTTP/1.1" 200 8023 "https://cst.ridgewater.edu/JimMartinson/" "Mozilla/5.0 (Windows NT 10.0; Win64; x64; rv:109.0) Gecko/20100101 Firefox/111.0"
47.12.62.40 - - [06/Apr/2023:12:57:56 -0500] "GET /css/printing.css HTTP/1.1" 200 5910 "https://cst.ridgewater.edu/JimMartinson/CST1611/" "Mozilla/5.0 (Windows NT 10.0; Win64; x64; rv:109.0) Gecko/20100101 Firefox/111.0"
47.12.62.40 - - [06/Apr/2023:12:57:56 -0500] "GET /js/openCenteredWindow.js HTTP/1.1" 304 0 "https://cst.ridgewater.edu/JimMartinson/CST1611/" "Mozilla/5.0 (Windows NT 10.0; Win64; x64; rv:109.0) Gecko/20100101 Firefox/111.0"
47.12.62.40 - - [06/Apr/2023:12:57:58 -0500] "GET /JimMartinson/CST1611/Schedule/ HTTP/1.1" 200 6989 "https://cst.ridgewater.edu/JimMartinson/CST1611/" "Mozilla/5.0 (Windows NT 10.0; Win64; x64; rv:109.0) Gecko/20100101 Firefox/111.0"
47.12.62.40 - - [06/Apr/2023:12:57:58 -0500] "GET /js/encode.js HTTP/1.1" 304 0 "https://cst.ridgewater.edu/JimMartinson/CST1611/Schedule/" "Mozilla/5.0 (Windows NT 10.0; Win64; x64; rv:109.0) Gecko/20100101 Firefox/111.0"
47.12.62.40 - - [06/Apr/2023:12:58:00 -0500] "POST /Login/ HTTP/1.1" 200 384 "https://cst.ridgewater.edu/JimMartinson/CST1611/Schedule/" "Mozilla/5.0 (Windows NT 10.0; Win64; x64; rv:109.0) Gecko/20100101 Firefox/111.0"
47.12.62.40 - - [06/Apr/2023:12:58:01 -0500] "POST /JimMartinson/CST1611/Schedule/ HTTP/1.1" 200 39656 "https://cst.ridgewater.edu/Login/" "Mozilla/5.0 (Windows NT 10.0; Win64; x64; rv:109.0) Gecko/20100101 Firefox/111.0"
5.188.210.227 - - [06/Apr/2023:12:58:28 -0500] "\x05\x01\x00" 400 173 "-" "-"
5.188.210.227 - - [06/Apr/2023:12:59:19 -0500] "\x04\x01\x00P\x05\xBC\xD2\xE3\x00" 400 173 "-" "-"
47.225.249.182 - - [06/Apr/2023:12:59:27 -0500] "GET /JimMartinson/ HTTP/1.1" 200 8639 "https://cst.ridgewater.edu/" "Mozilla/5.0 (Windows NT 10.0; Win64; x64; rv:109.0) Gecko/20100101 Firefox/111.0"
66.103.180.125 - - [06/Apr/2023:12:59:38 -0500] "GET / HTTP/1.1" 200 13875 "-" "Mozilla/5.0 (Windows NT 10.0; Win64; x64) AppleWebKit/537.36 (KHTML, like Gecko) Chrome/111.0.0.0 Safari/537.36"
47.12.62.40 - - [06/Apr/2023:13:00:00 -0500] "GET /JimMartinson/CST1611/?Assignments HTTP/1.1" 200 21422 "https://cst.ridgewater.edu/JimMartinson/CST1611/Schedule/" "Mozilla/5.0 (Windows NT 10.0; Win64; x64; rv:109.0) Gecko/20100101 Firefox/111.0"
47.12.62.40 - - [06/Apr/2023:13:00:00 -0500] "GET /js/select.js HTTP/1.1" 304 0 "https://cst.ridgewater.edu/JimMartinson/CST1611/?Assignments" "Mozilla/5.0 (Windows NT 10.0; Win64; x64; rv:109.0) Gecko/20100101 Firefox/111.0"
47.12.62.40 - - [06/Apr/2023:13:00:00 -0500] "GET /js/updateHTMLelement.js HTTP/1.1" 304 0 "https://cst.ridgewater.edu/JimMartinson/CST1611/?Assignments" "Mozilla/5.0 (Windows NT 10.0; Win64; x64; rv:109.0) Gecko/20100101 Firefox/111.0"
66.103.180.125 - - [06/Apr/2023:13:00:02 -0500] "GET /JimMartinson/ HTTP/1.1" 200 8639 "https://cst.ridgewater.edu/" "Mozilla/5.0 (Windows NT 10.0; Win64; x64) AppleWebKit/537.36 (KHTML, like Gecko) Chrome/111.0.0.0 Safari/537.36"
134.29.173.75 - - [06/Apr/2023:13:00:13 -0500] "GET /JimMartinson/CST1611/Schedule/ HTTP/1.1" 200 6991 "-" "Mozilla/5.0 (Windows NT 10.0; Win64; x64) AppleWebKit/537.36 (KHTML, like Gecko) Chrome/112.0.0.0 Safari/537.36"
134.29.173.75 - - [06/Apr/2023:13:00:15 -0500] "POST /Login/ HTTP/1.1" 200 384 "https://cst.ridgewater.edu/JimMartinson/CST1611/Schedule/" "Mozilla/5.0 (Windows NT 10.0; Win64; x64) AppleWebKit/537.36 (KHTML, like Gecko) Chrome/112.0.0.0 Safari/537.36"
134.29.173.75 - - [06/Apr/2023:13:00:17 -0500] "POST /JimMartinson/CST1611/Schedule/ HTTP/1.1" 200 39931 "https://cst.ridgewater.edu/Login/" "Mozilla/5.0 (Windows NT 10.0; Win64; x64) AppleWebKit/537.36 (KHTML, like Gecko) Chrome/112.0.0.0 Safari/537.36"
5.188.210.227 - - [06/Apr/2023:13:00:44 -0500] "GET http://5.188.210.227/echo.php HTTP/1.1" 301 185 "https://www.google.com/" "Mozilla/5.0 (Windows NT 6.1) AppleWebKit/537.36 (KHTML, like Gecko) Chrome/70.0.3538.77 Safari/537.36"
74.44.103.212 - - [06/Apr/2023:13:00:57 -0500] "GET /AllenBenusa/ HTTP/1.1" 200 4189 "-" "Mozilla/5.0 (Windows NT 10.0; Win64; x64) AppleWebKit/537.36 (KHTML, like Gecko) Chrome/111.0.0.0 Safari/537.36"
74.44.103.212 - - [06/Apr/2023:13:00:57 -0500] "GET /css/CST.css HTTP/1.1" 200 26502 "https://cst.ridgewater.edu/AllenBenusa/" "Mozilla/5.0 (Windows NT 10.0; Win64; x64) AppleWebKit/537.36 (KHTML, like Gecko) Chrome/111.0.0.0 Safari/537.36"
74.44.103.212 - - [06/Apr/2023:13:00:57 -0500] "GET /css/debug.css HTTP/1.1" 200 17 "https://cst.ridgewater.edu/AllenBenusa/" "Mozilla/5.0 (Windows NT 10.0; Win64; x64) AppleWebKit/537.36 (KHTML, like Gecko) Chrome/111.0.0.0 Safari/537.36"
74.44.103.212 - - [06/Apr/2023:13:00:57 -0500] "GET /css/tooltip.css HTTP/1.1" 200 2300 "https://cst.ridgewater.edu/AllenBenusa/" "Mozilla/5.0 (Windows NT 10.0; Win64; x64) AppleWebKit/537.36 (KHTML, like Gecko) Chrome/111.0.0.0 Safari/537.36"
74.44.103.212 - - [06/Apr/2023:13:00:57 -0500] "GET /js/CST.js HTTP/1.1" 200 12394 "https://cst.ridgewater.edu/AllenBenusa/" "Mozilla/5.0 (Windows NT 10.0; Win64; x64) AppleWebKit/537.36 (KHTML, like Gecko) Chrome/111.0.0.0 Safari/537.36"
74.44.103.212 - - [06/Apr/2023:13:00:57 -0500] "GET /js/div.js HTTP/1.1" 200 7433 "https://cst.ridgewater.edu/AllenBenusa/" "Mozilla/5.0 (Windows NT 10.0; Win64; x64) AppleWebKit/537.36 (KHTML, like Gecko) Chrome/111.0.0.0 Safari/537.36"
74.44.103.212 - - [06/Apr/2023:13:00:57 -0500] "GET /js/CollapsibleLists.js HTTP/1.1" 200 1018 "https://cst.ridgewater.edu/AllenBenusa/" "Mozilla/5.0 (Windows NT 10.0; Win64; x64) AppleWebKit/537.36 (KHTML, like Gecko) Chrome/111.0.0.0 Safari/537.36"
74.44.103.212 - - [06/Apr/2023:13:00:57 -0500] "GET /js/debug.js HTTP/1.1" 200 10968 "https://cst.ridgewater.edu/AllenBenusa/" "Mozilla/5.0 (Windows NT 10.0; Win64; x64) AppleWebKit/537.36 (KHTML, like Gecko) Chrome/111.0.0.0 Safari/537.36"
74.44.103.212 - - [06/Apr/2023:13:00:57 -0500] "GET /js/tooltip.js HTTP/1.1" 200 13962 "https://cst.ridgewater.edu/AllenBenusa/" "Mozilla/5.0 (Windows NT 10.0; Win64; x64) AppleWebKit/537.36 (KHTML, like Gecko) Chrome/111.0.0.0 Safari/537.36"
74.44.103.212 - - [06/Apr/2023:13:00:57 -0500] "GET /images/CSTlogoBlue115.gif HTTP/1.1" 200 8725 "https://cst.ridgewater.edu/AllenBenusa/" "Mozilla/5.0 (Windows NT 10.0; Win64; x64) AppleWebKit/537.36 (KHTML, like Gecko) Chrome/111.0.0.0 Safari/537.36"
74.44.103.212 - - [06/Apr/2023:13:00:57 -0500] "GET /images/CSTlogoGreen115.gif HTTP/1.1" 200 8172 "https://cst.ridgewater.edu/AllenBenusa/" "Mozilla/5.0 (Windows NT 10.0; Win64; x64) AppleWebKit/537.36 (KHTML, like Gecko) Chrome/111.0.0.0 Safari/537.36"
74.44.103.212 - - [06/Apr/2023:13:00:57 -0500] "GET /images/AllenBenusa100.jpg HTTP/1.1" 200 35169 "https://cst.ridgewater.edu/AllenBenusa/" "Mozilla/5.0 (Windows NT 10.0; Win64; x64) AppleWebKit/537.36 (KHTML, like Gecko) Chrome/111.0.0.0 Safari/537.36"
74.44.103.212 - - [06/Apr/2023:13:00:57 -0500] "GET /images/urc.png HTTP/1.1" 200 230 "https://cst.ridgewater.edu/css/CST.css" "Mozilla/5.0 (Windows NT 10.0; Win64; x64) AppleWebKit/537.36 (KHTML, like Gecko) Chrome/111.0.0.0 Safari/537.36"
152.117.114.48 - - [06/Apr/2023:13:01:37 -0500] "GET / HTTP/1.1" 200 13875 "-" "Mozilla/5.0 (Windows NT 10.0; Win64; x64; rv:109.0) Gecko/20100101 Firefox/111.0"
152.117.114.48 - - [06/Apr/2023:13:01:39 -0500] "GET /JimMartinson/ HTTP/1.1" 200 8639 "https://cst.ridgewater.edu/" "Mozilla/5.0 (Windows NT 10.0; Win64; x64; rv:109.0) Gecko/20100101 Firefox/111.0"
152.117.114.48 - - [06/Apr/2023:13:01:39 -0500] "GET /JimMartinson/20235_JimMartinson_Class_Schedule.png HTTP/1.1" 304 0 "https://cst.ridgewater.edu/JimMartinson/" "Mozilla/5.0 (Windows NT 10.0; Win64; x64; rv:109.0) Gecko/20100101 Firefox/111.0"
165.22.228.163 - - [06/Apr/2023:13:04:53 -0500] "\x0CC7E%L\xFE\xF3v\x12?\xB4\x08\xF1zQ" 400 173 "-" "-"
97.92.30.66 - - [06/Apr/2023:13:04:53 -0500] "GET /JimMartinson/CST1611/ HTTP/1.1" 200 8044 "-" "Mozilla/5.0 (Windows NT 10.0; Win64; x64; rv:109.0) Gecko/20100101 Firefox/111.0"
165.22.228.163 - - [06/Apr/2023:13:04:53 -0500] "GET /ab2g HTTP/1.1" 404 169 "-" "Mozilla/5.0 zgrab/0.x"
97.92.30.66 - - [06/Apr/2023:13:04:53 -0500] "GET /css/CST.css HTTP/1.1" 200 26502 "https://cst.ridgewater.edu/JimMartinson/CST1611/" "Mozilla/5.0 (Windows NT 10.0; Win64; x64; rv:109.0) Gecko/20100101 Firefox/111.0"
165.22.228.163 - - [06/Apr/2023:13:04:53 -0500] "GET /ab2h HTTP/1.1" 404 169 "-" "Mozilla/5.0 zgrab/0.x"
165.22.228.163 - - [06/Apr/2023:13:04:55 -0500] "GET / HTTP/1.1" 200 13875 "-" "Mozilla/5.0 (Windows NT 10.0; Win64; x64) AppleWebKit/537.36 (KHTML, like Gecko) Chrome/108.0.0.0 Safari/537.36"
165.22.228.163 - - [06/Apr/2023:13:04:55 -0500] "GET / HTTP/1.1" 400 673 "-" "Mozilla/5.0 (Windows NT 10.0; Win64; x64) AppleWebKit/537.36 (KHTML, like Gecko) Chrome/108.0.0.0 Safari/537.36"
165.22.228.163 - - [06/Apr/2023:13:04:55 -0500] "GET /private/api/v1/service/premaster HTTP/1.1" 400 673 "-" "Mozilla/5.0 (Windows NT 10.0; Win64; x64) AppleWebKit/537.36 (KHTML, like Gecko) Chrome/108.0.0.0 Safari/537.36"
165.22.228.163 - - [06/Apr/2023:13:04:55 -0500] "GET /t4 HTTP/1.1" 404 169 "-" "Mozilla/5.0"
165.22.228.163 - - [06/Apr/2023:13:04:55 -0500] "GET /favicon.ico HTTP/1.1" 200 2238 "-" "Mozilla/5.0 (Windows NT 10.0; Win64; x64) AppleWebKit/537.36 (KHTML, like Gecko) Chrome/108.0.0.0 Safari/537.36"
97.92.30.66 - - [06/Apr/2023:13:04:55 -0500] "GET /JimMartinson/CST1611/?Assignments HTTP/1.1" 200 24119 "https://cst.ridgewater.edu/JimMartinson/CST1611/" "Mozilla/5.0 (Windows NT 10.0; Win64; x64; rv:109.0) Gecko/20100101 Firefox/111.0"
97.92.30.66 - - [06/Apr/2023:13:04:55 -0500] "GET /css/debug.css HTTP/1.1" 200 17 "https://cst.ridgewater.edu/JimMartinson/CST1611/?Assignments" "Mozilla/5.0 (Windows NT 10.0; Win64; x64; rv:109.0) Gecko/20100101 Firefox/111.0"
97.92.30.66 - - [06/Apr/2023:13:04:56 -0500] "GET /favicon.ico HTTP/1.1" 200 2238 "https://cst.ridgewater.edu/JimMartinson/CST1611/?Assignments" "Mozilla/5.0 (Windows NT 10.0; Win64; x64; rv:109.0) Gecko/20100101 Firefox/111.0"
207.46.13.215 - - [06/Apr/2023:13:04:59 -0500] "GET /jimmartinson/cst1025/resources/search.html?area=default&check_keywords=yes&q=2023 HTTP/1.1" 404 571 "-" "Mozilla/5.0 AppleWebKit/537.36 (KHTML, like Gecko; compatible; bingbot/2.0; +http://www.bing.com/bingbot.htm) Chrome/103.0.5060.134 Safari/537.36"
97.92.30.66 - - [06/Apr/2023:13:04:59 -0500] "GET /JimMartinson/CST1611/Schedule/ HTTP/1.1" 200 39659 "https://cst.ridgewater.edu/JimMartinson/CST1611/?Assignments" "Mozilla/5.0 (Windows NT 10.0; Win64; x64; rv:109.0) Gecko/20100101 Firefox/111.0"
97.92.30.66 - - [06/Apr/2023:13:04:59 -0500] "GET /css/schedule.css HTTP/1.1" 200 853 "https://cst.ridgewater.edu/JimMartinson/CST1611/Schedule/" "Mozilla/5.0 (Windows NT 10.0; Win64; x64; rv:109.0) Gecko/20100101 Firefox/111.0"
97.92.30.66 - - [06/Apr/2023:13:04:59 -0500] "GET /js/CollapsibleLists.js HTTP/1.1" 200 1018 "https://cst.ridgewater.edu/JimMartinson/CST1611/Schedule/" "Mozilla/5.0 (Windows NT 10.0; Win64; x64; rv:109.0) Gecko/20100101 Firefox/111.0"
97.92.30.66 - - [06/Apr/2023:13:05:25 -0500] "GET /JimMartinson/CST1611/?Assignments HTTP/1.1" 200 24119 "https://cst.ridgewater.edu/JimMartinson/CST1611/Schedule/" "Mozilla/5.0 (Windows NT 10.0; Win64; x64; rv:109.0) Gecko/20100101 Firefox/111.0"
97.92.30.66 - - [06/Apr/2023:13:05:50 -0500] "GET /JimMartinson/CST1611/Labs/Lab12/ HTTP/1.1" 200 25396 "https://cst.ridgewater.edu/JimMartinson/CST1611/?Assignments" "Mozilla/5.0 (Windows NT 10.0; Win64; x64; rv:109.0) Gecko/20100101 Firefox/111.0"
66.103.180.125 - - [06/Apr/2023:13:07:06 -0500] "GET /JimMartinson/CST1611/ HTTP/1.1" 200 8026 "https://cst.ridgewater.edu/JimMartinson/" "Mozilla/5.0 (Windows NT 10.0; Win64; x64) AppleWebKit/537.36 (KHTML, like Gecko) Chrome/111.0.0.0 Safari/537.36"
66.103.180.125 - - [06/Apr/2023:13:07:07 -0500] "GET /JimMartinson/CST1611/?Assignments HTTP/1.1" 200 7049 "https://cst.ridgewater.edu/JimMartinson/CST1611/" "Mozilla/5.0 (Windows NT 10.0; Win64; x64) AppleWebKit/537.36 (KHTML, like Gecko) Chrome/111.0.0.0 Safari/537.36"
66.103.180.125 - - [06/Apr/2023:13:07:09 -0500] "POST /Login/ HTTP/1.1" 200 387 "https://cst.ridgewater.edu/JimMartinson/CST1611/?Assignments" "Mozilla/5.0 (Windows NT 10.0; Win64; x64) AppleWebKit/537.36 (KHTML, like Gecko) Chrome/111.0.0.0 Safari/537.36"
66.103.180.125 - - [06/Apr/2023:13:07:10 -0500] "POST /JimMartinson/CST1611/?Assignments HTTP/1.1" 200 22674 "https://cst.ridgewater.edu/Login/" "Mozilla/5.0 (Windows NT 10.0; Win64; x64) AppleWebKit/537.36 (KHTML, like Gecko) Chrome/111.0.0.0 Safari/537.36"
3.135.233.127 - - [06/Apr/2023:13:08:10 -0500] "GET / HTTP/1.1" 200 13874 "-" "Mozilla/5.0 (Windows NT 10.0; Win64; x64) AppleWebKit/537.36 (KHTML, like Gecko) Chrome/111.0.0.0 Safari/537.36"
3.135.233.127 - - [06/Apr/2023:13:08:12 -0500] "GET /JeffPolman HTTP/1.1" 301 185 "https://cst.ridgewater.edu/" "Mozilla/5.0 (Windows NT 10.0; Win64; x64) AppleWebKit/537.36 (KHTML, like Gecko) Chrome/111.0.0.0 Safari/537.36"
3.135.233.127 - - [06/Apr/2023:13:08:12 -0500] "GET /JeffPolman/ HTTP/1.1" 200 4171 "https://cst.ridgewater.edu/" "Mozilla/5.0 (Windows NT 10.0; Win64; x64) AppleWebKit/537.36 (KHTML, like Gecko) Chrome/111.0.0.0 Safari/537.36"
3.135.233.127 - - [06/Apr/2023:13:08:13 -0500] "GET /images/JeffPolman100.jpg HTTP/1.1" 200 13497 "https://cst.ridgewater.edu/JeffPolman/" "Mozilla/5.0 (Windows NT 10.0; Win64; x64) AppleWebKit/537.36 (KHTML, like Gecko) Chrome/111.0.0.0 Safari/537.36"
51.222.253.7 - - [06/Apr/2023:13:08:30 -0500] "GET /JimMartinson/CST1146/Resources/Examples/Week/16/vendor/guzzlehttp/promises/src/ HTTP/1.1" 200 2501 "-" "Mozilla/5.0 (compatible; AhrefsBot/7.0; +http://ahrefs.com/robot/)"
222.122.190.67 - - [06/Apr/2023:13:09:14 -0500] "GET / HTTP/1.1" 301 185 "-" "Mozilla/5.0 (Windows NT 10.0; ZumBot/1.0; Win64; x64) AppleWebKit/537.36 (KHTML, like Gecko) Chrome/79.0.3945.130 Safari/537.36"
222.122.190.67 - - [06/Apr/2023:13:09:15 -0500] "GET / HTTP/1.1" 200 13875 "-" "Mozilla/5.0 (Windows NT 10.0; ZumBot/1.0; Win64; x64) AppleWebKit/537.36 (KHTML, like Gecko) Chrome/79.0.3945.130 Safari/537.36"
222.122.190.67 - - [06/Apr/2023:13:09:15 -0500] "GET / HTTP/1.1" 301 185 "-" "Mozilla/5.0 (Windows NT 10.0; ZumBot/1.0; Win64; x64) AppleWebKit/537.36 (KHTML, like Gecko) Chrome/79.0.3945.130 Safari/537.36"
222.122.190.67 - - [06/Apr/2023:13:09:17 -0500] "GET / HTTP/1.1" 200 13875 "-" "Mozilla/5.0 (Windows NT 10.0; ZumBot/1.0; Win64; x64) AppleWebKit/537.36 (KHTML, like Gecko) Chrome/79.0.3945.130 Safari/537.36"
222.122.190.67 - - [06/Apr/2023:13:09:17 -0500] "GET /robots.txt HTTP/1.1" 301 185 "-" "Mozilla/5.0 (compatible; Windows NT 6.1?; ZumBot/1.0; http://help.zum.com/inquiry)"
222.122.190.67 - - [06/Apr/2023:13:09:18 -0500] "GET /robots.txt HTTP/1.1" 301 185 "-" "Mozilla/5.0 (compatible; Windows NT 6.1?; ZumBot/1.0; http://help.zum.com/inquiry)"
52.167.144.79 - - [06/Apr/2023:13:11:25 -0500] "GET /jimmartinson/cst2146/resources/nginx.conf HTTP/1.1" 200 2652 "-" "Mozilla/5.0 AppleWebKit/537.36 (KHTML, like Gecko; compatible; bingbot/2.0; +http://www.bing.com/bingbot.htm) Chrome/103.0.5060.134 Safari/537.36"
172.104.11.51 - - [06/Apr/2023:13:11:36 -0500] "GET / HTTP/1.1" 200 13874 "-" "Mozilla/5.0 (Macintosh; Intel Mac OS X 13_1) AppleWebKit/537.36 (KHTML, like Gecko) Chrome/108.0.0.0 Safari/537.36"
47.225.249.182 - - [06/Apr/2023:13:21:48 -0500] "GET /login/ HTTP/1.1" 200 6987 "https://cst.ridgewater.edu/JimMartinson/" "Mozilla/5.0 (Windows NT 10.0; Win64; x64; rv:109.0) Gecko/20100101 Firefox/111.0"
47.225.249.182 - - [06/Apr/2023:13:21:49 -0500] "POST /Login/ HTTP/1.1" 200 393 "https://cst.ridgewater.edu/login/" "Mozilla/5.0 (Windows NT 10.0; Win64; x64; rv:109.0) Gecko/20100101 Firefox/111.0"
47.225.249.182 - - [06/Apr/2023:13:21:50 -0500] "POST /JimMartinson/ HTTP/1.1" 200 8667 "https://cst.ridgewater.edu/Login/" "Mozilla/5.0 (Windows NT 10.0; Win64; x64; rv:109.0) Gecko/20100101 Firefox/111.0"
47.225.249.182 - - [06/Apr/2023:13:21:52 -0500] "GET /JimMartinson/CST1021/ HTTP/1.1" 200 8025 "https://cst.ridgewater.edu/JimMartinson/" "Mozilla/5.0 (Windows NT 10.0; Win64; x64; rv:109.0) Gecko/20100101 Firefox/111.0"
47.225.249.182 - - [06/Apr/2023:13:21:54 -0500] "GET /JimMartinson/CST1021/?Assignments HTTP/1.1" 200 28965 "https://cst.ridgewater.edu/JimMartinson/CST1021/" "Mozilla/5.0 (Windows NT 10.0; Win64; x64; rv:109.0) Gecko/20100101 Firefox/111.0"
47.225.249.182 - - [06/Apr/2023:13:21:58 -0500] "GET /JimMartinson/CST1021/Labs/Lab07/ HTTP/1.1" 200 36744 "https://cst.ridgewater.edu/JimMartinson/CST1021/?Assignments" "Mozilla/5.0 (Windows NT 10.0; Win64; x64; rv:109.0) Gecko/20100101 Firefox/111.0"
47.225.249.182 - - [06/Apr/2023:13:21:58 -0500] "GET /css/colorCode.css HTTP/1.1" 200 2413 "https://cst.ridgewater.edu/JimMartinson/CST1021/Labs/Lab07/" "Mozilla/5.0 (Windows NT 10.0; Win64; x64; rv:109.0) Gecko/20100101 Firefox/111.0"
47.12.19.6 - - [06/Apr/2023:13:27:34 -0500] "GET /JimMartinson/CST1600/?Assignments HTTP/1.1" 200 25519 "https://cst.ridgewater.edu/JimMartinson/CST1600/Labs/Lab06/" "Mozilla/5.0 (Windows NT 10.0; Win64; x64; rv:109.0) Gecko/20100101 Firefox/111.0"
47.12.19.6 - - [06/Apr/2023:13:27:36 -0500] "GET /JimMartinson/CST1600/Labs/Lab07/ HTTP/1.1" 200 44297 "https://cst.ridgewater.edu/JimMartinson/CST1600/?Assignments" "Mozilla/5.0 (Windows NT 10.0; Win64; x64; rv:109.0) Gecko/20100101 Firefox/111.0"
54.235.230.236 - - [06/Apr/2023:13:29:41 -0500] "\x16\x03\x01\x00\xEA\x01\x00\x00\xE6\x03\x03~\x17\xD4\xEE\x81\xBE\x5C\xDF\xAC-\xC3\xDF0\xDA\x17\x0B.\xF9\x11\xFCq\x97\xFB\xE6\x8A\xA3\xFEU\xC8\x84\xAE\x81 \x1F?\x93f)e\x14\xF2\x09\xACv\xE6\xE7~\x14}.\xF3\xFBc\x5C`" 400 173 "-" "-"
54.235.230.236 - - [06/Apr/2023:13:29:41 -0500] "GET / HTTP/1.1" 301 185 "-" "Mozilla/5.0 (Windows NT 10.0; Win64; x64) AppleWebKit/537.36 (KHTML, like Gecko) Chrome/110.0.0.0 Safari/537.36"
54.235.230.236 - - [06/Apr/2023:13:29:41 -0500] "GET /robots.txt HTTP/1.1" 301 185 "-" "Mozilla/5.0 (Windows NT 10.0; Win64; x64) AppleWebKit/537.36 (KHTML, like Gecko) Chrome/110.0.0.0 Safari/537.36"
54.235.230.236 - - [06/Apr/2023:13:29:41 -0500] "GET /robots.txt HTTP/1.1" 301 185 "-" "Mozilla/5.0 (Windows NT 10.0; Win64; x64) AppleWebKit/537.36 (KHTML, like Gecko) Chrome/110.0.0.0 Safari/537.36"
54.235.230.236 - - [06/Apr/2023:13:29:41 -0500] "GET /aaaaaaaaaaaaaaaaaaaaaaaaaqr HTTP/1.1" 301 185 "-" "Mozilla/5.0 (Windows NT 10.0; Win64; x64) AppleWebKit/537.36 (KHTML, like Gecko) Chrome/110.0.0.0 Safari/537.36"
54.235.230.236 - - [06/Apr/2023:13:29:41 -0500] "GET /99vt HTTP/1.1" 301 185 "-" "Mozilla/5.0 (Windows NT 10.0; Win64; x64) AppleWebKit/537.36 (KHTML, like Gecko) Chrome/110.0.0.0 Safari/537.36"
54.235.230.236 - - [06/Apr/2023:13:29:41 -0500] "GET /gate.php HTTP/1.1" 301 185 "-" "Mozilla/5.0 (Windows NT 10.0; Win64; x64) AppleWebKit/537.36 (KHTML, like Gecko) Chrome/110.0.0.0 Safari/537.36"
66.249.70.114 - - [06/Apr/2023:13:31:37 -0500] "GET /vmware/downloads/CSTVMWareDocumentation.pdf HTTP/1.1" 301 185 "-" "Mozilla/5.0 (Linux; Android 6.0.1; Nexus 5X Build/MMB29P) AppleWebKit/537.36 (KHTML, like Gecko) Chrome/111.0.5563.146 Mobile Safari/537.36 (compatible; Googlebot/2.1; +http://www.google.com/bot.html)"
66.249.70.116 - - [06/Apr/2023:13:31:38 -0500] "GET /vmware/downloads/CSTVMWareDocumentation.pdf HTTP/1.1" 200 1919922 "-" "Mozilla/5.0 (Linux; Android 6.0.1; Nexus 5X Build/MMB29P) AppleWebKit/537.36 (KHTML, like Gecko) Chrome/111.0.5563.146 Mobile Safari/537.36 (compatible; Googlebot/2.1; +http://www.google.com/bot.html)"
134.29.173.75 - - [06/Apr/2023:13:36:30 -0500] "GET /JimMartinson/CST1611/Schedule/ HTTP/1.1" 200 6991 "-" "Mozilla/5.0 (Windows NT 10.0; Win64; x64; rv:109.0) Gecko/20100101 Firefox/111.0"
134.29.173.75 - - [06/Apr/2023:13:36:31 -0500] "GET /css/CST.css HTTP/1.1" 200 26502 "https://cst.ridgewater.edu/JimMartinson/CST1611/Schedule/" "Mozilla/5.0 (Windows NT 10.0; Win64; x64; rv:109.0) Gecko/20100101 Firefox/111.0"
134.29.173.75 - - [06/Apr/2023:13:36:31 -0500] "GET /js/tooltip.js HTTP/1.1" 200 13962 "https://cst.ridgewater.edu/JimMartinson/CST1611/Schedule/" "Mozilla/5.0 (Windows NT 10.0; Win64; x64; rv:109.0) Gecko/20100101 Firefox/111.0"
134.29.173.75 - - [06/Apr/2023:13:36:48 -0500] "GET /JimMartinson/ HTTP/1.1" 200 8638 "-" "Mozilla/5.0 (Windows NT 10.0; Win64; x64) AppleWebKit/537.36 (KHTML, like Gecko) Chrome/111.0.0.0 Safari/537.36 Edg/111.0.1661.62"
134.29.173.75 - - [06/Apr/2023:13:36:48 -0500] "GET /css/CST.css HTTP/1.1" 304 0 "https://cst.ridgewater.edu/JimMartinson/" "Mozilla/5.0 (Windows NT 10.0; Win64; x64) AppleWebKit/537.36 (KHTML, like Gecko) Chrome/111.0.0.0 Safari/537.36 Edg/111.0.1661.62"
134.29.173.75 - - [06/Apr/2023:13:36:48 -0500] "GET /css/tooltip.css HTTP/1.1" 304 0 "https://cst.ridgewater.edu/JimMartinson/" "Mozilla/5.0 (Windows NT 10.0; Win64; x64) AppleWebKit/537.36 (KHTML, like Gecko) Chrome/111.0.0.0 Safari/537.36 Edg/111.0.1661.62"
134.29.173.75 - - [06/Apr/2023:13:36:48 -0500] "GET /js/CST.js HTTP/1.1" 304 0 "https://cst.ridgewater.edu/JimMartinson/" "Mozilla/5.0 (Windows NT 10.0; Win64; x64) AppleWebKit/537.36 (KHTML, like Gecko) Chrome/111.0.0.0 Safari/537.36 Edg/111.0.1661.62"
134.29.173.75 - - [06/Apr/2023:13:36:48 -0500] "GET /js/debug.js HTTP/1.1" 304 0 "https://cst.ridgewater.edu/JimMartinson/" "Mozilla/5.0 (Windows NT 10.0; Win64; x64) AppleWebKit/537.36 (KHTML, like Gecko) Chrome/111.0.0.0 Safari/537.36 Edg/111.0.1661.62"
134.29.173.75 - - [06/Apr/2023:13:36:48 -0500] "GET /js/tooltip.js HTTP/1.1" 200 13962 "https://cst.ridgewater.edu/JimMartinson/" "Mozilla/5.0 (Windows NT 10.0; Win64; x64) AppleWebKit/537.36 (KHTML, like Gecko) Chrome/111.0.0.0 Safari/537.36 Edg/111.0.1661.62"
134.29.173.75 - - [06/Apr/2023:13:36:48 -0500] "GET /JimMartinson/20235_JimMartinson_Class_Schedule.png HTTP/1.1" 304 0 "https://cst.ridgewater.edu/JimMartinson/" "Mozilla/5.0 (Windows NT 10.0; Win64; x64) AppleWebKit/537.36 (KHTML, like Gecko) Chrome/111.0.0.0 Safari/537.36 Edg/111.0.1661.62"
51.222.253.4 - - [06/Apr/2023:13:37:06 -0500] "GET /JimMartinson/CST1146/Resources/Examples/Week/16/vendor/symfony/http-foundation/Session/Storage/Handler/SessionHandlerFactory.php HTTP/1.1" 200 279 "-" "Mozilla/5.0 (compatible; AhrefsBot/7.0; +http://ahrefs.com/robot/)"
51.222.253.13 - - [06/Apr/2023:13:38:56 -0500] "GET /JimMartinson/CST1146/Resources/Examples/Week/16/vendor/symfony/http-foundation/Session/Storage/Handler/StrictSessionHandler.php HTTP/1.1" 200 314 "-" "Mozilla/5.0 (compatible; AhrefsBot/7.0; +http://ahrefs.com/robot/)"
66.249.66.67 - - [06/Apr/2023:13:40:05 -0500] "GET /robots.txt HTTP/1.1" 404 169 "-" "Mozilla/5.0 (compatible; Googlebot/2.1; +http://www.google.com/bot.html)"
51.222.253.14 - - [06/Apr/2023:13:40:22 -0500] "GET /JimMartinson/CST1146/Resources/Examples/Week/16/vendor/masterminds/html5/src/HTML5/Parser/CharacterReference.php HTTP/1.1" 200 5 "-" "Mozilla/5.0 (compatible; AhrefsBot/7.0; +http://ahrefs.com/robot/)"
51.222.253.13 - - [06/Apr/2023:13:42:02 -0500] "GET /JimMartinson/CST1146/Resources/Examples/Week/16/vendor/symfony/http-foundation/Session/Storage/Handler/AbstractSessionHandler.php HTTP/1.1" 200 315 "-" "Mozilla/5.0 (compatible; AhrefsBot/7.0; +http://ahrefs.com/robot/)"
51.222.253.5 - - [06/Apr/2023:13:46:07 -0500] "GET /JimMartinson/CST1600/Resources/Examples/ HTTP/1.1" 200 620 "-" "Mozilla/5.0 (compatible; AhrefsBot/7.0; +http://ahrefs.com/robot/)"
134.29.173.75 - - [06/Apr/2023:13:48:54 -0500] "GET / HTTP/1.1" 200 13992 "https://cst.ridgewater.edu/JimMartinson/CST1611/Schedule/" "Mozilla/5.0 (Windows NT 10.0; Win64; x64) AppleWebKit/537.36 (KHTML, like Gecko) Chrome/112.0.0.0 Safari/537.36"
97.92.30.66 - - [06/Apr/2023:13:51:49 -0500] "GET /mywebdav HTTP/1.1" 404 169 "-" "Mozilla/5.0 (Windows NT 10.0; Win64; x64; rv:109.0) Gecko/20100101 Firefox/111.0"
134.122.135.54 - - [06/Apr/2023:13:52:02 -0500] "GET /tvplay/181442.html HTTP/1.1" 301 185 "/tvplay/181442.html" "Mozilla/5.0 (iPhone; CPU iPhone OS 13_2_3 like Mac OS X) AppleWebKit/605.1.15 (KHTML, like Gecko) Version/13.0.3 Mobile/15E148 Safari/604.1"
51.222.253.16 - - [06/Apr/2023:13:52:06 -0500] "GET /JimMartinson/CST1146/Resources/Examples/Week/16/vendor/masterminds/html5/src/HTML5/Parser/DOMTreeBuilder.php HTTP/1.1" 200 256 "-" "Mozilla/5.0 (compatible; AhrefsBot/7.0; +http://ahrefs.com/robot/)"
97.92.30.66 - - [06/Apr/2023:13:52:07 -0500] "GET /JimMartinson/mywebdav HTTP/1.1" 404 169 "-" "Mozilla/5.0 (Windows NT 10.0; Win64; x64; rv:109.0) Gecko/20100101 Firefox/111.0"
109.237.97.180 - - [06/Apr/2023:13:52:18 -0500] "GET /.env HTTP/1.1" 400 673 "-" "Mozilla/5.0 (X11; Linux x86_64) AppleWebKit/537.36 (KHTML, like Gecko) Chrome/81.0.4044.129 Safari/537.36"
109.237.97.180 - - [06/Apr/2023:13:52:18 -0500] "GET /.env HTTP/1.1" 404 571 "-" "Mozilla/5.0 (X11; Linux x86_64) AppleWebKit/537.36 (KHTML, like Gecko) Chrome/81.0.4044.129 Safari/537.36"
207.46.13.215 - - [06/Apr/2023:13:52:24 -0500] "GET /Tools/AJAX_HTML/ HTTP/1.1" 301 185 "-" "Mozilla/5.0 AppleWebKit/537.36 (KHTML, like Gecko; compatible; bingbot/2.0; +http://www.bing.com/bingbot.htm) Chrome/103.0.5060.134 Safari/537.36"
198.199.94.50 - - [06/Apr/2023:13:53:28 -0500] "MGLNDD_134.29.175.74_80" 400 173 "-" "-"
198.199.103.135 - - [06/Apr/2023:13:53:48 -0500] "GET /actuator/health HTTP/1.1" 404 169 "-" "Mozilla/5.0 zgrab/0.x"
52.167.144.96 - - [06/Apr/2023:13:57:26 -0500] "GET /JimMartinson/CST1146/Resources/Examples/Week/16/simplehtmldom/simple_html_dom.php HTTP/1.1" 200 5 "-" "Mozilla/5.0 AppleWebKit/537.36 (KHTML, like Gecko; compatible; bingbot/2.0; +http://www.bing.com/bingbot.htm) Chrome/103.0.5060.134 Safari/537.36"
52.167.144.96 - - [06/Apr/2023:14:02:17 -0500] "GET / HTTP/1.1" 301 185 "-" "Mozilla/5.0 AppleWebKit/537.36 (KHTML, like Gecko; compatible; bingbot/2.0; +http://www.bing.com/bingbot.htm) Chrome/103.0.5060.134 Safari/537.36"
17.241.227.170 - - [06/Apr/2023:14:07:38 -0500] "GET /robots.txt HTTP/1.1" 404 169 "-" "Mozilla/5.0 (Macintosh; Intel Mac OS X 10_15_5) AppleWebKit/605.1.15 (KHTML, like Gecko) Version/13.1.1 Safari/605.1.15 (Applebot/0.1; +http://www.apple.com/go/applebot)"
17.241.227.170 - - [06/Apr/2023:14:07:39 -0500] "GET /vmware/ HTTP/1.1" 200 6373 "-" "Mozilla/5.0 (Macintosh; Intel Mac OS X 10_15_5) AppleWebKit/605.1.15 (KHTML, like Gecko) Version/13.1.1 Safari/605.1.15 (Applebot/0.1; +http://www.apple.com/go/applebot)"
66.103.180.125 - - [06/Apr/2023:14:09:48 -0500] "GET /JimMartinson/CST1611/Labs/Lab09/ HTTP/1.1" 200 25277 "https://cst.ridgewater.edu/JimMartinson/CST1611/?Assignments" "Mozilla/5.0 (Windows NT 10.0; Win64; x64) AppleWebKit/537.36 (KHTML, like Gecko) Chrome/111.0.0.0 Safari/537.36"
40.77.167.170 - - [06/Apr/2023:14:10:38 -0500] "GET / HTTP/1.1" 200 13874 "-" "Mozilla/5.0 AppleWebKit/537.36 (KHTML, like Gecko; compatible; bingbot/2.0; +http://www.bing.com/bingbot.htm) Chrome/103.0.5060.134 Safari/537.36"
134.29.173.75 - - [06/Apr/2023:14:12:48 -0500] "GET /JimMartinson/CST1611/Labs/Lab09 HTTP/1.1" 301 185 "https://cst.ridgewater.edu/JimMartinson/CST1611/Schedule/" "Mozilla/5.0 (Windows NT 10.0; Win64; x64) AppleWebKit/537.36 (KHTML, like Gecko) Chrome/112.0.0.0 Safari/537.36"
134.29.173.75 - - [06/Apr/2023:14:12:49 -0500] "GET /JimMartinson/CST1611/Labs/Lab09/ HTTP/1.1" 200 25567 "https://cst.ridgewater.edu/JimMartinson/CST1611/Schedule/" "Mozilla/5.0 (Windows NT 10.0; Win64; x64) AppleWebKit/537.36 (KHTML, like Gecko) Chrome/112.0.0.0 Safari/537.36"
