173.224.174.171 - - [06/Apr/2023:21:12:37 -0500] "GET /common/Browser/b.png HTTP/1.1" 200 947 "https://cst.ridgewater.edu/JimMartinson/CST1611/Labs/LabHostSetup/?evaluationName=Lab09&ha=127.0.0.9&ht=Lab09.test&vh=Lab09.test&dr=Lab09&au=true" "Mozilla/5.0 (Windows NT 10.0; Win64; x64) AppleWebKit/537.36 (KHTML, like Gecko) Chrome/111.0.0.0 Safari/537.36"
173.224.174.171 - - [06/Apr/2023:21:12:37 -0500] "GET /common/Browser/br.png HTTP/1.1" 200 1022 "https://cst.ridgewater.edu/JimMartinson/CST1611/Labs/LabHostSetup/?evaluationName=Lab09&ha=127.0.0.9&ht=Lab09.test&vh=Lab09.test&dr=Lab09&au=true" "Mozilla/5.0 (Windows NT 10.0; Win64; x64) AppleWebKit/537.36 (KHTML, like Gecko) Chrome/111.0.0.0 Safari/537.36"
173.224.174.171 - - [06/Apr/2023:21:12:39 -0500] "GET /JimMartinson/CST1611/Labs/Lab09/ HTTP/1.1" 200 25455 "https://cst.ridgewater.edu/JimMartinson/CST1611/Schedule/" "Mozilla/5.0 (Windows NT 10.0; Win64; x64) AppleWebKit/537.36 (KHTML, like Gecko) Chrome/111.0.0.0 Safari/537.36"
173.224.174.171 - - [06/Apr/2023:21:12:40 -0500] "GET /JimMartinson/CST1611/Labs/LabHostSetup/?evaluationName=Lab09&ha=127.0.0.9&ht=Lab09.test&vh=Lab09.test&dr=Lab09&au=true HTTP/1.1" 200 11598 "https://cst.ridgewater.edu/JimMartinson/CST1611/Labs/Lab09/" "Mozilla/5.0 (Windows NT 10.0; Win64; x64) AppleWebKit/537.36 (KHTML, like Gecko) Chrome/111.0.0.0 Safari/537.36"
179.43.177.242 - - [06/Apr/2023:21:12:52 -0500] "GET / HTTP/1.1" 301 185 "-" "Hello World"
47.225.249.182 - - [06/Apr/2023:21:15:24 -0500] "GET / HTTP/1.1" 200 13875 "-" "Mozilla/5.0 (Windows NT 10.0; Win64; x64; rv:109.0) Gecko/20100101 Firefox/111.0"
138.199.21.232 - - [06/Apr/2023:21:16:25 -0500] "T\x83\xF8\xCCu\x18\xA8\xABw*w\xF5j\x91\xE4[" 400 173 "-" "-"
138.199.21.232 - - [06/Apr/2023:21:17:33 -0500] "GET /a.txt HTTP/1.0" 404 169 "-" "360 Safe Browser 2.0"
138.199.21.232 - - [06/Apr/2023:21:17:45 -0500] "T\xCE\x8EX\x973\x98\xFB\xA1\xA8\xA3\xCCwC\xC1\xDB\xAE\xDB1\x87\x80k\xD5\xF3Qv\x14\x1D\xDAB#p\xB2\x92\x86\x81\xE5\xB6b\xD33\xD5" 400 173 "-" "-"
138.199.21.232 - - [06/Apr/2023:21:18:28 -0500] "GET /a.txt HTTP/1.0" 400 271 "-" "360 Safe Browser 2.0"
193.32.162.159 - - [06/Apr/2023:21:20:14 -0500] "GET / HTTP/1.1" 301 185 "-" "Mozilla/5.0 (Windows NT 10.0; Win64; x64) AppleWebKit/537.36 (KHTML, like Gecko) Chrome/90.0.4430.85 Safari/537.36 Edg/90.0.818.46"
216.244.66.230 - - [06/Apr/2023:21:20:32 -0500] "GET /JimMartinson/CST1611/Resources/Week/04/redirect.txt HTTP/1.1" 200 12 "-" "Mozilla/5.0 (compatible; DotBot/1.2; +https://opensiteexplorer.org/dotbot; help@moz.com)"
114.119.138.154 - - [06/Apr/2023:21:20:45 -0500] "GET /JimMartinson/CST1861/Resources/eBooks/PowerShell_2_One_Cmdlet_at_a_Time.pdf HTTP/1.1" 200 4832318 "https://www.cst.ridgewater.edu/JimMartinson/CST1861/Resources/eBooks/" "Mozilla/5.0 (Linux; Android 7.0;) AppleWebKit/537.36 (KHTML, like Gecko) Mobile Safari/537.36 (compatible; PetalBot;+https://webmaster.petalsearch.com/site/petalbot)"
216.244.66.230 - - [06/Apr/2023:21:21:24 -0500] "GET /JimMartinson/CST2608/?Assignments HTTP/1.1" 200 7049 "-" "Mozilla/5.0 (compatible; DotBot/1.2; +https://opensiteexplorer.org/dotbot; help@moz.com)"
194.55.224.203 - - [06/Apr/2023:21:31:12 -0500] "GET / HTTP/1.1" 301 185 "-" "Linux Gnu (cow)"
66.249.70.114 - - [06/Apr/2023:21:35:22 -0500] "GET /JimMartinson/CST1021/Resources/Week/14/index.php?file=Lab12.html HTTP/1.1" 404 36 "-" "Mozilla/5.0 (Linux; Android 6.0.1; Nexus 5X Build/MMB29P) AppleWebKit/537.36 (KHTML, like Gecko) Chrome/111.0.5563.146 Mobile Safari/537.36 (compatible; Googlebot/2.1; +http://www.google.com/bot.html)"
134.29.173.75 - - [06/Apr/2023:21:36:21 -0500] "GET /JimMartinson/CST2146/Labs/Lab01/ HTTP/1.1" 200 63459 "https://cst.ridgewater.edu/JimMartinson/CST2146/?Assignments" "Mozilla/5.0 (Windows NT 10.0; Win64; x64) AppleWebKit/537.36 (KHTML, like Gecko) Chrome/111.0.0.0 Safari/537.36"
134.29.173.75 - - [06/Apr/2023:21:37:41 -0500] "GET /JimMartinson/CST2146/Labs/Lab01/ HTTP/1.1" 200 63564 "https://cst.ridgewater.edu/JimMartinson/CST2146/?Assignments" "Mozilla/5.0 (Windows NT 10.0; Win64; x64) AppleWebKit/537.36 (KHTML, like Gecko) Chrome/111.0.0.0 Safari/537.36"
134.29.173.75 - - [06/Apr/2023:21:37:58 -0500] "GET /JimMartinson/CST2146/Resources/2015-2022_VC_redist.x64.exe HTTP/1.1" 200 10108666 "https://cst.ridgewater.edu/JimMartinson/CST2146/Labs/Lab01/" "Mozilla/5.0 (Windows NT 10.0; Win64; x64) AppleWebKit/537.36 (KHTML, like Gecko) Chrome/111.0.0.0 Safari/537.36"
51.222.253.5 - - [06/Apr/2023:21:41:35 -0500] "GET /JimMartinson/CST1146/Resources/Examples/Week/16/vendor/symfony/polyfill-php80/Resources/ HTTP/1.1" 200 450 "-" "Mozilla/5.0 (compatible; AhrefsBot/7.0; +http://ahrefs.com/robot/)"
66.249.70.114 - - [06/Apr/2023:21:42:22 -0500] "GET /robots.txt HTTP/1.1" 301 185 "-" "Mozilla/5.0 (compatible; Googlebot/2.1; +http://www.google.com/bot.html)"
66.249.70.116 - - [06/Apr/2023:21:42:22 -0500] "GET /robots.txt HTTP/1.1" 404 169 "-" "Mozilla/5.0 (compatible; Googlebot/2.1; +http://www.google.com/bot.html)"
66.249.70.114 - - [06/Apr/2023:21:42:23 -0500] "GET /index.php?984 HTTP/1.1" 301 185 "-" "Mozilla/5.0 (Linux; Android 6.0.1; Nexus 5X Build/MMB29P) AppleWebKit/537.36 (KHTML, like Gecko) Chrome/111.0.5563.146 Mobile Safari/537.36 (compatible; Googlebot/2.1; +http://www.google.com/bot.html)"
66.249.70.116 - - [06/Apr/2023:21:42:24 -0500] "GET /index.php?984 HTTP/1.1" 200 13874 "-" "Mozilla/5.0 (Linux; Android 6.0.1; Nexus 5X Build/MMB29P) AppleWebKit/537.36 (KHTML, like Gecko) Chrome/111.0.5563.146 Mobile Safari/537.36 (compatible; Googlebot/2.1; +http://www.google.com/bot.html)"
134.29.173.75 - - [06/Apr/2023:21:47:37 -0500] "GET /JimMartinson/CST2146/Labs/Lab01/ HTTP/1.1" 200 63630 "https://cst.ridgewater.edu/JimMartinson/CST2146/?Assignments" "Mozilla/5.0 (Windows NT 10.0; Win64; x64) AppleWebKit/537.36 (KHTML, like Gecko) Chrome/111.0.0.0 Safari/537.36"
134.29.173.75 - - [06/Apr/2023:21:47:59 -0500] "GET /JimMartinson/CST2146/Labs/Lab01/ HTTP/1.1" 200 63657 "https://cst.ridgewater.edu/JimMartinson/CST2146/?Assignments" "Mozilla/5.0 (Windows NT 10.0; Win64; x64) AppleWebKit/537.36 (KHTML, like Gecko) Chrome/111.0.0.0 Safari/537.36"
78.128.113.38 - - [06/Apr/2023:21:56:50 -0500] "GET / HTTP/1.1" 200 13874 "-" "Mozilla/5.0 (Windows NT 6.3; Win64; x64) AppleWebKit/537.36 (KHTML, like Gecko) Chrome/37.0.2049.0 Safari/537.36"
134.29.173.75 - - [06/Apr/2023:21:57:22 -0500] "GET /JimMartinson/CST2146/Labs/Lab01/ HTTP/1.1" 200 40350 "https://cst.ridgewater.edu/JimMartinson/CST2146/?Assignments" "Mozilla/5.0 (Windows NT 10.0; Win64; x64) AppleWebKit/537.36 (KHTML, like Gecko) Chrome/111.0.0.0 Safari/537.36"
134.29.173.75 - - [06/Apr/2023:21:57:22 -0500] "GET /css/CST.css HTTP/1.1" 200 26502 "https://cst.ridgewater.edu/JimMartinson/CST2146/Labs/Lab01/" "Mozilla/5.0 (Windows NT 10.0; Win64; x64) AppleWebKit/537.36 (KHTML, like Gecko) Chrome/111.0.0.0 Safari/537.36"
134.29.173.75 - - [06/Apr/2023:21:57:22 -0500] "GET /css/debug.css HTTP/1.1" 200 17 "https://cst.ridgewater.edu/JimMartinson/CST2146/Labs/Lab01/" "Mozilla/5.0 (Windows NT 10.0; Win64; x64) AppleWebKit/537.36 (KHTML, like Gecko) Chrome/111.0.0.0 Safari/537.36"
134.29.173.75 - - [06/Apr/2023:21:57:22 -0500] "GET /css/tooltip.css HTTP/1.1" 200 2300 "https://cst.ridgewater.edu/JimMartinson/CST2146/Labs/Lab01/" "Mozilla/5.0 (Windows NT 10.0; Win64; x64) AppleWebKit/537.36 (KHTML, like Gecko) Chrome/111.0.0.0 Safari/537.36"
134.29.173.75 - - [06/Apr/2023:21:57:22 -0500] "GET /css/colorCode.css HTTP/1.1" 200 2413 "https://cst.ridgewater.edu/JimMartinson/CST2146/Labs/Lab01/" "Mozilla/5.0 (Windows NT 10.0; Win64; x64) AppleWebKit/537.36 (KHTML, like Gecko) Chrome/111.0.0.0 Safari/537.36"
134.29.173.75 - - [06/Apr/2023:21:57:22 -0500] "GET /js/CST.js HTTP/1.1" 200 12394 "https://cst.ridgewater.edu/JimMartinson/CST2146/Labs/Lab01/" "Mozilla/5.0 (Windows NT 10.0; Win64; x64) AppleWebKit/537.36 (KHTML, like Gecko) Chrome/111.0.0.0 Safari/537.36"
134.29.173.75 - - [06/Apr/2023:21:57:22 -0500] "GET /js/div.js HTTP/1.1" 200 7433 "https://cst.ridgewater.edu/JimMartinson/CST2146/Labs/Lab01/" "Mozilla/5.0 (Windows NT 10.0; Win64; x64) AppleWebKit/537.36 (KHTML, like Gecko) Chrome/111.0.0.0 Safari/537.36"
134.29.173.75 - - [06/Apr/2023:21:57:22 -0500] "GET /js/CollapsibleLists.js HTTP/1.1" 200 1018 "https://cst.ridgewater.edu/JimMartinson/CST2146/Labs/Lab01/" "Mozilla/5.0 (Windows NT 10.0; Win64; x64) AppleWebKit/537.36 (KHTML, like Gecko) Chrome/111.0.0.0 Safari/537.36"
134.29.173.75 - - [06/Apr/2023:21:57:22 -0500] "GET /js/tooltip.js HTTP/1.1" 200 13962 "https://cst.ridgewater.edu/JimMartinson/CST2146/Labs/Lab01/" "Mozilla/5.0 (Windows NT 10.0; Win64; x64) AppleWebKit/537.36 (KHTML, like Gecko) Chrome/111.0.0.0 Safari/537.36"
134.29.173.75 - - [06/Apr/2023:21:57:22 -0500] "GET /js/debug.js HTTP/1.1" 200 10968 "https://cst.ridgewater.edu/JimMartinson/CST2146/Labs/Lab01/" "Mozilla/5.0 (Windows NT 10.0; Win64; x64) AppleWebKit/537.36 (KHTML, like Gecko) Chrome/111.0.0.0 Safari/537.36"
134.29.173.75 - - [06/Apr/2023:21:57:22 -0500] "GET /JimMartinson/CST2146/Labs/Lab01/Lab01.js HTTP/1.1" 200 690 "https://cst.ridgewater.edu/JimMartinson/CST2146/Labs/Lab01/" "Mozilla/5.0 (Windows NT 10.0; Win64; x64) AppleWebKit/537.36 (KHTML, like Gecko) Chrome/111.0.0.0 Safari/537.36"
134.29.173.75 - - [06/Apr/2023:21:57:22 -0500] "GET /images/CSTlogoBlue115.gif HTTP/1.1" 200 8725 "https://cst.ridgewater.edu/JimMartinson/CST2146/Labs/Lab01/" "Mozilla/5.0 (Windows NT 10.0; Win64; x64) AppleWebKit/537.36 (KHTML, like Gecko) Chrome/111.0.0.0 Safari/537.36"
134.29.173.75 - - [06/Apr/2023:21:57:22 -0500] "GET /images/CSTlogoGreen115.gif HTTP/1.1" 200 8172 "https://cst.ridgewater.edu/JimMartinson/CST2146/Labs/Lab01/" "Mozilla/5.0 (Windows NT 10.0; Win64; x64) AppleWebKit/537.36 (KHTML, like Gecko) Chrome/111.0.0.0 Safari/537.36"
134.29.173.75 - - [06/Apr/2023:21:57:22 -0500] "GET /images/urc.png HTTP/1.1" 200 230 "https://cst.ridgewater.edu/css/CST.css" "Mozilla/5.0 (Windows NT 10.0; Win64; x64) AppleWebKit/537.36 (KHTML, like Gecko) Chrome/111.0.0.0 Safari/537.36"
134.29.173.75 - - [06/Apr/2023:21:57:22 -0500] "GET /JimMartinson/CST2146/Labs/Lab01/images/MySQLInstall.png HTTP/1.1" 200 202923 "https://cst.ridgewater.edu/JimMartinson/CST2146/Labs/Lab01/" "Mozilla/5.0 (Windows NT 10.0; Win64; x64) AppleWebKit/537.36 (KHTML, like Gecko) Chrome/111.0.0.0 Safari/537.36"
134.29.173.75 - - [06/Apr/2023:21:57:22 -0500] "GET /JimMartinson/CST2146/Labs/Lab01/images/Login.png HTTP/1.1" 200 120453 "https://cst.ridgewater.edu/JimMartinson/CST2146/Labs/Lab01/" "Mozilla/5.0 (Windows NT 10.0; Win64; x64) AppleWebKit/537.36 (KHTML, like Gecko) Chrome/111.0.0.0 Safari/537.36"
134.29.173.75 - - [06/Apr/2023:21:57:22 -0500] "GET /JimMartinson/CST2146/Labs/Lab01/images/MySQLConfigPassword.png HTTP/1.1" 200 148343 "https://cst.ridgewater.edu/JimMartinson/CST2146/Labs/Lab01/" "Mozilla/5.0 (Windows NT 10.0; Win64; x64) AppleWebKit/537.36 (KHTML, like Gecko) Chrome/111.0.0.0 Safari/537.36"
134.29.173.75 - - [06/Apr/2023:21:57:22 -0500] "GET /JimMartinson/CST2146/Labs/Lab01/images/MySQLConfigServiceName.png HTTP/1.1" 200 172777 "https://cst.ridgewater.edu/JimMartinson/CST2146/Labs/Lab01/" "Mozilla/5.0 (Windows NT 10.0; Win64; x64) AppleWebKit/537.36 (KHTML, like Gecko) Chrome/111.0.0.0 Safari/537.36"
134.29.173.75 - - [06/Apr/2023:21:57:22 -0500] "GET /JimMartinson/CST2146/Labs/Lab01/images/Install.png HTTP/1.1" 200 264819 "https://cst.ridgewater.edu/JimMartinson/CST2146/Labs/Lab01/" "Mozilla/5.0 (Windows NT 10.0; Win64; x64) AppleWebKit/537.36 (KHTML, like Gecko) Chrome/111.0.0.0 Safari/537.36"
134.29.173.75 - - [06/Apr/2023:21:57:23 -0500] "GET /JimMartinson/CST2146/Labs/Lab01/images/MySQLInstallExecute.png HTTP/1.1" 200 127498 "https://cst.ridgewater.edu/JimMartinson/CST2146/Labs/Lab01/" "Mozilla/5.0 (Windows NT 10.0; Win64; x64) AppleWebKit/537.36 (KHTML, like Gecko) Chrome/111.0.0.0 Safari/537.36"
134.29.173.75 - - [06/Apr/2023:21:57:23 -0500] "GET /favicon.ico HTTP/1.1" 200 2238 "https://cst.ridgewater.edu/JimMartinson/CST2146/Labs/Lab01/" "Mozilla/5.0 (Windows NT 10.0; Win64; x64) AppleWebKit/537.36 (KHTML, like Gecko) Chrome/111.0.0.0 Safari/537.36"
134.29.173.75 - - [06/Apr/2023:21:57:45 -0500] "GET /JimMartinson/CST2146/Labs/Lab01/ HTTP/1.1" 200 40949 "https://cst.ridgewater.edu/JimMartinson/CST2146/?Assignments" "Mozilla/5.0 (Windows NT 10.0; Win64; x64) AppleWebKit/537.36 (KHTML, like Gecko) Chrome/111.0.0.0 Safari/537.36"
134.29.173.75 - - [06/Apr/2023:21:58:31 -0500] "GET /JimMartinson/CST2146/Labs/Lab01/ HTTP/1.1" 200 40277 "https://cst.ridgewater.edu/JimMartinson/CST2146/?Assignments" "Mozilla/5.0 (Windows NT 10.0; Win64; x64) AppleWebKit/537.36 (KHTML, like Gecko) Chrome/111.0.0.0 Safari/537.36"
45.88.66.237 - - [06/Apr/2023:21:59:14 -0500] "POST /boaform/admin/formLogin HTTP/1.1" 301 185 "http://134.29.175.74:80/admin/login.asp" "Mozilla/5.0 (X11; Ubuntu; Linux x86_64; rv:71.0) Gecko/20100101 Firefox/71.0"
45.88.66.237 - - [06/Apr/2023:21:59:14 -0500] "" 400 0 "-" "-"
134.29.173.75 - - [06/Apr/2023:22:00:11 -0500] "GET /JimMartinson/CST2146/Labs/Lab01/ HTTP/1.1" 200 40287 "https://cst.ridgewater.edu/JimMartinson/CST2146/?Assignments" "Mozilla/5.0 (Windows NT 10.0; Win64; x64) AppleWebKit/537.36 (KHTML, like Gecko) Chrome/111.0.0.0 Safari/537.36"
134.29.173.75 - - [06/Apr/2023:22:00:21 -0500] "GET /JimMartinson/CST2146/Labs/Lab01/ HTTP/1.1" 200 40287 "https://cst.ridgewater.edu/JimMartinson/CST2146/?Assignments" "Mozilla/5.0 (Windows NT 10.0; Win64; x64) AppleWebKit/537.36 (KHTML, like Gecko) Chrome/111.0.0.0 Safari/537.36"
73.140.147.90 - - [06/Apr/2023:22:00:50 -0500] "GET /JimMartinson/ HTTP/1.1" 200 8638 "https://www.google.com/" "Mozilla/5.0 (Windows NT 10.0; Win64; x64) AppleWebKit/537.36 (KHTML, like Gecko) Chrome/111.0.0.0 Safari/537.36"
73.140.147.90 - - [06/Apr/2023:22:00:50 -0500] "GET /css/CST.css HTTP/1.1" 200 26502 "https://cst.ridgewater.edu/JimMartinson/" "Mozilla/5.0 (Windows NT 10.0; Win64; x64) AppleWebKit/537.36 (KHTML, like Gecko) Chrome/111.0.0.0 Safari/537.36"
73.140.147.90 - - [06/Apr/2023:22:00:50 -0500] "GET /css/debug.css HTTP/1.1" 200 17 "https://cst.ridgewater.edu/JimMartinson/" "Mozilla/5.0 (Windows NT 10.0; Win64; x64) AppleWebKit/537.36 (KHTML, like Gecko) Chrome/111.0.0.0 Safari/537.36"
73.140.147.90 - - [06/Apr/2023:22:00:50 -0500] "GET /js/CST.js HTTP/1.1" 200 12394 "https://cst.ridgewater.edu/JimMartinson/" "Mozilla/5.0 (Windows NT 10.0; Win64; x64) AppleWebKit/537.36 (KHTML, like Gecko) Chrome/111.0.0.0 Safari/537.36"
73.140.147.90 - - [06/Apr/2023:22:00:50 -0500] "GET /css/tooltip.css HTTP/1.1" 200 2300 "https://cst.ridgewater.edu/JimMartinson/" "Mozilla/5.0 (Windows NT 10.0; Win64; x64) AppleWebKit/537.36 (KHTML, like Gecko) Chrome/111.0.0.0 Safari/537.36"
73.140.147.90 - - [06/Apr/2023:22:00:50 -0500] "GET /js/div.js HTTP/1.1" 200 7433 "https://cst.ridgewater.edu/JimMartinson/" "Mozilla/5.0 (Windows NT 10.0; Win64; x64) AppleWebKit/537.36 (KHTML, like Gecko) Chrome/111.0.0.0 Safari/537.36"
73.140.147.90 - - [06/Apr/2023:22:00:50 -0500] "GET /js/CollapsibleLists.js HTTP/1.1" 200 1018 "https://cst.ridgewater.edu/JimMartinson/" "Mozilla/5.0 (Windows NT 10.0; Win64; x64) AppleWebKit/537.36 (KHTML, like Gecko) Chrome/111.0.0.0 Safari/537.36"
73.140.147.90 - - [06/Apr/2023:22:00:50 -0500] "GET /js/debug.js HTTP/1.1" 200 10968 "https://cst.ridgewater.edu/JimMartinson/" "Mozilla/5.0 (Windows NT 10.0; Win64; x64) AppleWebKit/537.36 (KHTML, like Gecko) Chrome/111.0.0.0 Safari/537.36"
73.140.147.90 - - [06/Apr/2023:22:00:50 -0500] "GET /js/tooltip.js HTTP/1.1" 200 13962 "https://cst.ridgewater.edu/JimMartinson/" "Mozilla/5.0 (Windows NT 10.0; Win64; x64) AppleWebKit/537.36 (KHTML, like Gecko) Chrome/111.0.0.0 Safari/537.36"
73.140.147.90 - - [06/Apr/2023:22:00:50 -0500] "GET /images/CSTlogoBlue115.gif HTTP/1.1" 200 8725 "https://cst.ridgewater.edu/JimMartinson/" "Mozilla/5.0 (Windows NT 10.0; Win64; x64) AppleWebKit/537.36 (KHTML, like Gecko) Chrome/111.0.0.0 Safari/537.36"
73.140.147.90 - - [06/Apr/2023:22:00:50 -0500] "GET /images/CSTlogoGreen115.gif HTTP/1.1" 200 8172 "https://cst.ridgewater.edu/JimMartinson/" "Mozilla/5.0 (Windows NT 10.0; Win64; x64) AppleWebKit/537.36 (KHTML, like Gecko) Chrome/111.0.0.0 Safari/537.36"
73.140.147.90 - - [06/Apr/2023:22:00:50 -0500] "GET /JimMartinson/20235_JimMartinson_Class_Schedule.png HTTP/1.1" 200 29493 "https://cst.ridgewater.edu/JimMartinson/" "Mozilla/5.0 (Windows NT 10.0; Win64; x64) AppleWebKit/537.36 (KHTML, like Gecko) Chrome/111.0.0.0 Safari/537.36"
73.140.147.90 - - [06/Apr/2023:22:00:50 -0500] "GET /images/JimMartinson100.jpg HTTP/1.1" 200 16680 "https://cst.ridgewater.edu/JimMartinson/" "Mozilla/5.0 (Windows NT 10.0; Win64; x64) AppleWebKit/537.36 (KHTML, like Gecko) Chrome/111.0.0.0 Safari/537.36"
73.140.147.90 - - [06/Apr/2023:22:00:50 -0500] "GET /images/urc.png HTTP/1.1" 200 230 "https://cst.ridgewater.edu/css/CST.css" "Mozilla/5.0 (Windows NT 10.0; Win64; x64) AppleWebKit/537.36 (KHTML, like Gecko) Chrome/111.0.0.0 Safari/537.36"
73.140.147.90 - - [06/Apr/2023:22:00:50 -0500] "GET /favicon.ico HTTP/1.1" 200 2238 "https://cst.ridgewater.edu/JimMartinson/" "Mozilla/5.0 (Windows NT 10.0; Win64; x64) AppleWebKit/537.36 (KHTML, like Gecko) Chrome/111.0.0.0 Safari/537.36"
134.29.173.75 - - [06/Apr/2023:22:00:58 -0500] "GET /JimMartinson/CST2146/Labs/Lab01/ HTTP/1.1" 200 40158 "https://cst.ridgewater.edu/JimMartinson/CST2146/?Assignments" "Mozilla/5.0 (Windows NT 10.0; Win64; x64) AppleWebKit/537.36 (KHTML, like Gecko) Chrome/111.0.0.0 Safari/537.36"
134.29.173.75 - - [06/Apr/2023:22:01:27 -0500] "GET /JimMartinson/CST2146/Labs/Lab01/ HTTP/1.1" 200 40156 "https://cst.ridgewater.edu/JimMartinson/CST2146/?Assignments" "Mozilla/5.0 (Windows NT 10.0; Win64; x64) AppleWebKit/537.36 (KHTML, like Gecko) Chrome/111.0.0.0 Safari/537.36"
134.29.173.75 - - [06/Apr/2023:22:03:09 -0500] "GET /JimMartinson/CST2146/Labs/Lab01/ HTTP/1.1" 200 40078 "https://cst.ridgewater.edu/JimMartinson/CST2146/?Assignments" "Mozilla/5.0 (Windows NT 10.0; Win64; x64) AppleWebKit/537.36 (KHTML, like Gecko) Chrome/111.0.0.0 Safari/537.36"
114.119.147.213 - - [06/Apr/2023:22:03:20 -0500] "GET /JimMartinson/CST1146/Resources/Examples/Week/16/vendor/composer/autoload_psr4.php HTTP/1.1" 200 5 "https://cst.ridgewater.edu/JimMartinson/CST1146/Resources/Examples/Week/16/vendor/composer/" "Mozilla/5.0 (Linux; Android 7.0;) AppleWebKit/537.36 (KHTML, like Gecko) Mobile Safari/537.36 (compatible; PetalBot;+https://webmaster.petalsearch.com/site/petalbot)"
216.244.66.230 - - [06/Apr/2023:22:04:45 -0500] "GET /robots.txt HTTP/1.1" 301 185 "-" "Mozilla/5.0 (compatible; DotBot/1.2; +https://opensiteexplorer.org/dotbot; help@moz.com)"
216.244.66.230 - - [06/Apr/2023:22:04:45 -0500] "GET /robots.txt HTTP/1.1" 404 169 "-" "Mozilla/5.0 (compatible; DotBot/1.2; +https://opensiteexplorer.org/dotbot; help@moz.com)"
51.222.253.15 - - [06/Apr/2023:22:08:47 -0500] "GET /JimMartinson/CST1146/Resources/Examples/Week/16/vendor/symfony/dependency-injection/Container.php HTTP/1.1" 200 281 "-" "Mozilla/5.0 (compatible; AhrefsBot/7.0; +http://ahrefs.com/robot/)"
134.29.173.75 - - [06/Apr/2023:22:10:20 -0500] "GET /JimMartinson/CST2146/Labs/Lab01/ HTTP/1.1" 200 40017 "-" "Mozilla/5.0 (Windows NT 10.0; Win64; x64) AppleWebKit/537.36 (KHTML, like Gecko) Chrome/111.0.0.0 Safari/537.36"
134.29.173.75 - - [06/Apr/2023:22:10:34 -0500] "GET /JimMartinson/CST2146/Labs/Lab01/ HTTP/1.1" 200 39976 "-" "Mozilla/5.0 (Windows NT 10.0; Win64; x64) AppleWebKit/537.36 (KHTML, like Gecko) Chrome/111.0.0.0 Safari/537.36"
134.29.173.75 - - [06/Apr/2023:22:11:20 -0500] "GET /JimMartinson/CST2146/Labs/Lab01/ HTTP/1.1" 200 39975 "-" "Mozilla/5.0 (Windows NT 10.0; Win64; x64) AppleWebKit/537.36 (KHTML, like Gecko) Chrome/111.0.0.0 Safari/537.36"
134.29.173.75 - - [06/Apr/2023:22:12:35 -0500] "GET /JimMartinson/CST2146/Labs/Lab01/ HTTP/1.1" 200 39927 "-" "Mozilla/5.0 (Windows NT 10.0; Win64; x64) AppleWebKit/537.36 (KHTML, like Gecko) Chrome/111.0.0.0 Safari/537.36"
173.22.154.194 - - [06/Apr/2023:22:12:40 -0500] "GET /js/tooltip.js HTTP/1.1" 304 0 "https://cst.ridgewater.edu/JimMartinson/CST1021/Labs/Lab07/" "Mozilla/5.0 (Windows NT 10.0; Win64; x64) AppleWebKit/537.36 (KHTML, like Gecko) Chrome/110.0.0.0 Safari/537.36 OPR/96.0.0.0"
54.36.148.216 - - [06/Apr/2023:22:12:51 -0500] "GET /robots.txt HTTP/1.1" 301 185 "-" "Mozilla/5.0 (compatible; AhrefsBot/7.0; +http://ahrefs.com/robot/)"
54.36.148.216 - - [06/Apr/2023:22:12:51 -0500] "GET /robots.txt HTTP/1.1" 404 169 "-" "Mozilla/5.0 (compatible; AhrefsBot/7.0; +http://ahrefs.com/robot/)"
134.29.173.75 - - [06/Apr/2023:22:13:09 -0500] "GET /JimMartinson/CST2146/Labs/Lab01/ HTTP/1.1" 200 40065 "-" "Mozilla/5.0 (Windows NT 10.0; Win64; x64) AppleWebKit/537.36 (KHTML, like Gecko) Chrome/111.0.0.0 Safari/537.36"
134.29.173.75 - - [06/Apr/2023:22:13:22 -0500] "POST /JimMartinson/CST2146/Labs/Lab01/ HTTP/1.1" 200 40923 "https://cst.ridgewater.edu/JimMartinson/CST2146/Labs/Lab01/" "Mozilla/5.0 (Windows NT 10.0; Win64; x64) AppleWebKit/537.36 (KHTML, like Gecko) Chrome/111.0.0.0 Safari/537.36"
51.222.253.11 - - [06/Apr/2023:22:15:52 -0500] "GET /JimMartinson/CST1146/Resources/Examples/Week/16/vendor/symfony/dependency-injection/ContainerAwareInterface.php HTTP/1.1" 200 5 "-" "Mozilla/5.0 (compatible; AhrefsBot/7.0; +http://ahrefs.com/robot/)"
216.244.66.230 - - [06/Apr/2023:22:19:22 -0500] "GET /JimMartinson/CST1146/Resources/Examples/Week/16/simplehtmldom/manual/docs/api/simple_html_dom/skip.md HTTP/1.1" 200 316 "-" "Mozilla/5.0 (compatible; DotBot/1.2; +https://opensiteexplorer.org/dotbot; help@moz.com)"
216.244.66.230 - - [06/Apr/2023:22:19:28 -0500] "GET /JimMartinson/CST1146/Resources/Examples/Week/16/simplehtmldom/manual/docs/api/simple_html_dom_node/outertext.md HTTP/1.1" 200 143 "-" "Mozilla/5.0 (compatible; DotBot/1.2; +https://opensiteexplorer.org/dotbot; help@moz.com)"
173.224.174.171 - - [06/Apr/2023:22:21:42 -0500] "POST /JimMartinson/CST1611/Labs/Lab09/ HTTP/1.1" 200 26288 "https://cst.ridgewater.edu/JimMartinson/CST1611/Labs/Lab09/" "Mozilla/5.0 (Windows NT 10.0; Win64; x64) AppleWebKit/537.36 (KHTML, like Gecko) Chrome/111.0.0.0 Safari/537.36"
193.118.53.210 - - [06/Apr/2023:22:22:13 -0500] "GET / HTTP/1.1" 200 13875 "-" "Mozilla/5.0 (Windows NT 10.0; Win64; x64) AppleWebKit/537.36 (KHTML, like Gecko) Chrome/60.0.3112.113 Safari/537.36"
193.118.53.210 - - [06/Apr/2023:22:22:19 -0500] "GET /showLogin.cc HTTP/1.1" 404 571 "-" "Mozilla/5.0 (Windows NT 10.0; Win64; x64) AppleWebKit/537.36 (KHTML, like Gecko) Chrome/60.0.3112.113 Safari/537.36"
51.222.253.12 - - [06/Apr/2023:22:22:45 -0500] "GET /JimMartinson/CST1146/Resources/Examples/Week/16/vendor/symfony/dependency-injection/Alias.php HTTP/1.1" 200 279 "-" "Mozilla/5.0 (compatible; AhrefsBot/7.0; +http://ahrefs.com/robot/)"
134.29.173.75 - - [06/Apr/2023:22:23:22 -0500] "POST /JimMartinson/CST2146/Labs/Lab01/ HTTP/1.1" 200 41175 "https://cst.ridgewater.edu/JimMartinson/CST2146/Labs/Lab01/" "Mozilla/5.0 (Windows NT 10.0; Win64; x64) AppleWebKit/537.36 (KHTML, like Gecko) Chrome/111.0.0.0 Safari/537.36"
134.29.173.75 - - [06/Apr/2023:22:24:30 -0500] "GET /JimMartinson/CST2146/Labs/Lab01/ HTTP/1.1" 200 39730 "-" "Mozilla/5.0 (Windows NT 10.0; Win64; x64) AppleWebKit/537.36 (KHTML, like Gecko) Chrome/111.0.0.0 Safari/537.36"
134.29.173.75 - - [06/Apr/2023:22:24:37 -0500] "POST /JimMartinson/CST2146/Labs/Lab01/ HTTP/1.1" 200 40897 "https://cst.ridgewater.edu/JimMartinson/CST2146/Labs/Lab01/" "Mozilla/5.0 (Windows NT 10.0; Win64; x64) AppleWebKit/537.36 (KHTML, like Gecko) Chrome/111.0.0.0 Safari/537.36"
51.222.253.8 - - [06/Apr/2023:22:25:04 -0500] "GET /JimMartinson/CST1146/Resources/Examples/Week/16/vendor/symfony/dependency-injection/ContainerAwareTrait.php HTTP/1.1" 200 5 "-" "Mozilla/5.0 (compatible; AhrefsBot/7.0; +http://ahrefs.com/robot/)"
134.29.173.75 - - [06/Apr/2023:22:26:47 -0500] "POST /JimMartinson/CST2146/Labs/Lab01/ HTTP/1.1" 200 41044 "https://cst.ridgewater.edu/JimMartinson/CST2146/Labs/Lab01/" "Mozilla/5.0 (Windows NT 10.0; Win64; x64) AppleWebKit/537.36 (KHTML, like Gecko) Chrome/111.0.0.0 Safari/537.36"
134.29.173.75 - - [06/Apr/2023:22:27:25 -0500] "POST /JimMartinson/CST2146/Labs/Lab01/ HTTP/1.1" 200 41140 "https://cst.ridgewater.edu/JimMartinson/CST2146/Labs/Lab01/" "Mozilla/5.0 (Windows NT 10.0; Win64; x64) AppleWebKit/537.36 (KHTML, like Gecko) Chrome/111.0.0.0 Safari/537.36"
134.29.173.75 - - [06/Apr/2023:22:27:39 -0500] "POST /JimMartinson/CST2146/Labs/Lab01/ HTTP/1.1" 200 41125 "https://cst.ridgewater.edu/JimMartinson/CST2146/Labs/Lab01/" "Mozilla/5.0 (Windows NT 10.0; Win64; x64) AppleWebKit/537.36 (KHTML, like Gecko) Chrome/111.0.0.0 Safari/537.36"
134.29.173.75 - - [06/Apr/2023:22:27:47 -0500] "POST /JimMartinson/CST2146/Labs/Lab01/ HTTP/1.1" 200 41140 "https://cst.ridgewater.edu/JimMartinson/CST2146/Labs/Lab01/" "Mozilla/5.0 (Windows NT 10.0; Win64; x64) AppleWebKit/537.36 (KHTML, like Gecko) Chrome/111.0.0.0 Safari/537.36"
51.222.253.17 - - [06/Apr/2023:22:30:07 -0500] "GET /JimMartinson/CST1146/Resources/Examples/Week/16/vendor/masterminds/html5/src/HTML5/Parser/Tokenizer.php HTTP/1.1" 200 5 "-" "Mozilla/5.0 (compatible; AhrefsBot/7.0; +http://ahrefs.com/robot/)"
134.29.173.75 - - [06/Apr/2023:22:30:42 -0500] "POST /JimMartinson/CST2146/Labs/Lab01/ HTTP/1.1" 200 41045 "https://cst.ridgewater.edu/JimMartinson/CST2146/Labs/Lab01/" "Mozilla/5.0 (Windows NT 10.0; Win64; x64) AppleWebKit/537.36 (KHTML, like Gecko) Chrome/111.0.0.0 Safari/537.36"
134.29.173.75 - - [06/Apr/2023:22:30:47 -0500] "POST /JimMartinson/CST2146/Labs/Lab01/ HTTP/1.1" 200 41140 "https://cst.ridgewater.edu/JimMartinson/CST2146/Labs/Lab01/" "Mozilla/5.0 (Windows NT 10.0; Win64; x64) AppleWebKit/537.36 (KHTML, like Gecko) Chrome/111.0.0.0 Safari/537.36"
134.29.173.75 - - [06/Apr/2023:22:30:54 -0500] "POST /JimMartinson/CST2146/Labs/Lab01/ HTTP/1.1" 200 41125 "https://cst.ridgewater.edu/JimMartinson/CST2146/Labs/Lab01/" "Mozilla/5.0 (Windows NT 10.0; Win64; x64) AppleWebKit/537.36 (KHTML, like Gecko) Chrome/111.0.0.0 Safari/537.36"
134.29.173.75 - - [06/Apr/2023:22:31:09 -0500] "GET /JimMartinson/CST2146/?Gradebook HTTP/1.1" 200 65257 "https://cst.ridgewater.edu/JimMartinson/CST2146/Labs/Lab01/" "Mozilla/5.0 (Windows NT 10.0; Win64; x64) AppleWebKit/537.36 (KHTML, like Gecko) Chrome/111.0.0.0 Safari/537.36"
134.29.173.75 - - [06/Apr/2023:22:31:15 -0500] "GET /Gradebook/GradeEvaluation.php?f_classId=1264&f_sId=00007967&f_uId=1&f_eId=2974&f_lId=Lab01&f_FromGradebook=0&CalledBy=Gradebook.phpinc:106 HTTP/1.1" 200 7349 "https://cst.ridgewater.edu/JimMartinson/CST2146/?Gradebook" "Mozilla/5.0 (Windows NT 10.0; Win64; x64) AppleWebKit/537.36 (KHTML, like Gecko) Chrome/111.0.0.0 Safari/537.36"
134.29.173.75 - - [06/Apr/2023:22:31:15 -0500] "GET /uploads/StudentProfile/00007967/JimMartinson276.png HTTP/1.1" 304 0 "https://cst.ridgewater.edu/Gradebook/GradeEvaluation.php?f_classId=1264&f_sId=00007967&f_uId=1&f_eId=2974&f_lId=Lab01&f_FromGradebook=0&CalledBy=Gradebook.phpinc:106" "Mozilla/5.0 (Windows NT 10.0; Win64; x64) AppleWebKit/537.36 (KHTML, like Gecko) Chrome/111.0.0.0 Safari/537.36"
134.29.173.75 - - [06/Apr/2023:22:31:18 -0500] "POST /Gradebook/GradeEvaluation.php HTTP/1.1" 200 8591 "https://cst.ridgewater.edu/Gradebook/GradeEvaluation.php?f_classId=1264&f_sId=00007967&f_uId=1&f_eId=2974&f_lId=Lab01&f_FromGradebook=0&CalledBy=Gradebook.phpinc:106" "Mozilla/5.0 (Windows NT 10.0; Win64; x64) AppleWebKit/537.36 (KHTML, like Gecko) Chrome/111.0.0.0 Safari/537.36"
134.29.173.75 - - [06/Apr/2023:22:31:27 -0500] "GET /JimMartinson/CST2146/?Gradebook HTTP/1.1" 200 65258 "https://cst.ridgewater.edu/JimMartinson/CST2146/Labs/Lab01/" "Mozilla/5.0 (Windows NT 10.0; Win64; x64) AppleWebKit/537.36 (KHTML, like Gecko) Chrome/111.0.0.0 Safari/537.36"
134.29.173.75 - - [06/Apr/2023:22:31:37 -0500] "POST /JimMartinson/CST2146/Labs/Lab01/ HTTP/1.1" 200 41098 "https://cst.ridgewater.edu/JimMartinson/CST2146/Labs/Lab01/" "Mozilla/5.0 (Windows NT 10.0; Win64; x64) AppleWebKit/537.36 (KHTML, like Gecko) Chrome/111.0.0.0 Safari/537.36"
134.29.173.75 - - [06/Apr/2023:22:32:06 -0500] "GET /JimMartinson/CST2146/?Gradebook HTTP/1.1" 200 65258 "https://cst.ridgewater.edu/JimMartinson/CST2146/Labs/Lab01/" "Mozilla/5.0 (Windows NT 10.0; Win64; x64) AppleWebKit/537.36 (KHTML, like Gecko) Chrome/111.0.0.0 Safari/537.36"
51.222.253.19 - - [06/Apr/2023:22:32:34 -0500] "GET /JimMartinson/CST1146/Resources/Examples/Week/16/vendor/symfony/dependency-injection/ContainerInterface.php HTTP/1.1" 200 256 "-" "Mozilla/5.0 (compatible; AhrefsBot/7.0; +http://ahrefs.com/robot/)"
134.29.173.75 - - [06/Apr/2023:22:33:14 -0500] "POST /JimMartinson/CST2146/Labs/Lab01/ HTTP/1.1" 200 39752 "https://cst.ridgewater.edu/JimMartinson/CST2146/Labs/Lab01/" "Mozilla/5.0 (Windows NT 10.0; Win64; x64) AppleWebKit/537.36 (KHTML, like Gecko) Chrome/111.0.0.0 Safari/537.36"
134.29.173.75 - - [06/Apr/2023:22:33:44 -0500] "POST /JimMartinson/CST2146/Labs/Lab01/ HTTP/1.1" 200 40190 "https://cst.ridgewater.edu/JimMartinson/CST2146/Labs/Lab01/" "Mozilla/5.0 (Windows NT 10.0; Win64; x64) AppleWebKit/537.36 (KHTML, like Gecko) Chrome/111.0.0.0 Safari/537.36"
134.29.173.75 - - [06/Apr/2023:22:33:54 -0500] "POST /JimMartinson/CST2146/Labs/Lab01/ HTTP/1.1" 200 41035 "https://cst.ridgewater.edu/JimMartinson/CST2146/Labs/Lab01/" "Mozilla/5.0 (Windows NT 10.0; Win64; x64) AppleWebKit/537.36 (KHTML, like Gecko) Chrome/111.0.0.0 Safari/537.36"
134.29.173.75 - - [06/Apr/2023:22:34:17 -0500] "GET /JimMartinson/CST2146/Labs/Lab01/ HTTP/1.1" 200 40406 "-" "Mozilla/5.0 (Windows NT 10.0; Win64; x64) AppleWebKit/537.36 (KHTML, like Gecko) Chrome/111.0.0.0 Safari/537.36"
134.29.173.75 - - [06/Apr/2023:22:34:27 -0500] "POST /JimMartinson/CST2146/Labs/Lab01/ HTTP/1.1" 200 40428 "https://cst.ridgewater.edu/JimMartinson/CST2146/Labs/Lab01/" "Mozilla/5.0 (Windows NT 10.0; Win64; x64) AppleWebKit/537.36 (KHTML, like Gecko) Chrome/111.0.0.0 Safari/537.36"
138.199.21.232 - - [06/Apr/2023:22:35:49 -0500] "T\x83\xF8\xCCu\x18\xA8\xABw*w\xF5j\x91\xE4[" 400 173 "-" "-"
51.222.253.14 - - [06/Apr/2023:22:37:31 -0500] "GET /JimMartinson/CST1146/Resources/Examples/Week/16/vendor/symfony/dependency-injection/ChildDefinition.php HTTP/1.1" 200 289 "-" "Mozilla/5.0 (compatible; AhrefsBot/7.0; +http://ahrefs.com/robot/)"
147.78.47.249 - - [06/Apr/2023:22:38:12 -0500] "GET /public/_ignition/health-check/ HTTP/1.1" 301 185 "-" "Mozilla/5.0 (Windows NT 10.0; Win64; x64) AppleWebKit/537.36 (KHTML, like Gecko) Chrome/109.0.0.0 Safari/537.36"
147.78.47.249 - - [06/Apr/2023:22:38:13 -0500] "GET /public/_ignition/health-check/ HTTP/1.1" 404 571 "http://cst.ridgewater.edu/public/_ignition/health-check/" "Mozilla/5.0 (Windows NT 10.0; Win64; x64) AppleWebKit/537.36 (KHTML, like Gecko) Chrome/109.0.0.0 Safari/537.36"
147.78.47.249 - - [06/Apr/2023:22:38:15 -0500] "GET /_ignition/health-check/ HTTP/1.1" 301 185 "-" "Mozilla/5.0 (Windows NT 10.0; Win64; x64) AppleWebKit/537.36 (KHTML, like Gecko) Chrome/109.0.0.0 Safari/537.36"
147.78.47.249 - - [06/Apr/2023:22:38:15 -0500] "GET /_ignition/health-check/ HTTP/1.1" 404 571 "http://cst.ridgewater.edu/_ignition/health-check/" "Mozilla/5.0 (Windows NT 10.0; Win64; x64) AppleWebKit/537.36 (KHTML, like Gecko) Chrome/109.0.0.0 Safari/537.36"
147.78.47.249 - - [06/Apr/2023:22:38:18 -0500] "GET /wp-includes/wlwmanifest.xml HTTP/1.1" 301 185 "-" "Mozilla/5.0 (Windows NT 10.0; Win64; x64) AppleWebKit/537.36 (KHTML, like Gecko) Chrome/109.0.0.0 Safari/537.36"
147.78.47.249 - - [06/Apr/2023:22:38:18 -0500] "GET /wp-includes/wlwmanifest.xml HTTP/1.1" 404 571 "http://cst.ridgewater.edu/wp-includes/wlwmanifest.xml" "Mozilla/5.0 (Windows NT 10.0; Win64; x64) AppleWebKit/537.36 (KHTML, like Gecko) Chrome/109.0.0.0 Safari/537.36"
134.29.173.75 - - [06/Apr/2023:22:39:22 -0500] "GET /JimMartinson/CST2146/Labs/Lab01/ HTTP/1.1" 200 40412 "-" "Mozilla/5.0 (Windows NT 10.0; Win64; x64) AppleWebKit/537.36 (KHTML, like Gecko) Chrome/111.0.0.0 Safari/537.36"