134.29.173.75 - - [06/Apr/2023:14:14:48 -0500] "GET /JimMartinson/CST1611/Labs/LabHostSetup/?evaluationName=Lab09&ha=127.0.0.9&ht=Lab09.test&vh=Lab09.test&dr=Lab09&au=true HTTP/1.1" 200 11862 "https://cst.ridgewater.edu/JimMartinson/CST1611/Labs/Lab09/" "Mozilla/5.0 (Windows NT 10.0; Win64; x64) AppleWebKit/537.36 (KHTML, like Gecko) Chrome/112.0.0.0 Safari/537.36"
52.167.144.96 - - [06/Apr/2023:14:17:09 -0500] "GET /JeffPolman/CST2895/resources/Spring2013WebExRecordings/?C=M;O=A HTTP/1.1" 301 185 "-" "Mozilla/5.0 AppleWebKit/537.36 (KHTML, like Gecko; compatible; bingbot/2.0; +http://www.bing.com/bingbot.htm) Chrome/103.0.5060.134 Safari/537.36"
51.222.253.17 - - [06/Apr/2023:14:20:16 -0500] "GET /JimMartinson/CST1600/Resources/comp4_unit6c_flash_lecture/data/_notes/dwsync.xml HTTP/1.1" 200 616 "-" "Mozilla/5.0 (compatible; AhrefsBot/7.0; +http://ahrefs.com/robot/)"
173.22.158.131 - - [06/Apr/2023:14:23:23 -0500] "GET / HTTP/1.1" 200 13875 "-" "Mozilla/5.0 (Macintosh; Intel Mac OS X 10_15_7) AppleWebKit/537.36 (KHTML, like Gecko) Chrome/111.0.0.0 Safari/537.36"
173.22.158.131 - - [06/Apr/2023:14:23:23 -0500] "GET /css/CST.css HTTP/1.1" 200 26502 "https://cst.ridgewater.edu/" "Mozilla/5.0 (Macintosh; Intel Mac OS X 10_15_7) AppleWebKit/537.36 (KHTML, like Gecko) Chrome/111.0.0.0 Safari/537.36"
173.22.158.131 - - [06/Apr/2023:14:23:23 -0500] "GET /css/debug.css HTTP/1.1" 200 17 "https://cst.ridgewater.edu/" "Mozilla/5.0 (Macintosh; Intel Mac OS X 10_15_7) AppleWebKit/537.36 (KHTML, like Gecko) Chrome/111.0.0.0 Safari/537.36"
173.22.158.131 - - [06/Apr/2023:14:23:23 -0500] "GET /css/tooltip.css HTTP/1.1" 200 2300 "https://cst.ridgewater.edu/" "Mozilla/5.0 (Macintosh; Intel Mac OS X 10_15_7) AppleWebKit/537.36 (KHTML, like Gecko) Chrome/111.0.0.0 Safari/537.36"
173.22.158.131 - - [06/Apr/2023:14:23:23 -0500] "GET /js/CST.js HTTP/1.1" 200 12394 "https://cst.ridgewater.edu/" "Mozilla/5.0 (Macintosh; Intel Mac OS X 10_15_7) AppleWebKit/537.36 (KHTML, like Gecko) Chrome/111.0.0.0 Safari/537.36"
173.22.158.131 - - [06/Apr/2023:14:23:23 -0500] "GET /js/div.js HTTP/1.1" 200 7433 "https://cst.ridgewater.edu/" "Mozilla/5.0 (Macintosh; Intel Mac OS X 10_15_7) AppleWebKit/537.36 (KHTML, like Gecko) Chrome/111.0.0.0 Safari/537.36"
173.22.158.131 - - [06/Apr/2023:14:23:23 -0500] "GET /js/CollapsibleLists.js HTTP/1.1" 200 1018 "https://cst.ridgewater.edu/" "Mozilla/5.0 (Macintosh; Intel Mac OS X 10_15_7) AppleWebKit/537.36 (KHTML, like Gecko) Chrome/111.0.0.0 Safari/537.36"
173.22.158.131 - - [06/Apr/2023:14:23:23 -0500] "GET /js/debug.js HTTP/1.1" 200 10968 "https://cst.ridgewater.edu/" "Mozilla/5.0 (Macintosh; Intel Mac OS X 10_15_7) AppleWebKit/537.36 (KHTML, like Gecko) Chrome/111.0.0.0 Safari/537.36"
173.22.158.131 - - [06/Apr/2023:14:23:23 -0500] "GET /js/tooltip.js HTTP/1.1" 200 13962 "https://cst.ridgewater.edu/" "Mozilla/5.0 (Macintosh; Intel Mac OS X 10_15_7) AppleWebKit/537.36 (KHTML, like Gecko) Chrome/111.0.0.0 Safari/537.36"
173.22.158.131 - - [06/Apr/2023:14:23:23 -0500] "GET /images/CSTlogoBlue115.gif HTTP/1.1" 200 8725 "https://cst.ridgewater.edu/" "Mozilla/5.0 (Macintosh; Intel Mac OS X 10_15_7) AppleWebKit/537.36 (KHTML, like Gecko) Chrome/111.0.0.0 Safari/537.36"
173.22.158.131 - - [06/Apr/2023:14:23:23 -0500] "GET /images/CSTlogoGreen115.gif HTTP/1.1" 200 8172 "https://cst.ridgewater.edu/" "Mozilla/5.0 (Macintosh; Intel Mac OS X 10_15_7) AppleWebKit/537.36 (KHTML, like Gecko) Chrome/111.0.0.0 Safari/537.36"
173.22.158.131 - - [06/Apr/2023:14:23:23 -0500] "GET /images/urc.png HTTP/1.1" 200 230 "https://cst.ridgewater.edu/css/CST.css" "Mozilla/5.0 (Macintosh; Intel Mac OS X 10_15_7) AppleWebKit/537.36 (KHTML, like Gecko) Chrome/111.0.0.0 Safari/537.36"
173.22.158.131 - - [06/Apr/2023:14:23:23 -0500] "GET /favicon.ico HTTP/1.1" 200 2238 "https://cst.ridgewater.edu/" "Mozilla/5.0 (Macintosh; Intel Mac OS X 10_15_7) AppleWebKit/537.36 (KHTML, like Gecko) Chrome/111.0.0.0 Safari/537.36"
173.22.158.131 - - [06/Apr/2023:14:23:42 -0500] "GET /JimMartinson HTTP/1.1" 301 185 "https://cst.ridgewater.edu/" "Mozilla/5.0 (Macintosh; Intel Mac OS X 10_15_7) AppleWebKit/537.36 (KHTML, like Gecko) Chrome/111.0.0.0 Safari/537.36"
173.22.158.131 - - [06/Apr/2023:14:23:42 -0500] "GET /JimMartinson/ HTTP/1.1" 200 8639 "https://cst.ridgewater.edu/" "Mozilla/5.0 (Macintosh; Intel Mac OS X 10_15_7) AppleWebKit/537.36 (KHTML, like Gecko) Chrome/111.0.0.0 Safari/537.36"
173.22.158.131 - - [06/Apr/2023:14:23:42 -0500] "GET /images/JimMartinson100.jpg HTTP/1.1" 200 16680 "https://cst.ridgewater.edu/JimMartinson/" "Mozilla/5.0 (Macintosh; Intel Mac OS X 10_15_7) AppleWebKit/537.36 (KHTML, like Gecko) Chrome/111.0.0.0 Safari/537.36"
173.22.158.131 - - [06/Apr/2023:14:23:42 -0500] "GET /JimMartinson/20235_JimMartinson_Class_Schedule.png HTTP/1.1" 200 29493 "https://cst.ridgewater.edu/JimMartinson/" "Mozilla/5.0 (Macintosh; Intel Mac OS X 10_15_7) AppleWebKit/537.36 (KHTML, like Gecko) Chrome/111.0.0.0 Safari/537.36"
94.102.61.10 - - [06/Apr/2023:14:23:56 -0500] "GET / HTTP/1.1" 301 185 "-" "Mozilla/5.0 (Windows NT 10.0; Win64; x64) AppleWebKit/537.36 (KHTML, like Gecko) Chrome/88.0.4324.190 Safari/537.36"
94.102.61.10 - - [06/Apr/2023:14:23:57 -0500] "GET / HTTP/1.1" 200 13873 "http://134.29.175.74:80/" "Mozilla/5.0 (Windows NT 10.0; Win64; x64) AppleWebKit/537.36 (KHTML, like Gecko) Chrome/88.0.4324.190 Safari/537.36"
97.92.30.66 - - [06/Apr/2023:14:25:35 -0500] "GET /js/tooltip.js HTTP/1.1" 200 13962 "http://lab12.test/" "Mozilla/5.0 (Windows NT 10.0; Win64; x64; rv:109.0) Gecko/20100101 Firefox/111.0"
97.92.30.66 - - [06/Apr/2023:14:25:35 -0500] "GET /css/tooltip.css HTTP/1.1" 200 2300 "http://lab12.test/" "Mozilla/5.0 (Windows NT 10.0; Win64; x64; rv:109.0) Gecko/20100101 Firefox/111.0"
134.29.173.75 - - [06/Apr/2023:14:29:42 -0500] "GET /JimMartinson/CST1611/Labs/Lab09 HTTP/1.1" 301 185 "https://cst.ridgewater.edu/JimMartinson/CST1611/Schedule/" "Mozilla/5.0 (Windows NT 10.0; Win64; x64) AppleWebKit/537.36 (KHTML, like Gecko) Chrome/111.0.0.0 Safari/537.36"
134.29.173.75 - - [06/Apr/2023:14:29:43 -0500] "GET /JimMartinson/CST1611/Labs/Lab09/ HTTP/1.1" 200 25701 "https://cst.ridgewater.edu/JimMartinson/CST1611/Schedule/" "Mozilla/5.0 (Windows NT 10.0; Win64; x64) AppleWebKit/537.36 (KHTML, like Gecko) Chrome/111.0.0.0 Safari/537.36"
134.29.173.75 - - [06/Apr/2023:14:29:43 -0500] "GET /js/tooltip.js HTTP/1.1" 304 0 "https://cst.ridgewater.edu/JimMartinson/CST1611/Labs/Lab09/" "Mozilla/5.0 (Windows NT 10.0; Win64; x64) AppleWebKit/537.36 (KHTML, like Gecko) Chrome/111.0.0.0 Safari/537.36"
52.167.144.39 - - [06/Apr/2023:14:30:48 -0500] "GET /JimMartinson/CST1602/?Questionnaire HTTP/1.1" 301 185 "-" "Mozilla/5.0 AppleWebKit/537.36 (KHTML, like Gecko; compatible; bingbot/2.0; +http://www.bing.com/bingbot.htm) Chrome/103.0.5060.134 Safari/537.36"
185.225.74.240 - - [06/Apr/2023:14:38:18 -0500] "GET / HTTP/1.1" 301 185 "-" "Linux Gnu (cow)"
52.167.144.39 - - [06/Apr/2023:14:42:19 -0500] "GET /jimmartinson/cst1025/resources/computernetworks/search.html?area=default&check_keywords=yes&q=2023 HTTP/1.1" 404 571 "-" "Mozilla/5.0 AppleWebKit/537.36 (KHTML, like Gecko; compatible; bingbot/2.0; +http://www.bing.com/bingbot.htm) Chrome/103.0.5060.134 Safari/537.36"
207.46.13.215 - - [06/Apr/2023:14:43:56 -0500] "GET /jimmartinson/cst1025/resources/search.html?area=default&check_keywords=yes&q=2022 HTTP/1.1" 404 571 "-" "Mozilla/5.0 AppleWebKit/537.36 (KHTML, like Gecko; compatible; bingbot/2.0; +http://www.bing.com/bingbot.htm) Chrome/103.0.5060.134 Safari/537.36"
66.249.70.118 - - [06/Apr/2023:14:45:04 -0500] "GET / HTTP/1.1" 200 13874 "-" "Mozilla/5.0 (compatible; Googlebot/2.1; +http://www.google.com/bot.html)"
24.244.159.244 - - [06/Apr/2023:14:54:01 -0500] "GET / HTTP/1.1" 301 185 "-" "Mozilla/5.0 (Windows NT 10.0; WOW64) AppleWebKit/537.36 (KHTML, like Gecko) Chrome/52.0.2743.116 Safari/537.36"
207.46.13.215 - - [06/Apr/2023:14:57:13 -0500] "GET /jimmartinson/cst1025/resources/computernetworks/search.html?area=default&check_keywords=yes&q= HTTP/1.1" 404 571 "-" "Mozilla/5.0 AppleWebKit/537.36 (KHTML, like Gecko; compatible; bingbot/2.0; +http://www.bing.com/bingbot.htm) Chrome/103.0.5060.134 Safari/537.36"
134.29.173.75 - - [06/Apr/2023:14:57:30 -0500] "GET /JimMartinson/ HTTP/1.1" 200 8638 "-" "Mozilla/5.0 (Windows NT 10.0; Win64; x64; rv:109.0) Gecko/20100101 Firefox/110.0"
134.29.173.75 - - [06/Apr/2023:14:57:30 -0500] "GET /css/CST.css HTTP/1.1" 200 26502 "https://cst.ridgewater.edu/JimMartinson/" "Mozilla/5.0 (Windows NT 10.0; Win64; x64; rv:109.0) Gecko/20100101 Firefox/110.0"
134.29.173.75 - - [06/Apr/2023:14:57:30 -0500] "GET /js/tooltip.js HTTP/1.1" 304 0 "https://cst.ridgewater.edu/JimMartinson/" "Mozilla/5.0 (Windows NT 10.0; Win64; x64; rv:109.0) Gecko/20100101 Firefox/110.0"
207.46.13.215 - - [06/Apr/2023:14:59:25 -0500] "GET /jimmartinson/cst1025/resources/search.html?area=default&check_keywords=yes&q= HTTP/1.1" 404 571 "-" "Mozilla/5.0 AppleWebKit/537.36 (KHTML, like Gecko; compatible; bingbot/2.0; +http://www.bing.com/bingbot.htm) Chrome/103.0.5060.134 Safari/537.36"
173.25.185.47 - - [06/Apr/2023:15:02:21 -0500] "GET / HTTP/1.1" 200 13958 "-" "Mozilla/5.0 (Windows NT 10.0; Win64; x64) AppleWebKit/537.36 (KHTML, like Gecko) Chrome/108.0.0.0 Safari/537.36 OPR/94.0.0.0"
173.25.185.47 - - [06/Apr/2023:15:02:23 -0500] "GET /JimMartinson HTTP/1.1" 301 185 "https://cst.ridgewater.edu/" "Mozilla/5.0 (Windows NT 10.0; Win64; x64) AppleWebKit/537.36 (KHTML, like Gecko) Chrome/108.0.0.0 Safari/537.36 OPR/94.0.0.0"
173.25.185.47 - - [06/Apr/2023:15:02:23 -0500] "GET /JimMartinson/ HTTP/1.1" 200 8661 "https://cst.ridgewater.edu/" "Mozilla/5.0 (Windows NT 10.0; Win64; x64) AppleWebKit/537.36 (KHTML, like Gecko) Chrome/108.0.0.0 Safari/537.36 OPR/94.0.0.0"
173.25.185.47 - - [06/Apr/2023:15:02:29 -0500] "GET / HTTP/1.1" 200 13958 "https://cst.ridgewater.edu/JimMartinson/" "Mozilla/5.0 (Windows NT 10.0; Win64; x64) AppleWebKit/537.36 (KHTML, like Gecko) Chrome/108.0.0.0 Safari/537.36 OPR/94.0.0.0"
173.25.185.47 - - [06/Apr/2023:15:02:32 -0500] "GET /Zoom HTTP/1.1" 301 185 "https://cst.ridgewater.edu/" "Mozilla/5.0 (Windows NT 10.0; Win64; x64) AppleWebKit/537.36 (KHTML, like Gecko) Chrome/108.0.0.0 Safari/537.36 OPR/94.0.0.0"
173.25.185.47 - - [06/Apr/2023:15:02:32 -0500] "GET /Zoom/ HTTP/1.1" 200 6619 "https://cst.ridgewater.edu/" "Mozilla/5.0 (Windows NT 10.0; Win64; x64) AppleWebKit/537.36 (KHTML, like Gecko) Chrome/108.0.0.0 Safari/537.36 OPR/94.0.0.0"
74.44.103.212 - - [06/Apr/2023:15:13:59 -0500] "GET /AllenBenusa/ HTTP/1.1" 200 4188 "-" "Mozilla/5.0 (Windows NT 10.0; Win64; x64) AppleWebKit/537.36 (KHTML, like Gecko) Chrome/111.0.0.0 Safari/537.36"
85.208.98.23 - - [06/Apr/2023:15:15:46 -0500] "GET /robots.txt HTTP/1.1" 301 185 "-" "Mozilla/5.0 (compatible; SemrushBot-BA; +http://www.semrush.com/bot.html)"
85.208.98.23 - - [06/Apr/2023:15:15:46 -0500] "GET /robots.txt HTTP/1.1" 404 169 "http://cst.ridgewater.edu/robots.txt" "Mozilla/5.0 (compatible; SemrushBot-BA; +http://www.semrush.com/bot.html)"
85.208.98.19 - - [06/Apr/2023:15:16:13 -0500] "GET /JimMartinson/CST1025/Resources/Software/Network%20Monitoring%20Tools.html HTTP/1.1" 404 169 "-" "Mozilla/5.0 (compatible; SemrushBot-BA; +http://www.semrush.com/bot.html)"
161.38.170.218 - - [06/Apr/2023:15:18:21 -0500] "GET / HTTP/1.1" 200 13875 "-" "Mozilla/5.0 (Macintosh; Intel Mac OS X 10_15_7) AppleWebKit/537.36 (KHTML, like Gecko) Chrome/111.0.0.0 Safari/537.36"
85.208.98.23 - - [06/Apr/2023:15:19:24 -0500] "GET /robots.txt HTTP/1.1" 301 185 "-" "Mozilla/5.0 (compatible; SemrushBot-BA; +http://www.semrush.com/bot.html)"
85.208.98.23 - - [06/Apr/2023:15:19:24 -0500] "GET /robots.txt HTTP/1.1" 404 169 "http://cst.ridgewater.edu/robots.txt" "Mozilla/5.0 (compatible; SemrushBot-BA; +http://www.semrush.com/bot.html)"
85.208.98.20 - - [06/Apr/2023:15:20:05 -0500] "GET /JimMartinson/CST1025/Resources/Software/Network%20Monitoring%20Tools.html HTTP/1.1" 404 169 "-" "Mozilla/5.0 (compatible; SemrushBot-BA; +http://www.semrush.com/bot.html)"
52.167.144.39 - - [06/Apr/2023:15:20:33 -0500] "GET /Credentials/1997-98/?C=M;O=D HTTP/1.1" 301 185 "-" "Mozilla/5.0 AppleWebKit/537.36 (KHTML, like Gecko; compatible; bingbot/2.0; +http://www.bing.com/bingbot.htm) Chrome/103.0.5060.134 Safari/537.36"
47.225.249.182 - - [06/Apr/2023:15:23:18 -0500] "GET /JimMartinson/CST1021/Schedule/ HTTP/1.1" 200 60344 "https://cst.ridgewater.edu/JimMartinson/CST1021/Labs/Lab07/" "Mozilla/5.0 (Windows NT 10.0; Win64; x64; rv:109.0) Gecko/20100101 Firefox/111.0"
47.225.249.182 - - [06/Apr/2023:15:23:18 -0500] "GET /css/CST.css HTTP/1.1" 200 26502 "https://cst.ridgewater.edu/JimMartinson/CST1021/Schedule/" "Mozilla/5.0 (Windows NT 10.0; Win64; x64; rv:109.0) Gecko/20100101 Firefox/111.0"
47.225.249.182 - - [06/Apr/2023:15:23:18 -0500] "GET /css/colorCode.css HTTP/1.1" 304 0 "https://cst.ridgewater.edu/JimMartinson/CST1021/Schedule/" "Mozilla/5.0 (Windows NT 10.0; Win64; x64; rv:109.0) Gecko/20100101 Firefox/111.0"
66.249.70.114 - - [06/Apr/2023:15:23:43 -0500] "GET / HTTP/1.1" 200 13874 "-" "Mozilla/5.0 (compatible; Googlebot/2.1; +http://www.google.com/bot.html)"
47.225.249.182 - - [06/Apr/2023:15:23:43 -0500] "GET /JimMartinson/CST1021/Schedule/ HTTP/1.1" 200 60344 "https://cst.ridgewater.edu/JimMartinson/CST1021/Labs/Lab07/" "Mozilla/5.0 (Windows NT 10.0; Win64; x64; rv:109.0) Gecko/20100101 Firefox/111.0"
134.29.173.75 - - [06/Apr/2023:15:25:22 -0500] "GET / HTTP/1.1" 200 13992 "-" "Mozilla/5.0 (Windows NT 10.0; Win64; x64) AppleWebKit/537.36 (KHTML, like Gecko) Chrome/111.0.0.0 Safari/537.36"
198.235.24.50 - - [06/Apr/2023:15:25:22 -0500] "GET / HTTP/1.1" 301 185 "-" "Expanse, a Palo Alto Networks company, searches across the global IPv4 space multiple times per day to identify customers' presences on the Internet. If you would like to be excluded from our scans, please send IP addresses/domains to: scaninfo@paloaltonetworks.com"
51.222.253.5 - - [06/Apr/2023:15:26:07 -0500] "GET /JimMartinson/CST1146/Resources/Examples/Week/16/vendor/masterminds/html5/src/HTML5/Parser/EventHandler.php HTTP/1.1" 200 5 "-" "Mozilla/5.0 (compatible; AhrefsBot/7.0; +http://ahrefs.com/robot/)"
51.222.253.8 - - [06/Apr/2023:15:28:04 -0500] "GET /JimMartinson/CST1146/Resources/Examples/Week/16/vendor/masterminds/html5/src/HTML5/Parser/FileInputStream.php HTTP/1.1" 200 258 "-" "Mozilla/5.0 (compatible; AhrefsBot/7.0; +http://ahrefs.com/robot/)"
51.222.253.12 - - [06/Apr/2023:15:32:17 -0500] "GET /JimMartinson/CST1146/Resources/Examples/Week/16/vendor/masterminds/html5/src/HTML5/Parser/UTF8Utils.php HTTP/1.1" 200 5 "-" "Mozilla/5.0 (compatible; AhrefsBot/7.0; +http://ahrefs.com/robot/)"
51.222.253.8 - - [06/Apr/2023:15:34:21 -0500] "GET /JimMartinson/CST1146/Resources/Examples/Week/16/vendor/masterminds/html5/src/HTML5/Parser/StringInputStream.php HTTP/1.1" 200 258 "-" "Mozilla/5.0 (compatible; AhrefsBot/7.0; +http://ahrefs.com/robot/)"
128.14.209.162 - - [06/Apr/2023:15:38:48 -0500] "GET / HTTP/1.1" 200 13875 "-" "Mozilla/5.0 (Windows NT 10.0; Win64; x64) AppleWebKit/537.36 (KHTML, like Gecko) Chrome/60.0.3112.113 Safari/537.36"
51.222.253.12 - - [06/Apr/2023:15:40:50 -0500] "GET /JimMartinson/CST1146/Resources/Examples/Week/16/vendor/masterminds/html5/src/HTML5/Parser/ParseError.php HTTP/1.1" 200 5 "-" "Mozilla/5.0 (compatible; AhrefsBot/7.0; +http://ahrefs.com/robot/)"
207.46.13.215 - - [06/Apr/2023:15:42:35 -0500] "GET /login/ HTTP/1.1" 200 6908 "-" "Mozilla/5.0 AppleWebKit/537.36 (KHTML, like Gecko; compatible; bingbot/2.0; +http://www.bing.com/bingbot.htm) Chrome/103.0.5060.134 Safari/537.36"
52.167.144.79 - - [06/Apr/2023:15:42:49 -0500] "GET /js/encode.js HTTP/1.1" 200 2957 "-" "Mozilla/5.0 AppleWebKit/537.36 (KHTML, like Gecko; compatible; bingbot/2.0; +http://www.bing.com/bingbot.htm) Chrome/103.0.5060.134 Safari/537.36"
40.77.167.98 - - [06/Apr/2023:15:42:53 -0500] "GET /js/div.js HTTP/1.1" 200 7433 "-" "Mozilla/5.0 AppleWebKit/537.36 (KHTML, like Gecko; compatible; bingbot/2.0; +http://www.bing.com/bingbot.htm) Chrome/103.0.5060.134 Safari/537.36"
52.167.144.39 - - [06/Apr/2023:15:42:58 -0500] "GET /css/tooltip.css HTTP/1.1" 200 2300 "-" "Mozilla/5.0 AppleWebKit/537.36 (KHTML, like Gecko; compatible; bingbot/2.0; +http://www.bing.com/bingbot.htm) Chrome/103.0.5060.134 Safari/537.36"
66.249.70.114 - - [06/Apr/2023:15:43:41 -0500] "GET / HTTP/1.1" 200 13874 "-" "Mozilla/5.0 (compatible; Googlebot/2.1; +http://www.google.com/bot.html)"
47.12.19.6 - - [06/Apr/2023:15:47:06 -0500] "GET / HTTP/1.1" 200 13970 "-" "Mozilla/5.0 (Windows NT 10.0; Win64; x64; rv:109.0) Gecko/20100101 Firefox/111.0"
47.12.19.6 - - [06/Apr/2023:15:47:07 -0500] "GET /JimMartinson/ HTTP/1.1" 200 8663 "https://cst.ridgewater.edu/" "Mozilla/5.0 (Windows NT 10.0; Win64; x64; rv:109.0) Gecko/20100101 Firefox/111.0"
47.12.19.6 - - [06/Apr/2023:15:47:07 -0500] "GET /images/JimMartinson100.jpg HTTP/1.1" 200 16680 "https://cst.ridgewater.edu/JimMartinson/" "Mozilla/5.0 (Windows NT 10.0; Win64; x64; rv:109.0) Gecko/20100101 Firefox/111.0"
47.12.19.6 - - [06/Apr/2023:15:47:09 -0500] "GET /JimMartinson/CST1600/ HTTP/1.1" 200 8046 "https://cst.ridgewater.edu/JimMartinson/" "Mozilla/5.0 (Windows NT 10.0; Win64; x64; rv:109.0) Gecko/20100101 Firefox/111.0"
47.12.19.6 - - [06/Apr/2023:15:47:09 -0500] "GET /css/printing.css HTTP/1.1" 200 5910 "https://cst.ridgewater.edu/JimMartinson/CST1600/" "Mozilla/5.0 (Windows NT 10.0; Win64; x64; rv:109.0) Gecko/20100101 Firefox/111.0"
47.12.19.6 - - [06/Apr/2023:15:47:11 -0500] "GET /JimMartinson/CST1600/?Assignments HTTP/1.1" 200 25519 "https://cst.ridgewater.edu/JimMartinson/CST1600/" "Mozilla/5.0 (Windows NT 10.0; Win64; x64; rv:109.0) Gecko/20100101 Firefox/111.0"
134.29.173.75 - - [06/Apr/2023:15:49:42 -0500] "GET /JimMartinson/CST1600/Labs/Lab08/ HTTP/1.1" 200 28888 "https://cst.ridgewater.edu/JimMartinson/CST1600/?Assignments" "Mozilla/5.0 (Windows NT 10.0; Win64; x64) AppleWebKit/537.36 (KHTML, like Gecko) Chrome/111.0.0.0 Safari/537.36"
216.244.66.230 - - [06/Apr/2023:15:52:29 -0500] "GET /robots.txt HTTP/1.1" 301 185 "-" "Mozilla/5.0 (compatible; DotBot/1.2; +https://opensiteexplorer.org/dotbot; help@moz.com)"
216.244.66.230 - - [06/Apr/2023:15:52:29 -0500] "GET /robots.txt HTTP/1.1" 404 169 "-" "Mozilla/5.0 (compatible; DotBot/1.2; +https://opensiteexplorer.org/dotbot; help@moz.com)"
134.29.173.75 - - [06/Apr/2023:15:52:59 -0500] "GET /JimMartinson/CST1600/Labs/Lab08/ HTTP/1.1" 200 30102 "https://cst.ridgewater.edu/JimMartinson/CST1600/?Assignments" "Mozilla/5.0 (Windows NT 10.0; Win64; x64) AppleWebKit/537.36 (KHTML, like Gecko) Chrome/111.0.0.0 Safari/537.36"
107.170.238.9 - - [06/Apr/2023:15:53:06 -0500] "MGLNDD_134.29.175.74_443" 400 173 "-" "-"
66.249.70.112 - - [06/Apr/2023:15:54:31 -0500] "GET /ads.txt HTTP/1.1" 301 185 "-" "Mozilla/5.0 (compatible; Googlebot/2.1; +http://www.google.com/bot.html)"
66.249.70.116 - - [06/Apr/2023:15:54:32 -0500] "GET /ads.txt HTTP/1.1" 404 169 "-" "Mozilla/5.0 (compatible; Googlebot/2.1; +http://www.google.com/bot.html)"
134.29.173.75 - - [06/Apr/2023:15:58:16 -0500] "GET /JimMartinson/CST1600/Labs/Lab08/ HTTP/1.1" 200 30446 "https://cst.ridgewater.edu/JimMartinson/CST1600/?Assignments" "Mozilla/5.0 (Windows NT 10.0; Win64; x64) AppleWebKit/537.36 (KHTML, like Gecko) Chrome/111.0.0.0 Safari/537.36"
134.29.173.75 - - [06/Apr/2023:16:01:26 -0500] "GET /JimMartinson/CST1600/Labs/Lab08/ HTTP/1.1" 200 31131 "https://cst.ridgewater.edu/JimMartinson/CST1600/?Assignments" "Mozilla/5.0 (Windows NT 10.0; Win64; x64) AppleWebKit/537.36 (KHTML, like Gecko) Chrome/111.0.0.0 Safari/537.36"
134.29.173.75 - - [06/Apr/2023:16:02:46 -0500] "GET /JimMartinson/CST1600/Labs/Lab08/ HTTP/1.1" 200 31179 "https://cst.ridgewater.edu/JimMartinson/CST1600/?Assignments" "Mozilla/5.0 (Windows NT 10.0; Win64; x64) AppleWebKit/537.36 (KHTML, like Gecko) Chrome/111.0.0.0 Safari/537.36"
134.29.173.75 - - [06/Apr/2023:16:03:16 -0500] "GET /JimMartinson/CST1600/Labs/Lab08/ HTTP/1.1" 200 31181 "https://cst.ridgewater.edu/JimMartinson/CST1600/?Assignments" "Mozilla/5.0 (Windows NT 10.0; Win64; x64) AppleWebKit/537.36 (KHTML, like Gecko) Chrome/111.0.0.0 Safari/537.36"
134.29.173.75 - - [06/Apr/2023:16:04:20 -0500] "GET /JimMartinson/CST1600/Labs/Lab08/ HTTP/1.1" 200 31226 "https://cst.ridgewater.edu/JimMartinson/CST1600/?Assignments" "Mozilla/5.0 (Windows NT 10.0; Win64; x64) AppleWebKit/537.36 (KHTML, like Gecko) Chrome/111.0.0.0 Safari/537.36"
216.244.66.230 - - [06/Apr/2023:16:04:29 -0500] "GET /JimMartinson/CST2881/Resources/ HTTP/1.1" 200 482 "-" "Mozilla/5.0 (compatible; DotBot/1.2; +https://opensiteexplorer.org/dotbot; help@moz.com)"
134.29.173.75 - - [06/Apr/2023:16:05:22 -0500] "GET /JimMartinson/CST1600/Labs/Lab08/ HTTP/1.1" 200 31270 "https://cst.ridgewater.edu/JimMartinson/CST1600/?Assignments" "Mozilla/5.0 (Windows NT 10.0; Win64; x64) AppleWebKit/537.36 (KHTML, like Gecko) Chrome/111.0.0.0 Safari/537.36"
134.29.173.75 - - [06/Apr/2023:16:06:13 -0500] "GET /JimMartinson/CST1600/Labs/Lab08/ HTTP/1.1" 200 31269 "https://cst.ridgewater.edu/JimMartinson/CST1600/?Assignments" "Mozilla/5.0 (Windows NT 10.0; Win64; x64) AppleWebKit/537.36 (KHTML, like Gecko) Chrome/111.0.0.0 Safari/537.36"
51.222.253.14 - - [06/Apr/2023:16:07:09 -0500] "GET /JimMartinson/CST1146/Resources/Examples/Week/16/vendor/symfony/http-kernel/Bundle/Bundle.php HTTP/1.1" 200 278 "-" "Mozilla/5.0 (compatible; AhrefsBot/7.0; +http://ahrefs.com/robot/)"
203.161.32.143 - - [06/Apr/2023:16:08:32 -0500] "GET /remote/login HTTP/1.1" 404 169 "-" "-"
134.29.173.75 - - [06/Apr/2023:16:08:33 -0500] "GET /JimMartinson/CST1600/Labs/Lab07/ HTTP/1.1" 200 44624 "https://cst.ridgewater.edu/JimMartinson/CST1600/?Assignments" "Mozilla/5.0 (Windows NT 10.0; Win64; x64) AppleWebKit/537.36 (KHTML, like Gecko) Chrome/111.0.0.0 Safari/537.36"
141.147.99.54 - - [06/Apr/2023:16:08:52 -0500] "GET /JimMartinson/CST2146/Resources/php.ini HTTP/1.1" 404 571 "-" "Mozilla/5.0 (Macintosh; Intel Mac OS X 10_15_7) AppleWebKit/537.36 (KHTML, like Gecko) Chrome/101.0.4951.54 Safari/537.36"
108.142.247.219 - - [06/Apr/2023:16:09:03 -0500] "GET /wp-content/plugins/ioptimization/IOptimize.php?rchk HTTP/1.1" 301 185 "-" "Mozilla/5.0 (Linux; Android 11; M2010J19SI) AppleWebKit/537.36 (KHTML, like Gecko) Chrome/109.0.0.0 Mobile Safari/537.36"
108.142.247.219 - - [06/Apr/2023:16:09:04 -0500] "GET /wp-content/plugins/ioptimization/IOptimize.php?rchk HTTP/1.1" 404 36 "-" "Mozilla/5.0 (Linux; Android 11; M2010J19SI) AppleWebKit/537.36 (KHTML, like Gecko) Chrome/109.0.0.0 Mobile Safari/537.36"
108.142.247.219 - - [06/Apr/2023:16:09:05 -0500] "GET /wp-content/plugins/seoplugins/mar.php HTTP/1.1" 301 185 "-" "Mozilla/5.0 (Linux; Android 11; M2010J19SI) AppleWebKit/537.36 (KHTML, like Gecko) Chrome/109.0.0.0 Mobile Safari/537.36"
108.142.247.219 - - [06/Apr/2023:16:09:05 -0500] "GET /wp-content/plugins/seoplugins/mar.php HTTP/1.1" 404 36 "-" "Mozilla/5.0 (Linux; Android 11; M2010J19SI) AppleWebKit/537.36 (KHTML, like Gecko) Chrome/109.0.0.0 Mobile Safari/537.36"
108.142.247.219 - - [06/Apr/2023:16:09:06 -0500] "GET /wp-content/themes/seotheme/mar.php HTTP/1.1" 301 185 "-" "Mozilla/5.0 (Linux; Android 11; M2010J19SI) AppleWebKit/537.36 (KHTML, like Gecko) Chrome/109.0.0.0 Mobile Safari/537.36"
108.142.247.219 - - [06/Apr/2023:16:09:06 -0500] "GET /wp-content/themes/seotheme/mar.php HTTP/1.1" 404 36 "-" "Mozilla/5.0 (Linux; Android 11; M2010J19SI) AppleWebKit/537.36 (KHTML, like Gecko) Chrome/109.0.0.0 Mobile Safari/537.36"
108.142.247.219 - - [06/Apr/2023:16:09:07 -0500] "GET /index.php?3x=3x HTTP/1.1" 301 185 "-" "Mozilla/5.0 (Linux; Android 11; M2010J19SI) AppleWebKit/537.36 (KHTML, like Gecko) Chrome/109.0.0.0 Mobile Safari/537.36"
108.142.247.219 - - [06/Apr/2023:16:09:08 -0500] "GET /index.php?3x=3x HTTP/1.1" 200 13876 "-" "Mozilla/5.0 (Linux; Android 11; M2010J19SI) AppleWebKit/537.36 (KHTML, like Gecko) Chrome/109.0.0.0 Mobile Safari/537.36"
108.142.247.219 - - [06/Apr/2023:16:09:08 -0500] "GET /wp-content/themes/pridmag/db.php?u HTTP/1.1" 301 185 "-" "Mozilla/5.0 (Linux; Android 11; M2010J19SI) AppleWebKit/537.36 (KHTML, like Gecko) Chrome/109.0.0.0 Mobile Safari/537.36"
108.142.247.219 - - [06/Apr/2023:16:09:08 -0500] "GET /wp-content/themes/pridmag/db.php?u HTTP/1.1" 404 36 "-" "Mozilla/5.0 (Linux; Android 11; M2010J19SI) AppleWebKit/537.36 (KHTML, like Gecko) Chrome/109.0.0.0 Mobile Safari/537.36"
108.142.247.219 - - [06/Apr/2023:16:09:09 -0500] "GET /wp-content/plugins/ccx/index.php HTTP/1.1" 301 185 "-" "Mozilla/5.0 (Linux; Android 11; M2010J19SI) AppleWebKit/537.36 (KHTML, like Gecko) Chrome/109.0.0.0 Mobile Safari/537.36"
108.142.247.219 - - [06/Apr/2023:16:09:09 -0500] "GET /wp-content/plugins/ccx/index.php HTTP/1.1" 404 36 "-" "Mozilla/5.0 (Linux; Android 11; M2010J19SI) AppleWebKit/537.36 (KHTML, like Gecko) Chrome/109.0.0.0 Mobile Safari/537.36"
51.222.253.10 - - [06/Apr/2023:16:09:13 -0500] "GET /JimMartinson/CST1146/Resources/Examples/Week/16/vendor/symfony/css-selector/Node/ HTTP/1.1" 200 1776 "-" "Mozilla/5.0 (compatible; AhrefsBot/7.0; +http://ahrefs.com/robot/)"
134.29.173.75 - - [06/Apr/2023:16:09:14 -0500] "GET /JimMartinson/CST1600/Labs/Lab08/ HTTP/1.1" 200 29601 "https://cst.ridgewater.edu/JimMartinson/CST1600/?Assignments" "Mozilla/5.0 (Windows NT 10.0; Win64; x64) AppleWebKit/537.36 (KHTML, like Gecko) Chrome/111.0.0.0 Safari/537.36"
134.29.173.75 - - [06/Apr/2023:16:09:35 -0500] "GET /JimMartinson/CST1600/Labs/Lab08/ HTTP/1.1" 200 29369 "https://cst.ridgewater.edu/JimMartinson/CST1600/?Assignments" "Mozilla/5.0 (Windows NT 10.0; Win64; x64) AppleWebKit/537.36 (KHTML, like Gecko) Chrome/111.0.0.0 Safari/537.36"
134.29.173.75 - - [06/Apr/2023:16:09:49 -0500] "GET /JimMartinson/CST1600/?Assignments HTTP/1.1" 200 24110 "https://cst.ridgewater.edu/JimMartinson/CST1600/Labs/Lab08/" "Mozilla/5.0 (Windows NT 10.0; Win64; x64) AppleWebKit/537.36 (KHTML, like Gecko) Chrome/111.0.0.0 Safari/537.36"
134.29.173.75 - - [06/Apr/2023:16:09:53 -0500] "GET /JimMartinson/CST1600/Labs/Lab09/ HTTP/1.1" 200 34221 "https://cst.ridgewater.edu/JimMartinson/CST1600/?Assignments" "Mozilla/5.0 (Windows NT 10.0; Win64; x64) AppleWebKit/537.36 (KHTML, like Gecko) Chrome/111.0.0.0 Safari/537.36"
134.29.173.75 - - [06/Apr/2023:16:09:59 -0500] "GET /JimMartinson/CST1600/Schedule/ HTTP/1.1" 200 62049 "https://cst.ridgewater.edu/JimMartinson/CST1600/?Assignments" "Mozilla/5.0 (Windows NT 10.0; Win64; x64) AppleWebKit/537.36 (KHTML, like Gecko) Chrome/111.0.0.0 Safari/537.36"
134.29.173.75 - - [06/Apr/2023:16:10:12 -0500] "GET /JimMartinson/CST1600/?ClassRoster HTTP/1.1" 200 27420 "https://cst.ridgewater.edu/JimMartinson/CST1600/Schedule/" "Mozilla/5.0 (Windows NT 10.0; Win64; x64) AppleWebKit/537.36 (KHTML, like Gecko) Chrome/111.0.0.0 Safari/537.36"
40.77.167.98 - - [06/Apr/2023:16:12:37 -0500] "GET /jimmartinson/cst1025/resources/computernetworks/search.html?area=default&check_keywords=yes&q=2022 HTTP/1.1" 404 571 "-" "Mozilla/5.0 AppleWebKit/537.36 (KHTML, like Gecko; compatible; bingbot/2.0; +http://www.bing.com/bingbot.htm) Chrome/103.0.5060.134 Safari/537.36"
193.32.162.159 - - [06/Apr/2023:16:17:12 -0500] "GET / HTTP/1.1" 301 185 "-" "Mozilla/5.0 (Windows NT 10.0; Win64; x64) AppleWebKit/537.36 (KHTML, like Gecko) Chrome/90.0.4430.85 Safari/537.36 Edg/90.0.818.46"
65.21.232.254 - - [06/Apr/2023:16:17:19 -0500] "GET /robots.txt HTTP/1.1" 404 169 "-" "Mozilla/5.0 (compatible; MJ12bot/v1.4.8; http://mj12bot.com/)"
65.21.232.254 - - [06/Apr/2023:16:17:21 -0500] "GET /Zoom/ HTTP/1.1" 200 6546 "-" "Mozilla/5.0 (compatible; MJ12bot/v1.4.8; http://mj12bot.com/)"
176.113.115.51 - - [06/Apr/2023:16:17:45 -0500] "GET /api/v1" 404 169 "-" "-"
36.99.136.136 - - [06/Apr/2023:16:18:23 -0500] "HEAD /vmware/downloads/VMware-VMRC-10.0.3-9300449.exe HTTP/1.1" 301 0 "-" "-"
52.167.144.79 - - [06/Apr/2023:16:18:43 -0500] "GET /JimMartinson/CST1600/Resources/Notes/Archive/20200218.txt HTTP/1.1" 200 765 "-" "Mozilla/5.0 AppleWebKit/537.36 (KHTML, like Gecko; compatible; bingbot/2.0; +http://www.bing.com/bingbot.htm) Chrome/103.0.5060.134 Safari/537.36"
134.29.173.75 - - [06/Apr/2023:16:18:59 -0500] "GET /JimMartinson/CST1600/Labs/Lab0/ HTTP/1.1" 404 571 "-" "Mozilla/5.0 (Windows NT 10.0; Win64; x64) AppleWebKit/537.36 (KHTML, like Gecko) Chrome/111.0.0.0 Safari/537.36"
134.29.173.75 - - [06/Apr/2023:16:19:07 -0500] "GET /JimMartinson/CST1600/Labs/Lab09/ HTTP/1.1" 200 34161 "-" "Mozilla/5.0 (Windows NT 10.0; Win64; x64) AppleWebKit/537.36 (KHTML, like Gecko) Chrome/111.0.0.0 Safari/537.36"
220.181.108.114 - - [06/Apr/2023:16:20:22 -0500] "GET / HTTP/1.1" 200 13876 "-" "Mozilla/5.0 (compatible; Baiduspider/2.0; +http://www.baidu.com/search/spider.html)"
220.181.51.90 - - [06/Apr/2023:16:20:23 -0500] "GET /robots.txt HTTP/1.1" 301 185 "-" "Mozilla/5.0 (Windows NT 10.0; WOW64) AppleWebKit/537.36 (KHTML, like Gecko) Chrome/48.0.2564.116 Safari/537.36"
116.179.37.99 - - [06/Apr/2023:16:20:23 -0500] "GET /js/debug.js HTTP/1.1" 200 10968 "https://cst.ridgewater.edu/" "Mozilla/5.0 (compatible; Baiduspider-render/2.0; +http://www.baidu.com/search/spider.html)"
116.179.37.213 - - [06/Apr/2023:16:20:23 -0500] "GET /js/CollapsibleLists.js HTTP/1.1" 200 1018 "https://cst.ridgewater.edu/" "Mozilla/5.0 (compatible; Baiduspider-render/2.0; +http://www.baidu.com/search/spider.html)"
116.179.37.79 - - [06/Apr/2023:16:20:23 -0500] "GET /js/CST.js HTTP/1.1" 200 12394 "https://cst.ridgewater.edu/" "Mozilla/5.0 (compatible; Baiduspider-render/2.0; +http://www.baidu.com/search/spider.html)"
116.179.37.169 - - [06/Apr/2023:16:20:23 -0500] "GET /js/div.js HTTP/1.1" 200 7433 "https://cst.ridgewater.edu/" "Mozilla/5.0 (compatible; Baiduspider-render/2.0; +http://www.baidu.com/search/spider.html)"
116.179.37.107 - - [06/Apr/2023:16:20:23 -0500] "GET /js/tooltip.js HTTP/1.1" 200 13962 "https://cst.ridgewater.edu/" "Mozilla/5.0 (compatible; Baiduspider-render/2.0; +http://www.baidu.com/search/spider.html)"
220.181.51.113 - - [06/Apr/2023:16:20:24 -0500] "GET /robots.txt HTTP/1.1" 404 571 "-" "Mozilla/5.0 (Windows NT 10.0; WOW64) AppleWebKit/537.36 (KHTML, like Gecko) Chrome/48.0.2564.116 Safari/537.36"
220.181.51.88 - - [06/Apr/2023:16:20:25 -0500] "GET /robots.txt HTTP/1.1" 301 185 "-" "Mozilla/5.0 (Windows NT 10.0; WOW64) AppleWebKit/537.36 (KHTML, like Gecko) Chrome/48.0.2564.116 Safari/537.36"
220.181.51.120 - - [06/Apr/2023:16:20:26 -0500] "GET /robots.txt HTTP/1.1" 404 571 "-" "Mozilla/5.0 (Windows NT 10.0; WOW64) AppleWebKit/537.36 (KHTML, like Gecko) Chrome/48.0.2564.116 Safari/537.36"
116.179.33.85 - - [06/Apr/2023:16:20:38 -0500] "GET /robots.txt HTTP/1.1" 301 185 "-" "Mozilla/5.0 (Windows NT 10.0; WOW64) AppleWebKit/537.36 (KHTML, like Gecko) Chrome/48.0.2564.116 Safari/537.36"
116.179.33.10 - - [06/Apr/2023:16:20:39 -0500] "GET /robots.txt HTTP/1.1" 404 571 "-" "Mozilla/5.0 (Windows NT 10.0; WOW64) AppleWebKit/537.36 (KHTML, like Gecko) Chrome/48.0.2564.116 Safari/537.36"
47.225.249.182 - - [06/Apr/2023:16:22:13 -0500] "POST /JimMartinson/CST1021/Labs/Lab07/ HTTP/1.1" 200 37537 "https://cst.ridgewater.edu/JimMartinson/CST1021/Labs/Lab07/" "Mozilla/5.0 (Windows NT 10.0; Win64; x64; rv:109.0) Gecko/20100101 Firefox/111.0"
47.225.249.182 - - [06/Apr/2023:16:22:13 -0500] "GET /js/colorCode.js HTTP/1.1" 304 0 "https://cst.ridgewater.edu/JimMartinson/CST1021/Labs/Lab07/" "Mozilla/5.0 (Windows NT 10.0; Win64; x64; rv:109.0) Gecko/20100101 Firefox/111.0"
47.225.249.182 - - [06/Apr/2023:16:22:16 -0500] "GET /JimMartinson/CST1021/Labs/Lab07/?Logout HTTP/1.1" 302 5 "https://cst.ridgewater.edu/JimMartinson/CST1021/Labs/Lab07/" "Mozilla/5.0 (Windows NT 10.0; Win64; x64; rv:109.0) Gecko/20100101 Firefox/111.0"
47.225.249.182 - - [06/Apr/2023:16:22:17 -0500] "GET / HTTP/1.1" 200 13875 "https://cst.ridgewater.edu/JimMartinson/CST1021/Labs/Lab07/" "Mozilla/5.0 (Windows NT 10.0; Win64; x64; rv:109.0) Gecko/20100101 Firefox/111.0"
128.1.248.26 - - [06/Apr/2023:16:22:50 -0500] "GET / HTTP/1.1" 200 13873 "-" "Mozilla/5.0 (Windows NT 10.0; Win64; x64) AppleWebKit/537.36 (KHTML, like Gecko) Chrome/60.0.3112.113 Safari/537.36"
134.29.173.75 - - [06/Apr/2023:16:23:41 -0500] "GET /JimMartinson/CST1600/Labs/Lab09/ HTTP/1.1" 200 35066 "-" "Mozilla/5.0 (Windows NT 10.0; Win64; x64) AppleWebKit/537.36 (KHTML, like Gecko) Chrome/111.0.0.0 Safari/537.36"
103.204.210.57 - - [06/Apr/2023:16:24:16 -0500] "GET //.env HTTP/1.1" 404 169 "-" "Mozilla/5.0 (Macintosh; Intel Mac OS X 10.15; rv:77.0) Gecko/20100101 Firefox/77.0"
103.204.210.57 - - [06/Apr/2023:16:24:20 -0500] "GET //wp-content/ HTTP/1.1" 404 169 "-" "Mozilla/5.0 (Macintosh; Intel Mac OS X 10.15; rv:77.0) Gecko/20100101 Firefox/77.0"
134.29.173.75 - - [06/Apr/2023:16:25:30 -0500] "GET /JimMartinson/CST1600/Labs/Lab09/ HTTP/1.1" 200 35100 "-" "Mozilla/5.0 (Windows NT 10.0; Win64; x64) AppleWebKit/537.36 (KHTML, like Gecko) Chrome/111.0.0.0 Safari/537.36"
134.29.173.75 - - [06/Apr/2023:16:27:30 -0500] "GET /JimMartinson/CST1600/Labs/Lab09/ HTTP/1.1" 200 35229 "-" "Mozilla/5.0 (Windows NT 10.0; Win64; x64) AppleWebKit/537.36 (KHTML, like Gecko) Chrome/111.0.0.0 Safari/537.36"
134.29.173.75 - - [06/Apr/2023:16:28:56 -0500] "GET /JimMartinson/CST1600/Labs/Lab09/ HTTP/1.1" 200 35289 "https://cst.ridgewater.edu/JimMartinson/CST1600/?Assignments" "Mozilla/5.0 (Windows NT 10.0; Win64; x64) AppleWebKit/537.36 (KHTML, like Gecko) Chrome/111.0.0.0 Safari/537.36"
61.0.12.53 - - [06/Apr/2023:16:29:11 -0500] "GET / HTTP/1.1" 301 185 "-" "Mozilla/5.0 (Windows NT 10.0; WOW64) AppleWebKit/537.36 (KHTML, like Gecko) Chrome/51.0.2704.103 Safari/537.36"
134.29.173.75 - - [06/Apr/2023:16:30:49 -0500] "GET /JimMartinson/CST1600/Labs/Lab09/ HTTP/1.1" 200 35136 "https://cst.ridgewater.edu/JimMartinson/CST1600/?Assignments" "Mozilla/5.0 (Windows NT 10.0; Win64; x64) AppleWebKit/537.36 (KHTML, like Gecko) Chrome/111.0.0.0 Safari/537.36"
167.94.145.57 - - [06/Apr/2023:16:33:08 -0500] "GET / HTTP/1.1" 200 13874 "-" "-"
167.94.145.57 - - [06/Apr/2023:16:33:09 -0500] "GET / HTTP/1.1" 200 13874 "-" "Mozilla/5.0 (compatible; CensysInspect/1.1; +https://about.censys.io/)"
167.94.145.57 - - [06/Apr/2023:16:33:10 -0500] "PRI * HTTP/2.0" 400 173 "-" "-"
167.94.145.57 - - [06/Apr/2023:16:33:10 -0500] "GET /favicon.ico HTTP/1.1" 200 2238 "-" "Mozilla/5.0 (compatible; CensysInspect/1.1; +https://about.censys.io/)"
134.29.173.75 - - [06/Apr/2023:16:33:54 -0500] "GET /JimMartinson/CST1600/Labs/Lab09/ HTTP/1.1" 200 35180 "https://cst.ridgewater.edu/JimMartinson/CST1600/?Assignments" "Mozilla/5.0 (Windows NT 10.0; Win64; x64) AppleWebKit/537.36 (KHTML, like Gecko) Chrome/111.0.0.0 Safari/537.36"
179.43.177.242 - - [06/Apr/2023:16:34:11 -0500] "POST /boaform/admin/formLogin HTTP/1.1" 301 185 "http://134.29.175.74:80/admin/login.asp" "Mozilla/5.0 (X11; Ubuntu; Linux x86_64; rv:71.0) Gecko/20100101 Firefox/71.0"
179.43.177.242 - - [06/Apr/2023:16:34:12 -0500] "" 400 0 "-" "-"
134.29.173.75 - - [06/Apr/2023:16:34:17 -0500] "GET /JimMartinson/CST1600/Labs/Lab09/ HTTP/1.1" 200 35186 "https://cst.ridgewater.edu/JimMartinson/CST1600/?Assignments" "Mozilla/5.0 (Windows NT 10.0; Win64; x64) AppleWebKit/537.36 (KHTML, like Gecko) Chrome/111.0.0.0 Safari/537.36"
134.29.173.75 - - [06/Apr/2023:16:34:43 -0500] "GET /JimMartinson/CST1600/Labs/Lab09/ HTTP/1.1" 200 34595 "https://cst.ridgewater.edu/JimMartinson/CST1600/?Assignments" "Mozilla/5.0 (Windows NT 10.0; Win64; x64) AppleWebKit/537.36 (KHTML, like Gecko) Chrome/111.0.0.0 Safari/537.36"
52.167.144.96 - - [06/Apr/2023:16:36:20 -0500] "GET /jeffpolman/CST2840/resources/presentations/wireless-mod7-Antennas.ppt HTTP/1.1" 301 185 "-" "Mozilla/5.0 AppleWebKit/537.36 (KHTML, like Gecko; compatible; bingbot/2.0; +http://www.bing.com/bingbot.htm) Chrome/103.0.5060.134 Safari/537.36"
134.29.173.75 - - [06/Apr/2023:16:40:20 -0500] "GET /JimMartinson/CST1600/Labs/Lab09/ HTTP/1.1" 200 35052 "https://cst.ridgewater.edu/JimMartinson/CST1600/?Assignments" "Mozilla/5.0 (Windows NT 10.0; Win64; x64) AppleWebKit/537.36 (KHTML, like Gecko) Chrome/111.0.0.0 Safari/537.36"
134.29.173.75 - - [06/Apr/2023:16:40:56 -0500] "GET /JimMartinson/CST1600/Labs/Lab09/ HTTP/1.1" 200 35044 "https://cst.ridgewater.edu/JimMartinson/CST1600/?Assignments" "Mozilla/5.0 (Windows NT 10.0; Win64; x64) AppleWebKit/537.36 (KHTML, like Gecko) Chrome/111.0.0.0 Safari/537.36"
66.249.70.116 - - [06/Apr/2023:16:41:50 -0500] "GET / HTTP/1.1" 200 13874 "-" "Mozilla/5.0 (compatible; Googlebot/2.1; +http://www.google.com/bot.html)"
134.29.173.75 - - [06/Apr/2023:16:42:37 -0500] "GET /JimMartinson/CST1600/Labs/Lab09/ HTTP/1.1" 200 35047 "https://cst.ridgewater.edu/JimMartinson/CST1600/?Assignments" "Mozilla/5.0 (Windows NT 10.0; Win64; x64) AppleWebKit/537.36 (KHTML, like Gecko) Chrome/111.0.0.0 Safari/537.36"
134.29.173.75 - - [06/Apr/2023:16:43:24 -0500] "GET /JimMartinson/CST1600/?Assignments HTTP/1.1" 200 24110 "https://cst.ridgewater.edu/JimMartinson/CST1600/Labs/Lab09/" "Mozilla/5.0 (Windows NT 10.0; Win64; x64) AppleWebKit/537.36 (KHTML, like Gecko) Chrome/111.0.0.0 Safari/537.36"
134.29.173.75 - - [06/Apr/2023:16:43:26 -0500] "GET /JimMartinson/CST1600/Labs/Lab07/ HTTP/1.1" 200 44624 "https://cst.ridgewater.edu/JimMartinson/CST1600/?Assignments" "Mozilla/5.0 (Windows NT 10.0; Win64; x64) AppleWebKit/537.36 (KHTML, like Gecko) Chrome/111.0.0.0 Safari/537.36"
134.29.173.75 - - [06/Apr/2023:16:44:36 -0500] "GET /JimMartinson/CST1600/Labs/Lab08/ HTTP/1.1" 200 29369 "https://cst.ridgewater.edu/JimMartinson/CST1600/?Assignments" "Mozilla/5.0 (Windows NT 10.0; Win64; x64) AppleWebKit/537.36 (KHTML, like Gecko) Chrome/111.0.0.0 Safari/537.36"
134.29.173.75 - - [06/Apr/2023:16:45:05 -0500] "GET /JimMartinson/CST1611/Schedule/ HTTP/1.1" 200 40210 "-" "Mozilla/5.0 (Windows NT 10.0; Win64; x64) AppleWebKit/537.36 (KHTML, like Gecko) Chrome/111.0.0.0 Safari/537.36"
134.29.173.75 - - [06/Apr/2023:16:45:14 -0500] "GET /JimMartinson/ HTTP/1.1" 200 9519 "-" "Mozilla/5.0 (Windows NT 10.0; Win64; x64) AppleWebKit/537.36 (KHTML, like Gecko) Chrome/111.0.0.0 Safari/537.36"
134.29.173.75 - - [06/Apr/2023:16:45:18 -0500] "GET /JimMartinson/CST2146/ HTTP/1.1" 200 8302 "https://cst.ridgewater.edu/JimMartinson/" "Mozilla/5.0 (Windows NT 10.0; Win64; x64) AppleWebKit/537.36 (KHTML, like Gecko) Chrome/111.0.0.0 Safari/537.36"
134.29.173.75 - - [06/Apr/2023:16:45:20 -0500] "GET /JimMartinson/CST2146/?Assignments HTTP/1.1" 200 16016 "https://cst.ridgewater.edu/JimMartinson/CST2146/" "Mozilla/5.0 (Windows NT 10.0; Win64; x64) AppleWebKit/537.36 (KHTML, like Gecko) Chrome/111.0.0.0 Safari/537.36"
216.244.66.230 - - [06/Apr/2023:16:45:22 -0500] "GET /robots.txt HTTP/1.1" 301 185 "-" "Mozilla/5.0 (compatible; DotBot/1.2; +https://opensiteexplorer.org/dotbot; help@moz.com)"
134.29.173.75 - - [06/Apr/2023:16:45:23 -0500] "GET /JimMartinson/CST2146/Labs/Lab01/ HTTP/1.1" 200 34897 "https://cst.ridgewater.edu/JimMartinson/CST2146/?Assignments" "Mozilla/5.0 (Windows NT 10.0; Win64; x64) AppleWebKit/537.36 (KHTML, like Gecko) Chrome/111.0.0.0 Safari/537.36"
134.29.173.75 - - [06/Apr/2023:16:45:23 -0500] "GET /JimMartinson/CST2146/Labs/Lab01/Lab01.js HTTP/1.1" 304 0 "https://cst.ridgewater.edu/JimMartinson/CST2146/Labs/Lab01/" "Mozilla/5.0 (Windows NT 10.0; Win64; x64) AppleWebKit/537.36 (KHTML, like Gecko) Chrome/111.0.0.0 Safari/537.36"
216.244.66.230 - - [06/Apr/2023:16:45:23 -0500] "GET /robots.txt HTTP/1.1" 404 169 "-" "Mozilla/5.0 (compatible; DotBot/1.2; +https://opensiteexplorer.org/dotbot; help@moz.com)"
216.244.66.230 - - [06/Apr/2023:16:53:56 -0500] "GET /JimMartinson/CST1611/Resources/Week/04/05.conf HTTP/1.1" 200 1264 "-" "Mozilla/5.0 (compatible; DotBot/1.2; +https://opensiteexplorer.org/dotbot; help@moz.com)"
199.47.82.20 - - [06/Apr/2023:16:55:06 -0500] "GET /robots.txt HTTP/1.1" 301 185 "-" "Turnitin (https://bit.ly/2UvnfoQ)"
199.47.82.20 - - [06/Apr/2023:16:55:06 -0500] "GET /robots.txt HTTP/1.1" 404 169 "-" "Turnitin (https://bit.ly/2UvnfoQ)"
199.47.82.20 - - [06/Apr/2023:16:55:06 -0500] "GET /robots.txt HTTP/1.1" 404 169 "-" "Turnitin (https://bit.ly/2UvnfoQ)"
199.47.82.20 - - [06/Apr/2023:16:55:06 -0500] "GET /JimMartinson/CST1146/Resources/Examples/Week/16/simplehtmldom/manual/docs/api/api.md HTTP/1.1" 200 3342 "-" "Turnitin (https://bit.ly/2UvnfoQ)"
199.47.82.20 - - [06/Apr/2023:16:55:07 -0500] "GET /JimMartinson/CST1146/Resources/Examples/Week/16/simplehtmldom/manual/docs/api/constants.md HTTP/1.1" 200 644 "-" "Turnitin (https://bit.ly/2UvnfoQ)"
199.47.82.20 - - [06/Apr/2023:16:55:07 -0500] "GET /JimMartinson/CST1146/Resources/Examples/Week/16/simplehtmldom/manual/docs/api/definitions.md HTTP/1.1" 200 3613 "-" "Turnitin (https://bit.ly/2UvnfoQ)"
199.47.82.20 - - [06/Apr/2023:16:55:08 -0500] "GET /JimMartinson/CST1146/Resources/Examples/Week/16/simplehtmldom/manual/docs/api/file_get_html.md HTTP/1.1" 200 1808 "-" "Turnitin (https://bit.ly/2UvnfoQ)"
199.47.82.20 - - [06/Apr/2023:16:55:08 -0500] "GET /JimMartinson/CST1146/Resources/Examples/Week/16/simplehtmldom/manual/docs/api/simple_html_dom/ HTTP/1.1" 200 4728 "-" "Turnitin (https://bit.ly/2UvnfoQ)"
199.47.82.20 - - [06/Apr/2023:16:55:09 -0500] "GET /JimMartinson/CST1146/Resources/Examples/Week/16/simplehtmldom/manual/docs/api/simple_html_dom_node/ HTTP/1.1" 200 6853 "-" "Turnitin (https://bit.ly/2UvnfoQ)"
199.47.82.20 - - [06/Apr/2023:16:55:09 -0500] "GET /JimMartinson/CST1146/Resources/Examples/Week/16/simplehtmldom/manual/docs/api/str_get_html.md HTTP/1.1" 200 1036 "-" "Turnitin (https://bit.ly/2UvnfoQ)"
199.47.82.20 - - [06/Apr/2023:16:55:10 -0500] "GET /JimMartinson/CST1146/Resources/Examples/Week/16/simplehtmldom/manual/docs/manual/accessing-element-attributes.md HTTP/1.1" 200 1527 "-" "Turnitin (https://bit.ly/2UvnfoQ)"
199.47.82.20 - - [06/Apr/2023:16:55:10 -0500] "GET /JimMartinson/CST1146/Resources/Examples/Week/16/simplehtmldom/manual/docs/manual/adding-nodes.md HTTP/1.1" 200 3257 "-" "Turnitin (https://bit.ly/2UvnfoQ)"
199.47.82.20 - - [06/Apr/2023:16:55:11 -0500] "GET /JimMartinson/CST1146/Resources/Examples/Week/16/simplehtmldom/manual/docs/manual/creating-dom-objects.md HTTP/1.1" 200 615 "-" "Turnitin (https://bit.ly/2UvnfoQ)"
199.47.82.20 - - [06/Apr/2023:16:55:11 -0500] "GET /JimMartinson/CST1146/Resources/Examples/Week/16/simplehtmldom/manual/docs/manual/customizing-parsing-behavior.md HTTP/1.1" 200 398 "-" "Turnitin (https://bit.ly/2UvnfoQ)"
199.47.82.20 - - [06/Apr/2023:16:55:12 -0500] "GET /JimMartinson/CST1146/Resources/Examples/Week/16/simplehtmldom/manual/docs/manual/finding-html-elements.md HTTP/1.1" 200 2603 "-" "Turnitin (https://bit.ly/2UvnfoQ)"
199.47.82.20 - - [06/Apr/2023:16:55:12 -0500] "GET /JimMartinson/CST1146/Resources/Examples/Week/16/simplehtmldom/manual/docs/manual/saving-dom-objects.md HTTP/1.1" 200 324 "-" "Turnitin (https://bit.ly/2UvnfoQ)"
199.47.82.20 - - [06/Apr/2023:16:55:13 -0500] "GET /JimMartinson/CST1146/Resources/Examples/Week/16/simplehtmldom/manual/docs/manual/traversing-dom-tree.md HTTP/1.1" 200 1066 "-" "Turnitin (https://bit.ly/2UvnfoQ)"
199.47.82.20 - - [06/Apr/2023:16:55:13 -0500] "GET /JimMartinson/CST1146/Resources/Examples/Week/16/vendor/fabpot/goutte/Goutte/Client.php HTTP/1.1" 200 233 "-" "Turnitin (https://bit.ly/2UvnfoQ)"
199.47.82.20 - - [06/Apr/2023:16:55:14 -0500] "GET /JimMartinson/CST1146/Resources/Examples/Week/16/vendor/fabpot/goutte/Goutte/Resources/ HTTP/1.1" 200 453 "-" "Turnitin (https://bit.ly/2UvnfoQ)"
199.47.82.20 - - [06/Apr/2023:16:55:14 -0500] "GET /JimMartinson/CST1146/Resources/Examples/Week/16/vendor/fabpot/goutte/Goutte/Tests/ HTTP/1.1" 200 446 "-" "Turnitin (https://bit.ly/2UvnfoQ)"
199.47.82.20 - - [06/Apr/2023:16:55:15 -0500] "GET /JimMartinson/CST1146/Resources/Examples/Week/16/vendor/guzzlehttp/guzzle/src/BodySummarizer.php HTTP/1.1" 200 239 "-" "Turnitin (https://bit.ly/2UvnfoQ)"
199.47.82.20 - - [06/Apr/2023:16:55:15 -0500] "GET /JimMartinson/CST1146/Resources/Examples/Week/16/vendor/guzzlehttp/guzzle/src/BodySummarizerInterface.php HTTP/1.1" 200 5 "-" "Turnitin (https://bit.ly/2UvnfoQ)"
199.47.82.20 - - [06/Apr/2023:16:55:16 -0500] "GET /JimMartinson/CST1146/Resources/Examples/Week/16/vendor/guzzlehttp/guzzle/src/Client.php HTTP/1.1" 200 216 "-" "Turnitin (https://bit.ly/2UvnfoQ)"
199.47.82.20 - - [06/Apr/2023:16:55:16 -0500] "GET /JimMartinson/CST1146/Resources/Examples/Week/16/vendor/guzzlehttp/guzzle/src/ClientInterface.php HTTP/1.1" 200 5 "-" "Turnitin (https://bit.ly/2UvnfoQ)"
199.47.82.20 - - [06/Apr/2023:16:55:17 -0500] "GET /JimMartinson/CST1146/Resources/Examples/Week/16/vendor/guzzlehttp/guzzle/src/ClientTrait.php HTTP/1.1" 200 5 "-" "Turnitin (https://bit.ly/2UvnfoQ)"
199.47.82.20 - - [06/Apr/2023:16:55:17 -0500] "GET /JimMartinson/CST1146/Resources/Examples/Week/16/vendor/guzzlehttp/guzzle/src/Cookie/ HTTP/1.1" 200 941 "-" "Turnitin (https://bit.ly/2UvnfoQ)"
199.47.82.20 - - [06/Apr/2023:16:55:18 -0500] "GET /JimMartinson/CST1146/Resources/Examples/Week/16/vendor/guzzlehttp/guzzle/src/Exception/ HTTP/1.1" 200 1481 "-" "Turnitin (https://bit.ly/2UvnfoQ)"
199.47.82.20 - - [06/Apr/2023:16:55:18 -0500] "GET /JimMartinson/CST1146/Resources/Examples/Week/16/vendor/guzzlehttp/guzzle/src/Handler/ HTTP/1.1" 200 1426 "-" "Turnitin (https://bit.ly/2UvnfoQ)"
199.47.82.20 - - [06/Apr/2023:16:55:19 -0500] "GET /JimMartinson/CST1146/Resources/Examples/Week/16/vendor/guzzlehttp/guzzle/src/HandlerStack.php HTTP/1.1" 200 5 "-" "Turnitin (https://bit.ly/2UvnfoQ)"
199.47.82.20 - - [06/Apr/2023:16:55:19 -0500] "GET /JimMartinson/CST1146/Resources/Examples/Week/16/vendor/guzzlehttp/guzzle/src/MessageFormatter.php HTTP/1.1" 200 244 "-" "Turnitin (https://bit.ly/2UvnfoQ)"
199.47.82.20 - - [06/Apr/2023:16:55:20 -0500] "GET /JimMartinson/CST1146/Resources/Examples/Week/16/vendor/guzzlehttp/guzzle/src/MessageFormatterInterface.php HTTP/1.1" 200 5 "-" "Turnitin (https://bit.ly/2UvnfoQ)"
199.47.82.20 - - [06/Apr/2023:16:55:20 -0500] "GET /JimMartinson/CST1146/Resources/Examples/Week/16/vendor/guzzlehttp/guzzle/src/Middleware.php HTTP/1.1" 200 5 "-" "Turnitin (https://bit.ly/2UvnfoQ)"
199.47.82.20 - - [06/Apr/2023:16:55:21 -0500] "GET /JimMartinson/CST1146/Resources/Examples/Week/16/vendor/guzzlehttp/guzzle/src/Pool.php HTTP/1.1" 200 232 "-" "Turnitin (https://bit.ly/2UvnfoQ)"
199.47.82.20 - - [06/Apr/2023:16:55:21 -0500] "GET /JimMartinson/CST1146/Resources/Examples/Week/16/vendor/guzzlehttp/guzzle/src/PrepareBodyMiddleware.php HTTP/1.1" 200 5 "-" "Turnitin (https://bit.ly/2UvnfoQ)"
199.47.82.20 - - [06/Apr/2023:16:55:22 -0500] "GET /JimMartinson/CST1146/Resources/Examples/Week/16/vendor/guzzlehttp/guzzle/src/RedirectMiddleware.php HTTP/1.1" 200 5 "-" "Turnitin (https://bit.ly/2UvnfoQ)"
199.47.82.20 - - [06/Apr/2023:16:55:22 -0500] "GET /JimMartinson/CST1146/Resources/Examples/Week/16/vendor/guzzlehttp/guzzle/src/RequestOptions.php HTTP/1.1" 200 5 "-" "Turnitin (https://bit.ly/2UvnfoQ)"
199.47.82.20 - - [06/Apr/2023:16:55:23 -0500] "GET /JimMartinson/CST1146/Resources/Examples/Week/16/vendor/guzzlehttp/guzzle/src/RetryMiddleware.php HTTP/1.1" 200 5 "-" "Turnitin (https://bit.ly/2UvnfoQ)"
199.47.82.20 - - [06/Apr/2023:16:55:23 -0500] "GET /JimMartinson/CST1146/Resources/Examples/Week/16/vendor/guzzlehttp/guzzle/src/TransferStats.php HTTP/1.1" 200 5 "-" "Turnitin (https://bit.ly/2UvnfoQ)"
199.47.82.20 - - [06/Apr/2023:16:55:24 -0500] "GET /JimMartinson/CST1146/Resources/Examples/Week/16/vendor/guzzlehttp/guzzle/src/Utils.php HTTP/1.1" 200 5 "-" "Turnitin (https://bit.ly/2UvnfoQ)"
199.47.82.20 - - [06/Apr/2023:16:55:24 -0500] "GET /JimMartinson/CST1146/Resources/Examples/Week/16/vendor/guzzlehttp/guzzle/src/functions.php HTTP/1.1" 200 5 "-" "Turnitin (https://bit.ly/2UvnfoQ)"
199.47.82.20 - - [06/Apr/2023:16:55:25 -0500] "GET /JimMartinson/CST1146/Resources/Examples/Week/16/vendor/guzzlehttp/guzzle/src/functions_include.php HTTP/1.1" 200 5 "-" "Turnitin (https://bit.ly/2UvnfoQ)"
199.47.82.20 - - [06/Apr/2023:16:55:25 -0500] "GET /JimMartinson/CST1146/Resources/Examples/Week/16/vendor/guzzlehttp/promises/src/AggregateException.php HTTP/1.1" 200 244 "-" "Turnitin (https://bit.ly/2UvnfoQ)"
199.47.82.20 - - [06/Apr/2023:16:55:26 -0500] "GET /JimMartinson/CST1146/Resources/Examples/Week/16/vendor/guzzlehttp/promises/src/CancellationException.php HTTP/1.1" 200 247 "-" "Turnitin (https://bit.ly/2UvnfoQ)"
199.47.82.20 - - [06/Apr/2023:16:55:26 -0500] "GET /JimMartinson/CST1146/Resources/Examples/Week/16/vendor/guzzlehttp/promises/src/Coroutine.php HTTP/1.1" 200 238 "-" "Turnitin (https://bit.ly/2UvnfoQ)"
199.47.82.20 - - [06/Apr/2023:16:55:27 -0500] "GET /JimMartinson/CST1146/Resources/Examples/Week/16/vendor/guzzlehttp/promises/src/Create.php HTTP/1.1" 200 5 "-" "Turnitin (https://bit.ly/2UvnfoQ)"
199.47.82.20 - - [06/Apr/2023:16:55:27 -0500] "GET /JimMartinson/CST1146/Resources/Examples/Week/16/vendor/guzzlehttp/promises/src/Each.php HTTP/1.1" 200 5 "-" "Turnitin (https://bit.ly/2UvnfoQ)"
199.47.82.20 - - [06/Apr/2023:16:55:28 -0500] "GET /JimMartinson/CST1146/Resources/Examples/Week/16/vendor/guzzlehttp/promises/src/EachPromise.php HTTP/1.1" 200 240 "-" "Turnitin (https://bit.ly/2UvnfoQ)"
199.47.82.20 - - [06/Apr/2023:16:55:28 -0500] "GET /JimMartinson/CST1146/Resources/Examples/Week/16/vendor/guzzlehttp/promises/src/FulfilledPromise.php HTTP/1.1" 200 245 "-" "Turnitin (https://bit.ly/2UvnfoQ)"
199.47.82.20 - - [06/Apr/2023:16:55:29 -0500] "GET /JimMartinson/CST1146/Resources/Examples/Week/16/vendor/guzzlehttp/promises/src/Is.php HTTP/1.1" 200 5 "-" "Turnitin (https://bit.ly/2UvnfoQ)"
199.47.82.20 - - [06/Apr/2023:16:55:29 -0500] "GET /JimMartinson/CST1146/Resources/Examples/Week/16/vendor/guzzlehttp/promises/src/Promise.php HTTP/1.1" 200 236 "-" "Turnitin (https://bit.ly/2UvnfoQ)"
